{"id":631,"date":"2018-05-07T09:03:10","date_gmt":"2018-05-07T07:03:10","guid":{"rendered":"http:\/\/agora.xtec.cat\/insgurb\/?page_id=631"},"modified":"2018-09-08T18:16:29","modified_gmt":"2018-09-08T16:16:29","slug":"projecte-ecoesperanca","status":"publish","type":"page","link":"https:\/\/agora.xtec.cat\/insgurb\/projecte-educatiu\/projecte-steam\/projecte-ecoesperanca\/","title":{"rendered":"Projecte Ecoesperan\u00e7a"},"content":{"rendered":"<div><\/div>\n<p>L&#8217;Institut de Gurb va apostar des de la seva creaci\u00f3 per desenvolupar un projecte respectu\u00f3s amb l&#8217;entorn i ambientalment sostenible. \u00c9s per aix\u00f2 que el centre t\u00e9 uns principis b\u00e0sics basats en la sostenibilitat, com el de minimitzar el consum de paper i de llum i el de fomentar l&#8217;\u00fas de bicicletes, entre d&#8217;altres.<\/p>\n<p>El Projecte Sostenible de l&#8217;Institut de Gurb gira al voltant del projecte del Torrent de l&#8217;Esperan\u00e7a, que desenvolupa una s\u00e8rie d&#8217;accions per recuperar un tram del torrent que passa per darrere de l&#8217;institut. Aquest projecte es desenvolupa principalment des de dues optatives, una de primer cicle i l&#8217;altra de segon cicle, des de les quals es duen a terme diferents accions que afecten no nom\u00e9s el Torrent sin\u00f3 tamb\u00e9 l&#8217;institut. El Projecte tamb\u00e9 es refor\u00e7a des de les diferents \u00e0rees. L&#8217;\u00e0rea de ci\u00e8ncies \u00e9s la que t\u00e9 una visibilitat m\u00e9s important, per\u00f2 tamb\u00e9 s&#8217;hi han realitzat accions des d&#8217;altres mat\u00e8ries.<\/p>\n<p>La vegetaci\u00f3 de la ribera de l&#8217;Esperan\u00e7a es troba molt alterada, i hi ha zones sense, tamb\u00e9 hi ha molta pres\u00e8ncia de construccions com torres el\u00e8ctriques, ponts, el nostre institut, etc.<\/p>\n<p><img loading=\"lazy\" decoding=\"async\" class=\"CSS_LIGHTBOX_SCALED_IMAGE_IMG\" src=\"http:\/\/2.bp.blogspot.com\/-9elxT4t2be8\/TZSNlwuiPdI\/AAAAAAAAAIw\/pjTyBUnyLuY\/s320\/DSC00556.JPG\" width=\"320\" height=\"240\" \/><\/p>\n<p>Al llarg del tram estudiat, s&#8217;han detectat diversos abocaments a dins i a les vores com per exemple pl\u00e0stics, fusta, branques, runes, sorres, etc.<\/p>\n<p><img loading=\"lazy\" decoding=\"async\" class=\"CSS_LIGHTBOX_SCALED_IMAGE_IMG\" src=\"http:\/\/1.bp.blogspot.com\/-JRSLGsgFbMs\/TZSLKrA5qvI\/AAAAAAAAAIo\/tS5hciF9sKs\/s320\/DSC00581.JPG\" width=\"320\" height=\"240\" \/><\/p>\n<p>Objectius:<br \/>\nAconseguir la millora ambiental de l&#8217;entorn fluvial del Torrent de l&#8217;Esperan\u00e7a, i promoure l&#8217;\u00fas educatiu i social ordenat de l&#8217;espai recuperat.<\/p>\n<p><img loading=\"lazy\" decoding=\"async\" class=\"CSS_LIGHTBOX_SCALED_IMAGE_IMG\" src=\"http:\/\/2.bp.blogspot.com\/-TvkQBzurOGA\/TZSOjvSYSdI\/AAAAAAAAAI4\/6y1xLer5a4o\/s320\/DSC01871.JPG\" width=\"320\" height=\"240\" \/><\/p>\n<p>Plantar arbres aut\u00f2ctons de ribera, i mantenir els arbres que plantem.<\/p>\n<p><img loading=\"lazy\" decoding=\"async\" class=\"CSS_LIGHTBOX_SCALED_IMAGE_IMG\" src=\"http:\/\/1.bp.blogspot.com\/-ZuRwab_jY1Q\/TZSNDcBuunI\/AAAAAAAAAIs\/M06J7LFIW_o\/s320\/DSC01704.JPG\" width=\"320\" height=\"240\" \/><\/p>\n<p>Accions previstes:<\/p>\n<ul>\n<li>Esbrossada selectiva de bardisses<\/li>\n<li>Revegetaci\u00f3 de la zona desforestada<\/li>\n<li>Retirada abocaments runes, pl\u00e0stics&#8230;<\/li>\n<li>Construcci\u00f3 d&#8217;una bassa<\/li>\n<\/ul>\n<p><img loading=\"lazy\" decoding=\"async\" class=\"CSS_LIGHTBOX_SCALED_IMAGE_IMG\" src=\"http:\/\/3.bp.blogspot.com\/-i19SwsAbRlc\/TZSPIFNMNbI\/AAAAAAAAAI8\/aoLoEnYqYsc\/s320\/DSC00915.JPG\" width=\"320\" height=\"240\" \/><\/p>\n<ul>\n<li>Retirada de terres (recuperaci\u00f3 del perfil natural del riu)<\/li>\n<li>Redacci\u00f3 del pla de participaci\u00f3<\/li>\n<\/ul>\n<p><img loading=\"lazy\" decoding=\"async\" class=\"CSS_LIGHTBOX_SCALED_IMAGE_IMG\" src=\"http:\/\/2.bp.blogspot.com\/-Pzu8q95Srv8\/TZSP0mZcOjI\/AAAAAAAAAJA\/h5qeUGMUsYQ\/s320\/DSC01127.JPG\" width=\"320\" height=\"240\" \/><\/p>\n<ul>\n<li>Construcci\u00f3 de menjadores i caixes niu per ocells<\/li>\n<li>Construcci\u00f3 i manteniment d&#8217;un hort ecol\u00f2gic i jard\u00ed bot\u00e0nic<\/li>\n<li>Eliminaci\u00f3 de nuclis de canyes<\/li>\n<\/ul>\n<p><img loading=\"lazy\" decoding=\"async\" class=\"CSS_LIGHTBOX_SCALED_IMAGE_IMG\" src=\"http:\/\/3.bp.blogspot.com\/-z-YaQdrGOkM\/TZSQnvkRv7I\/AAAAAAAAAJE\/-qXVehYI8Lk\/s320\/DSC00907.JPG\" width=\"320\" height=\"240\" \/><\/p>\n<ul>\n<li>Senyalitzaci\u00f3 de l&#8217;itinerari<\/li>\n<li>Activitats a l&#8217;aula (classes, tallers, xerrades, exposicions alumnes)<\/li>\n<\/ul>\n<p>Tamb\u00e9 jard\u00ed:<\/p>\n<p><img loading=\"lazy\" decoding=\"async\" class=\"\" src=\"http:\/\/institutdegurb.cat\/pluginfile.php\/15\/mod_forum\/post\/1043\/DSC03794.JPG\" width=\"327\" height=\"184\" \/><\/p>\n<p>i hort:<\/p>\n<p><img loading=\"lazy\" decoding=\"async\" class=\"\" src=\"http:\/\/institutdegurb.cat\/pluginfile.php\/15\/mod_forum\/attachment\/1052\/DSC_0016.JPG\" width=\"326\" height=\"183\" \/><\/p>\n","protected":false},"excerpt":{"rendered":"<p>L&#8217;Institut de Gurb va apostar des de la seva creaci\u00f3 per desenvolupar un projecte respectu\u00f3s amb l&#8217;entorn i ambientalment sostenible. \u00c9s per aix\u00f2 que el centre t\u00e9 uns principis b\u00e0sics basats en la sostenibilitat, com el de minimitzar el consum de paper i de llum&hellip;  <a href=\"https:\/\/agora.xtec.cat\/insgurb\/projecte-educatiu\/projecte-steam\/projecte-ecoesperanca\/\" title=\"Read Projecte Ecoesperan\u00e7a\">Llegeix m\u00e9s\u00bb<\/a><\/p>\n","protected":false},"author":1,"featured_media":0,"parent":629,"menu_order":0,"comment_status":"closed","ping_status":"closed","template":"","meta":{"_bbp_topic_count":0,"_bbp_reply_count":0,"_bbp_total_topic_count":0,"_bbp_total_reply_count":0,"_bbp_voice_count":0,"_bbp_anonymous_reply_count":0,"_bbp_topic_count_hidden":0,"_bbp_reply_count_hidden":0,"_bbp_forum_subforum_count":0,"footnotes":""},"class_list":["post-631","page","type-page","status-publish","hentry"],"post_mailing_queue_ids":[],"_links":{"self":[{"href":"https:\/\/agora.xtec.cat\/insgurb\/wp-json\/wp\/v2\/pages\/631","targetHints":{"allow":["GET"]}}],"collection":[{"href":"https:\/\/agora.xtec.cat\/insgurb\/wp-json\/wp\/v2\/pages"}],"about":[{"href":"https:\/\/agora.xtec.cat\/insgurb\/wp-json\/wp\/v2\/types\/page"}],"author":[{"embeddable":true,"href":"https:\/\/agora.xtec.cat\/insgurb\/wp-json\/wp\/v2\/users\/1"}],"replies":[{"embeddable":true,"href":"https:\/\/agora.xtec.cat\/insgurb\/wp-json\/wp\/v2\/comments?post=631"}],"version-history":[{"count":3,"href":"https:\/\/agora.xtec.cat\/insgurb\/wp-json\/wp\/v2\/pages\/631\/revisions"}],"predecessor-version":[{"id":965,"href":"https:\/\/agora.xtec.cat\/insgurb\/wp-json\/wp\/v2\/pages\/631\/revisions\/965"}],"up":[{"embeddable":true,"href":"https:\/\/agora.xtec.cat\/insgurb\/wp-json\/wp\/v2\/pages\/629"}],"wp:attachment":[{"href":"https:\/\/agora.xtec.cat\/insgurb\/wp-json\/wp\/v2\/media?parent=631"}],"curies":[{"name":"wp","href":"https:\/\/api.w.org\/{rel}","templated":true}]}}