{"id":614,"date":"2018-05-06T19:40:12","date_gmt":"2018-05-06T17:40:12","guid":{"rendered":"http:\/\/agora.xtec.cat\/insgurb\/?page_id=614"},"modified":"2023-10-04T18:21:43","modified_gmt":"2023-10-04T16:21:43","slug":"intercanvis","status":"publish","type":"page","link":"https:\/\/agora.xtec.cat\/insgurb\/projecte-educatiu\/projecte-linguistic\/intercanvis\/","title":{"rendered":"Intercanvis ling\u00fc\u00edstics i culturals"},"content":{"rendered":"<p>L&#8217;Institut de Gurb t\u00e9 molta experi\u00e8ncia en l&#8217;organitzaci\u00f3 d&#8217;intercanvis ling\u00fc\u00edstics i culturals de professorat i alumnat amb centres d&#8217;altres pa\u00efsos. Cada any, l&#8217;alumnat de 3r realitza un intercanvi, que inicialment es feia amb un centre d&#8217;<strong>Holanda<\/strong>, el Maartens College de Groningen. Degut a l&#8217;alta demanda de participaci\u00f3, m\u00e9s tard es va iniciar un altre intercanvi amb un altre centre dels Pa\u00efsos Baixos, el Carolus Clusius College de Zwolle. Recentment, aquests dos intercanvis d&#8217;Holanda s&#8217;han substitu\u00eft per un intercanvi amb l&#8217;institut Birkhovedskolen de Nyborg, a <strong>Dinamarca<\/strong>.<\/p>\n<p><span class=\"color_21\">L\u2019intercanvi consta de dues parts: el viatge al pa\u00eds estranger i l\u2019estada de l&#8217;alumnat estranger a casa nostra. A l&#8217;estranger, els companys d&#8217;intercanvi ens ensenyen el seu pa\u00eds, i q<\/span><span class=\"color_21\">uan ens visiten, aprofitem per fer excursions pel territori i aix\u00ed mostrar-los el nostre pa\u00eds. Visitem llocs com Barcelona, la Costa Brava, Montserrat, i tamb\u00e9 els ensenyem Gurb i Vic.\u00a0<\/span><\/p>\n<p class=\"font_8\">Tamb\u00e9 hem fet altres intercanvis, com \u00e9s el cas de l&#8217;<strong>intercanvi amb l&#8217;Institut Glen Rock de Nova Jersei, als Estats Units,<\/strong> que es va realitzar durant dos anys, l&#8217;<strong>intercanvi amb l\u2019Istituto d\u2019Istruzione Superiore E. Montale de G\u00e8nova<\/strong>, que es va realitzar un any, i l&#8217;<strong>intercanvi amb l&#8217;Institut de Sineu (Mallorca)<\/strong>, que tamb\u00e9 es va realitzar un any.<\/p>\n<p><iframe loading=\"lazy\" src=\"https:\/\/www.youtube.com\/embed\/eJTFhvcxozA\" width=\"560\" height=\"315\" frameborder=\"0\" allowfullscreen=\"allowfullscreen\"><\/iframe><\/p>\n<p>Els intercanvis s\u00f3n una experi\u00e8ncia excel\u00b7lent per practicar les lleng\u00fces, con\u00e8ixer noves cultures i fer nous amics!<\/p>\n","protected":false},"excerpt":{"rendered":"<p>L&#8217;Institut de Gurb t\u00e9 molta experi\u00e8ncia en l&#8217;organitzaci\u00f3 d&#8217;intercanvis ling\u00fc\u00edstics i culturals de professorat i alumnat amb centres d&#8217;altres pa\u00efsos. Cada any, l&#8217;alumnat de 3r realitza un intercanvi, que inicialment es feia amb un centre d&#8217;Holanda, el Maartens College de Groningen. Degut a l&#8217;alta demanda&hellip;  <a href=\"https:\/\/agora.xtec.cat\/insgurb\/projecte-educatiu\/projecte-linguistic\/intercanvis\/\" title=\"Read Intercanvis ling\u00fc\u00edstics i culturals\">Llegeix m\u00e9s\u00bb<\/a><\/p>\n","protected":false},"author":1,"featured_media":0,"parent":799,"menu_order":0,"comment_status":"closed","ping_status":"closed","template":"","meta":{"_bbp_topic_count":0,"_bbp_reply_count":0,"_bbp_total_topic_count":0,"_bbp_total_reply_count":0,"_bbp_voice_count":0,"_bbp_anonymous_reply_count":0,"_bbp_topic_count_hidden":0,"_bbp_reply_count_hidden":0,"_bbp_forum_subforum_count":0,"footnotes":""},"class_list":["post-614","page","type-page","status-publish","hentry"],"post_mailing_queue_ids":[],"_links":{"self":[{"href":"https:\/\/agora.xtec.cat\/insgurb\/wp-json\/wp\/v2\/pages\/614","targetHints":{"allow":["GET"]}}],"collection":[{"href":"https:\/\/agora.xtec.cat\/insgurb\/wp-json\/wp\/v2\/pages"}],"about":[{"href":"https:\/\/agora.xtec.cat\/insgurb\/wp-json\/wp\/v2\/types\/page"}],"author":[{"embeddable":true,"href":"https:\/\/agora.xtec.cat\/insgurb\/wp-json\/wp\/v2\/users\/1"}],"replies":[{"embeddable":true,"href":"https:\/\/agora.xtec.cat\/insgurb\/wp-json\/wp\/v2\/comments?post=614"}],"version-history":[{"count":5,"href":"https:\/\/agora.xtec.cat\/insgurb\/wp-json\/wp\/v2\/pages\/614\/revisions"}],"predecessor-version":[{"id":5095,"href":"https:\/\/agora.xtec.cat\/insgurb\/wp-json\/wp\/v2\/pages\/614\/revisions\/5095"}],"up":[{"embeddable":true,"href":"https:\/\/agora.xtec.cat\/insgurb\/wp-json\/wp\/v2\/pages\/799"}],"wp:attachment":[{"href":"https:\/\/agora.xtec.cat\/insgurb\/wp-json\/wp\/v2\/media?parent=614"}],"curies":[{"name":"wp","href":"https:\/\/api.w.org\/{rel}","templated":true}]}}