{"id":5264,"date":"2023-10-28T14:07:25","date_gmt":"2023-10-28T12:07:25","guid":{"rendered":"https:\/\/agora.xtec.cat\/insgurb\/?page_id=5264"},"modified":"2023-10-31T21:22:43","modified_gmt":"2023-10-31T20:22:43","slug":"normativa","status":"publish","type":"page","link":"https:\/\/agora.xtec.cat\/insgurb\/biblioteca\/normativa\/","title":{"rendered":"Normativa"},"content":{"rendered":"<p>A la biblioteca hi ha una petita normativa que cal complir:<\/p>\n<ul>\n<li>No es pot menjar ni beure dins la biblioteca. Els llibres s\u00f3n de paper, i el paper, com a<br \/>\nproducte org\u00e0nic, \u00e9s susceptible als insectes que les engrunes o altres restes de menjar<br \/>\npoden atraure.<\/li>\n<li>Respecteu\u00a0l\u2019ordre del mobiliari. No moveu taules, cadires ni estanteries sense avisar<br \/>\nabans la persona responsable.<\/li>\n<li>Si consulteu un document, deixeu-lo damunt les estanteries centrals. No el retorneu a<br \/>\nla lleixa!<\/li>\n<\/ul>\n<h5><strong>Pr\u00e9stec<\/strong><\/h5>\n<ul>\n<li>No hi ha data l\u00edmit espec\u00edfica de pr\u00e9stec. Si ning\u00fa el reserva, es pot tenir el llibre fins que<br \/>\ns\u2019hagi acabat la lectura. En cas que alg\u00fa el demani, s\u2019avisar\u00e0 la persona que el tingui.<\/li>\n<li>Es pot tenir fins a un m\u00e0xim de 5 documents en pr\u00e9stec.<\/li>\n<li>El manteniment del fons de la biblioteca es fa entre tots. Cal cuidar els documents i<br \/>\nresponsabilitzar-se\u2019n quan estan en pr\u00e9stec. No deixeu els llibres al calaixet de la taula:<br \/>\nemporteu-vos-els a casa o guardeu-los a l\u2019armariet.<\/li>\n<li>La p\u00e8rdua d\u2019un llibre t\u00e9 un cost de 10 \u20ac.<\/li>\n<\/ul>\n<p>&nbsp;<\/p>\n<p>&nbsp;<\/p>\n","protected":false},"excerpt":{"rendered":"<p>A la biblioteca hi ha una petita normativa que cal complir:<\/p>\n<ul>\n<li>No es pot menjar ni beure dins la biblioteca. Els llibres s\u00f3n de paper, i el paper, com a<br \/>\nproducte org\u00e0nic, \u00e9s susceptible als insectes que les engrunes o altres restes de menjar<br \/>\npoden atraure.<\/li>\n<li>Respecteu\u00a0l\u2019ordre del mobiliari.&hellip;  <a href=\"https:\/\/agora.xtec.cat\/insgurb\/biblioteca\/normativa\/\" title=\"Read Normativa\">Llegeix m\u00e9s\u00bb<\/a><br \/>\n","protected":false},"author":1,"featured_media":0,"parent":3293,"menu_order":2,"comment_status":"closed","ping_status":"closed","template":"page-templates\/side-menu.php","meta":{"_bbp_topic_count":0,"_bbp_reply_count":0,"_bbp_total_topic_count":0,"_bbp_total_reply_count":0,"_bbp_voice_count":0,"_bbp_anonymous_reply_count":0,"_bbp_topic_count_hidden":0,"_bbp_reply_count_hidden":0,"_bbp_forum_subforum_count":0,"footnotes":""},"class_list":["post-5264","page","type-page","status-publish","hentry"],"post_mailing_queue_ids":[],"_links":{"self":[{"href":"https:\/\/agora.xtec.cat\/insgurb\/wp-json\/wp\/v2\/pages\/5264","targetHints":{"allow":["GET"]}}],"collection":[{"href":"https:\/\/agora.xtec.cat\/insgurb\/wp-json\/wp\/v2\/pages"}],"about":[{"href":"https:\/\/agora.xtec.cat\/insgurb\/wp-json\/wp\/v2\/types\/page"}],"author":[{"embeddable":true,"href":"https:\/\/agora.xtec.cat\/insgurb\/wp-json\/wp\/v2\/users\/1"}],"replies":[{"embeddable":true,"href":"https:\/\/agora.xtec.cat\/insgurb\/wp-json\/wp\/v2\/comments?post=5264"}],"version-history":[{"count":2,"href":"https:\/\/agora.xtec.cat\/insgurb\/wp-json\/wp\/v2\/pages\/5264\/revisions"}],"predecessor-version":[{"id":5299,"href":"https:\/\/agora.xtec.cat\/insgurb\/wp-json\/wp\/v2\/pages\/5264\/revisions\/5299"}],"up":[{"embeddable":true,"href":"https:\/\/agora.xtec.cat\/insgurb\/wp-json\/wp\/v2\/pages\/3293"}],"wp:attachment":[{"href":"https:\/\/agora.xtec.cat\/insgurb\/wp-json\/wp\/v2\/media?parent=5264"}],"curies":[{"name":"wp","href":"https:\/\/api.w.org\/{rel}","templated":true}]}}