{"id":3544,"date":"2021-08-06T09:15:46","date_gmt":"2021-08-06T07:15:46","guid":{"rendered":"https:\/\/agora.xtec.cat\/insgurb\/?page_id=3544"},"modified":"2021-08-31T08:53:11","modified_gmt":"2021-08-31T06:53:11","slug":"rubriques-de-centre","status":"publish","type":"page","link":"https:\/\/agora.xtec.cat\/insgurb\/banc-de-rubriques\/avaluacio-de-competencies-de-lambit-linguistic\/rubriques-de-centre\/","title":{"rendered":"R\u00fabriques de centre"},"content":{"rendered":"<h6><\/h6>\n<table style=\"height: 48px; width: 88.0759%;\">\n<tbody>\n<tr style=\"height: 32px;\">\n<td style=\"height: 32px; width: 124px;\"><strong>Bloc d&#8217;avaluaci\u00f3<\/strong><\/td>\n<td style=\"height: 32px; width: 526px;\"><strong>R\u00fabrica<\/strong><\/td>\n<\/tr>\n<tr style=\"height: 10px;\">\n<td style=\"height: 16px; width: 124px;\">Comunicaci\u00f3 oral<\/td>\n<td style=\"height: 16px; width: 526px;\">\n<ul>\n<li><a href=\"https:\/\/agora.xtec.cat\/insgurb\/wp-content\/uploads\/usu1744\/2021\/08\/Rubrica_exposicio_oral_1rcicle.pdf\">R\u00fabrica d&#8217;avaluaci\u00f3 de l&#8217;exposici\u00f3 oral &#8211; 1r cicle<\/a><\/li>\n<li><a href=\"https:\/\/agora.xtec.cat\/insgurb\/wp-content\/uploads\/usu1744\/2021\/08\/Rubrica_exposicio_oral_2ncicle.pdf\">R\u00fabrica d&#8217;avaluaci\u00f3 de l&#8217;exposici\u00f3 oral &#8211; 2n cicle<\/a><\/li>\n<\/ul>\n<\/td>\n<\/tr>\n<\/tbody>\n<\/table>\n<p>&nbsp;<\/p>\n<p>&nbsp;<\/p>\n","protected":false},"excerpt":{"rendered":"<p>Bloc d&#8217;avaluaci\u00f3<br \/>\nR\u00fabrica<\/p>\n<p>Comunicaci\u00f3 oral<\/p>\n<ul>\n<li><a href=\"https:\/\/agora.xtec.cat\/insgurb\/wp-content\/uploads\/usu1744\/2021\/08\/Rubrica_exposicio_oral_1rcicle.pdf\">R\u00fabrica d&#8217;avaluaci\u00f3 de l&#8217;exposici\u00f3 oral &#8211; 1r cicle<\/a><\/li>\n<li><a href=\"https:\/\/agora.xtec.cat\/insgurb\/wp-content\/uploads\/usu1744\/2021\/08\/Rubrica_exposicio_oral_2ncicle.pdf\">R\u00fabrica d&#8217;avaluaci\u00f3 de l&#8217;exposici\u00f3 oral &#8211; 2n cicle<\/a><\/li>\n<\/ul>\n<p>&nbsp;<br \/>\n&nbsp;<\/p>\n","protected":false},"author":1,"featured_media":0,"parent":2752,"menu_order":4,"comment_status":"closed","ping_status":"closed","template":"page-templates\/side-menu.php","meta":{"_bbp_topic_count":0,"_bbp_reply_count":0,"_bbp_total_topic_count":0,"_bbp_total_reply_count":0,"_bbp_voice_count":0,"_bbp_anonymous_reply_count":0,"_bbp_topic_count_hidden":0,"_bbp_reply_count_hidden":0,"_bbp_forum_subforum_count":0,"footnotes":""},"class_list":["post-3544","page","type-page","status-publish","hentry"],"post_mailing_queue_ids":[],"_links":{"self":[{"href":"https:\/\/agora.xtec.cat\/insgurb\/wp-json\/wp\/v2\/pages\/3544","targetHints":{"allow":["GET"]}}],"collection":[{"href":"https:\/\/agora.xtec.cat\/insgurb\/wp-json\/wp\/v2\/pages"}],"about":[{"href":"https:\/\/agora.xtec.cat\/insgurb\/wp-json\/wp\/v2\/types\/page"}],"author":[{"embeddable":true,"href":"https:\/\/agora.xtec.cat\/insgurb\/wp-json\/wp\/v2\/users\/1"}],"replies":[{"embeddable":true,"href":"https:\/\/agora.xtec.cat\/insgurb\/wp-json\/wp\/v2\/comments?post=3544"}],"version-history":[{"count":3,"href":"https:\/\/agora.xtec.cat\/insgurb\/wp-json\/wp\/v2\/pages\/3544\/revisions"}],"predecessor-version":[{"id":3763,"href":"https:\/\/agora.xtec.cat\/insgurb\/wp-json\/wp\/v2\/pages\/3544\/revisions\/3763"}],"up":[{"embeddable":true,"href":"https:\/\/agora.xtec.cat\/insgurb\/wp-json\/wp\/v2\/pages\/2752"}],"wp:attachment":[{"href":"https:\/\/agora.xtec.cat\/insgurb\/wp-json\/wp\/v2\/media?parent=3544"}],"curies":[{"name":"wp","href":"https:\/\/api.w.org\/{rel}","templated":true}]}}