{"id":1385,"date":"2019-03-12T18:09:17","date_gmt":"2019-03-12T17:09:17","guid":{"rendered":"http:\/\/agora.xtec.cat\/insgurb\/?page_id=1385"},"modified":"2026-02-11T16:09:30","modified_gmt":"2026-02-11T15:09:30","slug":"preinscripcio","status":"publish","type":"page","link":"https:\/\/agora.xtec.cat\/insgurb\/preinscripcio\/","title":{"rendered":"Preinscripci\u00f3 curs 2026-27"},"content":{"rendered":"<p>La preinscripci\u00f3 escolar per al proper curs 2026-27 es realitzar\u00e0 de manera <strong>telem\u00e0tica<\/strong>. A continuaci\u00f3 trobareu tota la informaci\u00f3.<\/p>\n<h3>Informaci\u00f3 general<\/h3>\n<p><strong>Dates: <\/strong>del 6 al 18 de mar\u00e7, ambd\u00f3s inclosos.<\/p>\n<p><strong>Sol\u00b7licitud<\/strong>: <a href=\"https:\/\/preinscripcio.gencat.cat\/ca\/estudis\/eso\/preinscriute\/sollicitud\/\">https:\/\/preinscripcio.gencat.cat\/ca\/estudis\/eso\/preinscriute\/sollicitud\/<\/a><\/p>\n<ul>\n<li>Hi ha dos tipus de sol\u00b7licitud:\n<ul>\n<li>\u00a0<strong>Electr\u00f2nica<\/strong>: cal identificaci\u00f3 digital<\/li>\n<li>\u00a0<strong>Suport inform\u00e0tic<\/strong>: sense identificaci\u00f3 digital<\/li>\n<\/ul>\n<\/li>\n<\/ul>\n<p>&nbsp;<\/p>\n<h3>Sol\u00b7licitud electr\u00f2nica<\/h3>\n<p>Mitjan\u00e7ant certificat digital, com DNI electr\u00f2nic, Cl<span class=\"\">@<\/span>ve, idCat, etc. Si no es disposa de cap certificat, se&#8217;n pot generar un de forma f\u00e0cil, l&#8217;<a href=\"https:\/\/idcatmobil.seu.cat\/\">idCat M\u00f2bil<\/a>.<\/p>\n<p>Una vegada identificats, caldr\u00e0 entrar el n\u00famero d\u2019identificaci\u00f3 de l\u2019alumne\/a a RALC que us proporcionar\u00e0 l\u2019escola on est\u00e0 matriculat per poder recuperar les seves dades personals i acad\u00e8miques, omplir les prefer\u00e8ncies i enviar la sol\u00b7licitud. En la majoria de casos no caldr\u00e0 fer res m\u00e9s ni adjuntar cap tipus de documentaci\u00f3, donat que s\u2019haur\u00e0 fet l\u2019intercanvi de validaci\u00f3 de les vostres dades amb totes les administracions implicades.<\/p>\n<p>&nbsp;<\/p>\n<h3>Sol\u00b7licitud en suport inform\u00e0tic<\/h3>\n<p>Caldr\u00e0 identificar l\u2019alumne\/a amb el seu n\u00fam. d\u2019identificaci\u00f3 d\u2019alumne i omplir el formulari. Quan s&#8217;envi\u00ef, es far\u00e0 l\u2019intercanvi de dades amb les administracions implicades i caldr\u00e0 adjuntar escanejada o fotografiada la documentaci\u00f3 d\u2019identificaci\u00f3 i filiaci\u00f3 (DNI, llibre de fam\u00edlia, etc.), juntament amb la qual al\u00b7legueu a efectes de barems i que no s\u2019hagi pogut validar.<\/p>\n<p>&nbsp;<\/p>\n<h3>En cas de dubte<\/h3>\n<p>Podeu posar-vos en contacte telef\u00f2nic amb nosaltres (938897572), en horari d&#8217;oficina, i us ajudarem a complimentar el proc\u00e9s.<\/p>\n<p><strong>Horaris d\u2019atenci\u00f3 al p\u00fablic: <\/strong>de dilluns a divendres de 8:00 a 14:30 h.<\/p>\n<p>Tamb\u00e9 podeu consultar la seg\u00fcent p\u00e0gina web: <a href=\"https:\/\/preinscripcio.gencat.cat\/ca\/inici\/\"><strong>preinscripcio.gencat.cat<\/strong><\/a><\/p>\n<p>&nbsp;<\/p>\n<h3>Informacions i\/o recomanacions<\/h3>\n<ul>\n<li>Tenir fotografiada o escanejada la documentaci\u00f3 en el mateix dispositiu des d\u2019on es fa la sol\u00b7licitud.<\/li>\n<li>El codi de centre del nostre centre \u00e9s <strong>08068380<\/strong>, el necessitareu per indicar a quin centre voleu preinscriure-us.<\/li>\n<li>Demaneu al vostre centre actual el n\u00famero d\u2019identificaci\u00f3 de l\u2019alumne (IDALU) per poder lligar la sol\u00b7licitud al seu expedient acad\u00e8mic i personal.<\/li>\n<li>La persona sol\u00b7licitant SEMPRE \u00e9s l&#8217;alumne\/a, malgrat s&#8217;identifiquin amb un certificat digital d&#8217;algun dels progenitors o tutors\/es.<\/li>\n<li>Cenyiu-vos al calendari establert. <strong>Lliurar la sol\u00b7licitud o la documentaci\u00f3 fora de termini us fa perdre tots els drets d\u2019adscripci\u00f3 amb el risc que aix\u00f2 comporta de quedar-se sense pla\u00e7a al centre<\/strong>.<\/li>\n<li>A l&#8217;inici de la presentaci\u00f3 de sol\u00b7licituds trobareu una <strong>pantalla sobre protecci\u00f3 de dades<\/strong>.\u00a0 \u00c9s important <strong>marcar el \u201cxec\u201d del padr\u00f3 perqu\u00e8 es puguin recuperar les dades de resid\u00e8ncia per a la puntuaci\u00f3 de la proximitat<\/strong>. Si, per error, no es marca, caldr\u00e0 presentar el volant de conviv\u00e8ncia. Igualment, si es vol al\u00b7legar la discapacitat, tamb\u00e9 cal marxar el xec.\u00a0\u200b<\/li>\n<\/ul>\n<p>&nbsp;<\/p>\n<h4>Criteris de baremaci\u00f3<\/h4>\n<p><strong>Criteris espec\u00edfics<\/strong>: adscripci\u00f3 al centre.<\/p>\n<p>T\u00e9 prefer\u00e8ncia l&#8217;alumnat que procedeix de les escoles de prim\u00e0ria adscrites a l\u2019Institut de Gurb: Escoles de Gurb, Muntanyola, Sant Bartomeu del Grau i Santa Eul\u00e0lia de Riuprimer.<\/p>\n<p><strong>Criteris prioritaris<\/strong><strong>\u00a0\u00a0\u00a0\u00a0\u00a0\u00a0\u00a0\u00a0\u00a0\u00a0\u00a0\u00a0\u00a0 <\/strong><\/p>\n<table style=\"width: 100%; height: 402px;\" width=\"100%\">\n<tbody>\n<tr style=\"height: 35px;\">\n<td style=\"height: 35px;\" colspan=\"2\" width=\"100%\"><strong>Germans escolaritzats al centre<\/strong><\/td>\n<\/tr>\n<tr style=\"height: 208px;\">\n<td style=\"height: 208px;\" width=\"85%\">Si un alumne sol\u00b7licitant t\u00e9 un germ\u00e0 o germana escolaritzat, \u00e9s a dir, matriculat i que assisteix al centre en el moment de la preinscripci\u00f3, en qualsevol dels ensenyaments autoritzats que el centre imparteixi\u200b, se li han de comptar els punts per germans al centre.<\/p>\n<p>En el cas de centres adscrits, nom\u00e9s es t\u00e9 dret als punts per germans si l&#8217;alumne t\u00e9 un germ\u00e0 o germana escolaritzat en un centre que t\u00e9 la consideraci\u00f3 de centre \u00fanic amb el centre on se sol\u00b7licita la pla\u00e7a. Es considera que \u00e9s un \u201ccentre \u00fanic\u201d l\u2019escola p\u00fablica d\u2019infantil i prim\u00e0ria i l\u2019institut a qu\u00e8 est\u00e0 adscrita quan l&#8217;escola nom\u00e9s est\u00e0 adscrita a aquest institut.<\/td>\n<td style=\"height: 208px;\" width=\"14%\"><strong>50 punts<\/strong><\/td>\n<\/tr>\n<tr style=\"height: 159px;\">\n<td style=\"height: 159px;\" colspan=\"2\" width=\"100%\"><strong>Documentaci\u00f3 a presentar:<\/strong><\/p>\n<p>El centre comprova directament aquestes circumst\u00e0ncies.<\/p>\n<p>Si s&#8217;al\u00b7lega que el germ\u00e0 o germana est\u00e0 escolaritzat en un altre centre p\u00fablic amb el qual hi ha una relaci\u00f3 d&#8217;adscripci\u00f3 cal presentar un certificat del centre on est\u00e0 escolaritzat.<\/td>\n<\/tr>\n<\/tbody>\n<\/table>\n<table width=\"100%\">\n<tbody>\n<tr>\n<td colspan=\"2\" width=\"100%\"><strong>Proximitat del domicili habitual<\/strong> de l&#8217;alumne o alumna al centre o proximitat del lloc de treball del pare, la mare, tutor o tutora, guardador o guardadora de fet.<\/td>\n<\/tr>\n<tr>\n<td width=\"85%\">Quan el domicili habitual estigui en la zona educativa del centre: Gurb, Muntanyola, Santa Eul\u00e0lia de Riuprimer i Sant Bartomeu del Grau.<\/td>\n<td width=\"14%\"><strong>30 punts<\/strong><\/p>\n<p><strong>\u00a0<\/strong><\/td>\n<\/tr>\n<tr>\n<td width=\"85%\">Quan\u00a0a inst\u00e0ncia de la persona sol\u00b7licitant es prengui en consideraci\u00f3 l&#8217;adre\u00e7a del lloc de treball del pare, la mare, el tutor o la tutora, el guardador o la guardadora de fet, i aquest \u00e9s dins la zona educativa del centre.<\/td>\n<td width=\"14%\"><strong>20 punts<\/strong><\/td>\n<\/tr>\n<tr>\n<td colspan=\"2\" width=\"100%\"><strong>Documentaci\u00f3 a presentar:<\/strong><\/p>\n<p>Les dades de resid\u00e8ncia s&#8217;obtenen electr\u00f2nicament del padr\u00f3 municipal, cal marcar la casella en el moment de presentar la sol\u00b7licitud. En el resguard de la sol\u00b7licitud s&#8217;informa si no s&#8217;han pogut obtenir les dades del padr\u00f3, i en aquest cas el domicili s&#8217;ha d&#8217;acreditar adjuntant el volant municipal de conviv\u00e8ncia de l&#8217;alumne\/a, on ha de constar que conviu amb la persona sol\u00b7licitant, abans de finalitzar el per\u00edode de reclamaci\u00f3 a la llista de sol\u00b7licituds de preinscripci\u00f3 al centre amb la puntuaci\u00f3 provisional.<\/p>\n<p>Quan per aquest criteri es consideri el domicili del lloc de treball, s\u2019acredita mitjan\u00e7ant una c\u00f2pia del contracte laboral o un certificat em\u00e8s a aquest efecte per l\u2019empresa. En el cas de treballadors en el r\u00e8gim d\u2019aut\u00f2noms, es tindr\u00e0 en compte el domicili acreditat a l\u2019Ag\u00e8ncia Tribut\u00e0ria i s\u2019acreditar\u00e0 amb c\u00f2pia del formulari de la declaraci\u00f3 censal d\u2019alta, modificaci\u00f3 i baixa en el cens d\u2019obligats tributaris (model 036 o 037).\u00a0\u200b\u200b<\/td>\n<\/tr>\n<\/tbody>\n<\/table>\n<table width=\"100%\">\n<tbody>\n<tr>\n<td colspan=\"2\" width=\"100%\"><strong>Renda anual<\/strong><strong> de la unitat familiar<\/strong><\/td>\n<\/tr>\n<tr>\n<td width=\"85%\">Quan el pare o la mare, tutor o tutora, siguin beneficiaris de l&#8217;ajut de la renda garantida de ciutadania, calculat en funci\u00f3 dels fills a c\u00e0rrec de la persona perceptora.<\/td>\n<td width=\"14%\"><strong>15 punts<\/strong><\/td>\n<\/tr>\n<tr>\n<td colspan=\"2\" width=\"100%\"><strong>Documentaci\u00f3 a presentar:<\/strong><\/p>\n<p>Es consulten electr\u00f2nicament les dades del Departament de Drets Socials i Inclusi\u00f3. En el resguard de la sol\u00b7licitud s&#8217;informa si no s&#8217;han pogut obtenir. En aquest cas, cal adjuntar la documentaci\u00f3 acreditativa de ser beneficiari\/\u00e0ria de la prestaci\u00f3 econ\u00f2mica de la renda garantida de ciutadania durant el per\u00edode de presentaci\u00f3 de documentaci\u00f3.<\/td>\n<\/tr>\n<\/tbody>\n<\/table>\n<p><strong>Criteris complementaris<\/strong><\/p>\n<table width=\"100%\">\n<tbody>\n<tr>\n<td colspan=\"2\" width=\"100%\"><strong>Discapacitat<\/strong> <strong>de l&#8217;alumne o alumna, pare, mare, tutor, tutora o germans<\/strong><\/td>\n<\/tr>\n<tr>\n<td width=\"85%\">Quan l&#8217;alumne o alumna acrediti una discapacitat de grau igual o superior al 33%, o quan el pare, la mare, tutor o tutora, un germ\u00e0 o una germana de l&#8217;alumne o alumna acrediti una discapacitat igual o superior al 33%<\/td>\n<td width=\"14%\"><strong>15 punts<\/strong><\/td>\n<\/tr>\n<tr>\n<td colspan=\"2\" width=\"100%\"><strong>Documentaci\u00f3 a presentar:<\/strong><\/p>\n<p>Per acreditar aquest criteri es consulten electr\u00f2nicament les dades al Departament de la Generalitat corresponent. En el resguard de la sol\u00b7licitud s&#8217;informa si no s&#8217;han pogut obtenir. En aquest cas i quan l&#8217;organisme emissor \u00e9s d&#8217;una altra comunitat aut\u00f2noma, cal adjuntar la targeta acreditativa vigent de la discapacitat, durant el per\u00edode de presentaci\u00f3 de documentaci\u00f3.<\/p>\n<p>Es consideren afectats per una discapacitat igual o superior al 33% els pensionistes de la Seguretat Social que tenen reconeguda una pensi\u00f3 d\u2019incapacitat permanent de grau total, absoluta o de gran invalidesa i els de les classes passives que tenen reconeguda una pensi\u00f3 de jubilaci\u00f3 o de retir per incapacitat permanent per al servei o inutilitat. En aquest cas cal adjuntar el document acreditatiu de ser beneficiari d\u2019aquest tipus de pensi\u00f3.\u200b<\/p>\n<p>En el cas dels pensionistes, cal adjuntar el document acreditatiu de ser beneficiari\/\u00e0ria d&#8217;aquest tipus de pensi\u00f3.<\/td>\n<\/tr>\n<\/tbody>\n<\/table>\n<table width=\"100%\">\n<tbody>\n<tr>\n<td colspan=\"2\" width=\"100%\"><strong>Pare, mare, tutor o tutora legal treballant al centre educatiu<\/strong><\/td>\n<\/tr>\n<tr>\n<td width=\"85%\">Quan el pare, la mare o el tutor o tutora legal treballen al centre en el moment en qu\u00e8 es presenta la sol\u00b7licitud de preinscripci\u00f3.<\/td>\n<td width=\"14%\"><strong>10 punts<\/strong><\/td>\n<\/tr>\n<tr>\n<td colspan=\"2\" width=\"100%\"><strong>Documentaci\u00f3 a presentar:<\/strong><\/p>\n<p>La fam\u00edlia no cal que ho acrediti, \u00e9s el centre qui ho ha de comprovar.<\/td>\n<\/tr>\n<\/tbody>\n<\/table>\n<table width=\"100%\">\n<tbody>\n<tr>\n<td colspan=\"2\" width=\"100%\"><strong>F<\/strong><strong>am\u00edlia nombrosa o monoparental<\/strong><\/td>\n<\/tr>\n<tr>\n<td width=\"85%\">Si l&#8217;alumne o l&#8217;alumna forma part de fam\u00edlia nombrosa o monoparental.<\/td>\n<td width=\"14%\"><strong>10 punts<\/strong><\/td>\n<\/tr>\n<tr>\n<td colspan=\"2\" width=\"100%\"><strong>Documentaci\u00f3 a presentar:<\/strong><\/p>\n<p>Es consulten electr\u00f2nicament les dades del Departament de Treball, Afers Socials i Fam\u00edlies. En el resguard de la sol\u00b7licitud s&#8217;informa si no s&#8217;han pogut obtenir. En aquest cas i quan l&#8217;organisme emissor \u00e9s d&#8217;una altra comunitat aut\u00f2noma, cal adjuntar el t\u00edtol vigent de fam\u00edlia nombrosa o monoparental, durant el per\u00edode de presentaci\u00f3 de documentaci\u00f3\u200b.\u200b<\/td>\n<\/tr>\n<\/tbody>\n<\/table>\n<table width=\"100%\">\n<tbody>\n<tr>\n<td colspan=\"2\" width=\"100%\"><strong>Alumnes nascuts en part m\u00faltiple<\/strong><\/td>\n<\/tr>\n<tr>\n<td width=\"85%\">Quan l&#8217;alumne o alumna hagi nascut en un part m\u00faltiple.<\/td>\n<td width=\"14%\"><strong>10 punts<\/strong><\/td>\n<\/tr>\n<tr>\n<td colspan=\"2\" width=\"100%\"><strong>Documentaci\u00f3 a presentar:<\/strong><\/p>\n<p>Certificat electr\u00f2nic de la inscripci\u00f3 de naixement o llibre de fam\u00edlia.<\/td>\n<\/tr>\n<\/tbody>\n<\/table>\n<table width=\"100%\">\n<tbody>\n<tr>\n<td colspan=\"2\" width=\"100%\"><strong><br \/>\n<\/strong><strong>Situaci\u00f3 d&#8217;acolliment familiar de l&#8217;alumne o alumna<\/strong><\/td>\n<\/tr>\n<tr>\n<td width=\"85%\">Quan l&#8217;alumne o alumna es trobi en situaci\u00f3 d&#8217;acolliment familiar.<\/td>\n<td width=\"14%\"><strong>10 punts<\/strong><\/td>\n<\/tr>\n<tr>\n<td colspan=\"2\" width=\"100%\"><strong>Documentaci\u00f3 a presentar:<\/strong><\/p>\n<p>Per acreditar que l\u2019alumne\/a es troba en situaci\u00f3 d\u2019acolliment familiar cal que la fam\u00edlia adjunti a la sol\u00b7licitud\u00a0la resoluci\u00f3\u00a0d\u2019acolliment del Departament de Drets Socials.<\/td>\n<\/tr>\n<\/tbody>\n<\/table>\n<table width=\"100%\">\n<tbody>\n<tr>\n<td colspan=\"2\" width=\"100%\"><strong>Condici\u00f3 de v\u00edctima de viol\u00e8ncia de g\u00e8nere o de terrorisme<\/strong><\/td>\n<\/tr>\n<tr>\n<td width=\"85%\">Quan s&#8217;acrediti la condici\u00f3 de v\u00edctima de viol\u00e8ncia de g\u00e8nere o terrorisme d&#8217;acord amb el r\u00e8gim regulador.<\/td>\n<td width=\"14%\"><strong>10 punts<\/strong><\/td>\n<\/tr>\n<tr>\n<td colspan=\"2\" width=\"100%\"><strong>Documentaci\u00f3 a presentar:<\/strong><\/p>\n<p>La condici\u00f3 de v\u00edctima de viol\u00e8ncia de g\u00e8nere s\u2019acredita amb algun d\u2019aquests documents: la sent\u00e8ncia de qualsevol ordre jurisdiccional, que declari que la dona ha patit aquesta forma de viol\u00e8ncia; l&#8217;ordre de protecci\u00f3 vigent, o l&#8217;informe dels serveis socials. La condici\u00f3 de v\u00edctima de terrorisme s\u2019acredita amb el certificat que emet la Subdirecci\u00f3 General de Suport a V\u00edctimes del Terrorisme del Ministeri de l\u2019Interior.\u200b<\/td>\n<\/tr>\n<\/tbody>\n<\/table>\n<p>&nbsp;<\/p>\n<h4>Calendari de preinscripci\u00f3 i matriculaci\u00f3 curs 2026-27<\/h4>\n<table style=\"width: 98.6337%;\">\n<tbody>\n<tr>\n<td style=\"width: 69.5833%;\" width=\"333\"><strong>\u200bFases de la preinscripci\u200b\u00f3\u200b\u200b<\/strong><\/td>\n<td style=\"width: 80%;\" width=\"138\"><strong>Dates<\/strong><\/td>\n<\/tr>\n<tr>\n<td style=\"width: 69.5833%;\" width=\"333\">Publicaci\u00f3 de l&#8217;oferta inicial<\/td>\n<td style=\"width: 80%;\" width=\"138\">3 de mar\u00e7<\/td>\n<\/tr>\n<tr>\n<td style=\"width: 69.5833%;\" width=\"333\"><strong>Presentaci\u00f3 i\/o modificaci\u00f3 de sol\u00b7licituds d&#8217;ESO<\/strong><\/td>\n<td style=\"width: 80%;\" width=\"138\"><strong>Del 6 al 18 de mar\u00e7<\/strong><\/td>\n<\/tr>\n<tr>\n<td style=\"width: 69.5833%;\" width=\"333\">Presentaci\u00f3 de documentaci\u00f3<\/td>\n<td style=\"width: 80%;\" width=\"138\">Fins al 19 de mar\u00e7<\/td>\n<\/tr>\n<tr>\n<td style=\"width: 69.5833%;\" width=\"333\"><strong>Publicaci\u00f3 de la llista de sol\u00b7licituds amb la puntuaci\u00f3 provisional<\/strong><\/td>\n<td style=\"width: 80%;\" width=\"138\"><strong>15 d&#8217;abril<\/strong><\/td>\n<\/tr>\n<tr>\n<td style=\"width: 69.5833%;\" width=\"333\">Presentaci\u00f3 de reclamacions a la llista amb la puntuaci\u00f3 provisional<\/td>\n<td style=\"width: 80%;\" width=\"138\">Del 15 al 20 d&#8217;abril<\/td>\n<\/tr>\n<tr>\n<td style=\"width: 69.5833%;\" width=\"333\"><strong>Publicaci\u00f3 de la llista amb la puntuaci\u00f3, un cop\u00a0resoltes les reclamacions<\/strong><\/td>\n<td style=\"width: 80%;\" width=\"138\"><strong>23 d&#8217;abril<\/strong><\/td>\n<\/tr>\n<tr>\n<td style=\"width: 69.5833%;\" width=\"333\"><strong>Sorteig<\/strong><\/td>\n<td style=\"width: 80%;\" width=\"138\"><strong>28 d&#8217;abril (11 h)<\/strong><\/td>\n<\/tr>\n<tr>\n<td style=\"width: 69.5833%;\" width=\"333\">Publicaci\u00f3 de la llista ordenada<\/td>\n<td style=\"width: 80%;\" width=\"138\">29 d&#8217;abril<\/td>\n<\/tr>\n<tr>\n<td style=\"width: 69.5833%;\" width=\"333\">Ampliaci\u00f3 de peticions -per a alumnes NEE B que necessiten assignaci\u00f3 d&#8217;ofici i no s&#8217;han assignat per petici\u00f3 original- (fam\u00edlies)<\/td>\n<td style=\"width: 80%;\" width=\"138\">13 i 14 de maig<\/td>\n<\/tr>\n<tr>\n<td style=\"width: 69.5833%;\" width=\"333\">Ampliaci\u00f3 de peticions \u2013per a alumnes ordinaris que necessiten assignaci\u00f3 d&#8217;ofici i no s&#8217;han assignat per petici\u00f3 original- (fam\u00edlies)<\/td>\n<td style=\"width: 80%;\" width=\"138\">De l&#8217;1 al 3 de juny<\/td>\n<\/tr>\n<tr>\n<td style=\"width: 69.5833%;\" width=\"333\">Publicaci\u00f3 de l&#8217;oferta final<\/td>\n<td style=\"width: 80%;\" width=\"138\">10 de juny<\/td>\n<\/tr>\n<tr>\n<td style=\"width: 69.5833%;\" width=\"333\"><strong>Publicaci\u00f3 de la llista d&#8217;admesos i la llista d&#8217;espera<\/strong><\/td>\n<td style=\"width: 80%;\" width=\"138\"><strong>10 de juny<\/strong><\/td>\n<\/tr>\n<tr>\n<td style=\"width: 69.5833%;\" width=\"333\">\u200b\u200b<strong>Per\u00edode de matriculaci\u00f3\u00a0<\/strong><\/td>\n<td style=\"width: 80%;\" width=\"138\"><strong>Del 22 al 30 de juny<\/strong><\/td>\n<\/tr>\n<\/tbody>\n<\/table>\n<p>&nbsp;<\/p>\n<p>&nbsp;<\/p>\n","protected":false},"excerpt":{"rendered":"<p>La preinscripci\u00f3 escolar per al proper curs 2026-27 es realitzar\u00e0 de manera telem\u00e0tica. A continuaci\u00f3 trobareu tota la informaci\u00f3.<br \/>\nInformaci\u00f3 general<br \/>\nDates: del 6 al 18 de mar\u00e7, ambd\u00f3s inclosos.<br \/>\nSol\u00b7licitud: <a href=\"https:\/\/preinscripcio.gencat.cat\/ca\/estudis\/eso\/preinscriute\/sollicitud\/\">https:\/\/preinscripcio.gencat.cat\/ca\/estudis\/eso\/preinscriute\/sollicitud\/<\/a><\/p>\n<ul>\n<li>Hi ha dos tipus de sol\u00b7licitud:\n<ul>\n<li>\u00a0Electr\u00f2nica: cal identificaci\u00f3 digital<\/li>\n<li>\u00a0Suport inform\u00e0tic: sense identificaci\u00f3 digital<\/li>\n<\/ul>\n<\/li>\n<\/ul>\n<p>&nbsp;<br \/>\nSol\u00b7licitud electr\u00f2nica<br \/>\nMitjan\u00e7ant certificat digital,&hellip;  <a href=\"https:\/\/agora.xtec.cat\/insgurb\/preinscripcio\/\" title=\"Read Preinscripci\u00f3 curs 2026-27\">Llegeix m\u00e9s\u00bb<\/a><\/p>\n","protected":false},"author":1,"featured_media":0,"parent":0,"menu_order":0,"comment_status":"closed","ping_status":"closed","template":"","meta":{"_bbp_topic_count":0,"_bbp_reply_count":0,"_bbp_total_topic_count":0,"_bbp_total_reply_count":0,"_bbp_voice_count":0,"_bbp_anonymous_reply_count":0,"_bbp_topic_count_hidden":0,"_bbp_reply_count_hidden":0,"_bbp_forum_subforum_count":0,"footnotes":""},"class_list":["post-1385","page","type-page","status-publish","hentry"],"post_mailing_queue_ids":[],"_links":{"self":[{"href":"https:\/\/agora.xtec.cat\/insgurb\/wp-json\/wp\/v2\/pages\/1385","targetHints":{"allow":["GET"]}}],"collection":[{"href":"https:\/\/agora.xtec.cat\/insgurb\/wp-json\/wp\/v2\/pages"}],"about":[{"href":"https:\/\/agora.xtec.cat\/insgurb\/wp-json\/wp\/v2\/types\/page"}],"author":[{"embeddable":true,"href":"https:\/\/agora.xtec.cat\/insgurb\/wp-json\/wp\/v2\/users\/1"}],"replies":[{"embeddable":true,"href":"https:\/\/agora.xtec.cat\/insgurb\/wp-json\/wp\/v2\/comments?post=1385"}],"version-history":[{"count":6,"href":"https:\/\/agora.xtec.cat\/insgurb\/wp-json\/wp\/v2\/pages\/1385\/revisions"}],"predecessor-version":[{"id":6664,"href":"https:\/\/agora.xtec.cat\/insgurb\/wp-json\/wp\/v2\/pages\/1385\/revisions\/6664"}],"wp:attachment":[{"href":"https:\/\/agora.xtec.cat\/insgurb\/wp-json\/wp\/v2\/media?parent=1385"}],"curies":[{"name":"wp","href":"https:\/\/api.w.org\/{rel}","templated":true}]}}