{"id":1595,"date":"2026-01-20T22:09:35","date_gmt":"2026-01-20T21:09:35","guid":{"rendered":"https:\/\/agora.xtec.cat\/insgastronomia\/?page_id=1595"},"modified":"2026-01-22T22:26:58","modified_gmt":"2026-01-22T21:26:58","slug":"estades-de-mobilitat","status":"publish","type":"page","link":"https:\/\/agora.xtec.cat\/insgastronomia\/estades-de-mobilitat\/","title":{"rendered":"Estades de mobilitat"},"content":{"rendered":"\n<p><strong>IGB ha rebut la visita d&#8217;un equip de professors i representants de mobilitat de Munich<\/strong>, una trobada que ha perm\u00e8s compartir experi\u00e8ncies i bones pr\u00e0ctiques en l&#8217;\u00e0mbit de la mobilitat educativa. Aquesta trobada obre noves oportunitats d\u2019intercanvi i cooperaci\u00f3.\u00a0<br><\/p>\n\n\n\n<div class=\"wp-block-group is-layout-grid wp-container-core-group-is-layout-1 wp-block-group-is-layout-grid\">\n<figure class=\"wp-block-image size-large\"><a href=\"https:\/\/agora.xtec.cat\/insgastronomia\/wp-content\/uploads\/usu3481\/2026\/01\/1000123496.jpg\"><img loading=\"lazy\" decoding=\"async\" width=\"1024\" height=\"768\" src=\"https:\/\/agora.xtec.cat\/insgastronomia\/wp-content\/uploads\/usu3481\/2026\/01\/1000123496-1024x768.jpg\" alt=\"\" class=\"wp-image-1637\" srcset=\"https:\/\/agora.xtec.cat\/insgastronomia\/wp-content\/uploads\/usu3481\/2026\/01\/1000123496-1024x768.jpg 1024w, https:\/\/agora.xtec.cat\/insgastronomia\/wp-content\/uploads\/usu3481\/2026\/01\/1000123496-300x225.jpg 300w, https:\/\/agora.xtec.cat\/insgastronomia\/wp-content\/uploads\/usu3481\/2026\/01\/1000123496-768x576.jpg 768w, https:\/\/agora.xtec.cat\/insgastronomia\/wp-content\/uploads\/usu3481\/2026\/01\/1000123496-1536x1152.jpg 1536w, https:\/\/agora.xtec.cat\/insgastronomia\/wp-content\/uploads\/usu3481\/2026\/01\/1000123496.jpg 2048w\" sizes=\"auto, (max-width: 1024px) 100vw, 1024px\" \/><\/a><\/figure>\n\n\n\n<figure class=\"wp-block-image size-large\"><a href=\"https:\/\/agora.xtec.cat\/insgastronomia\/wp-content\/uploads\/usu3481\/2026\/01\/1000123497.jpg\"><img loading=\"lazy\" decoding=\"async\" width=\"1024\" height=\"768\" src=\"https:\/\/agora.xtec.cat\/insgastronomia\/wp-content\/uploads\/usu3481\/2026\/01\/1000123497-1024x768.jpg\" alt=\"\" class=\"wp-image-1638\" srcset=\"https:\/\/agora.xtec.cat\/insgastronomia\/wp-content\/uploads\/usu3481\/2026\/01\/1000123497-1024x768.jpg 1024w, https:\/\/agora.xtec.cat\/insgastronomia\/wp-content\/uploads\/usu3481\/2026\/01\/1000123497-300x225.jpg 300w, https:\/\/agora.xtec.cat\/insgastronomia\/wp-content\/uploads\/usu3481\/2026\/01\/1000123497-768x576.jpg 768w, https:\/\/agora.xtec.cat\/insgastronomia\/wp-content\/uploads\/usu3481\/2026\/01\/1000123497-1536x1152.jpg 1536w, https:\/\/agora.xtec.cat\/insgastronomia\/wp-content\/uploads\/usu3481\/2026\/01\/1000123497.jpg 2048w\" sizes=\"auto, (max-width: 1024px) 100vw, 1024px\" \/><\/a><\/figure>\n\n\n\n<figure class=\"wp-block-image size-large\"><a href=\"https:\/\/agora.xtec.cat\/insgastronomia\/wp-content\/uploads\/usu3481\/2026\/01\/1000123498.jpg\"><img loading=\"lazy\" decoding=\"async\" width=\"1024\" height=\"768\" src=\"https:\/\/agora.xtec.cat\/insgastronomia\/wp-content\/uploads\/usu3481\/2026\/01\/1000123498-1024x768.jpg\" alt=\"\" class=\"wp-image-1639\" srcset=\"https:\/\/agora.xtec.cat\/insgastronomia\/wp-content\/uploads\/usu3481\/2026\/01\/1000123498-1024x768.jpg 1024w, https:\/\/agora.xtec.cat\/insgastronomia\/wp-content\/uploads\/usu3481\/2026\/01\/1000123498-300x225.jpg 300w, https:\/\/agora.xtec.cat\/insgastronomia\/wp-content\/uploads\/usu3481\/2026\/01\/1000123498-768x576.jpg 768w, https:\/\/agora.xtec.cat\/insgastronomia\/wp-content\/uploads\/usu3481\/2026\/01\/1000123498-1536x1152.jpg 1536w, https:\/\/agora.xtec.cat\/insgastronomia\/wp-content\/uploads\/usu3481\/2026\/01\/1000123498.jpg 2048w\" sizes=\"auto, (max-width: 1024px) 100vw, 1024px\" \/><\/a><\/figure>\n<\/div>\n","protected":false},"excerpt":{"rendered":"<p>IGB ha rebut la visita d&#8217;un equip de professors i representants de mobilitat de Munich, una trobada que ha perm\u00e8s compartir experi\u00e8ncies i bones pr\u00e0ctiques en l&#8217;\u00e0mbit de la mobilitat educativa. Aquesta trobada obre noves oportunitats d\u2019intercanvi i cooperaci\u00f3.\u00a0<\/p>\n","protected":false},"author":1,"featured_media":0,"parent":0,"menu_order":0,"comment_status":"closed","ping_status":"close","template":"","meta":{"site-sidebar-layout":"default","site-content-layout":"","ast-site-content-layout":"default","site-content-style":"default","site-sidebar-style":"default","ast-global-header-display":"","ast-banner-title-visibility":"","ast-main-header-display":"","ast-hfb-above-header-display":"","ast-hfb-below-header-display":"","ast-hfb-mobile-header-display":"","site-post-title":"","ast-breadcrumbs-content":"","ast-featured-img":"","footer-sml-layout":"","theme-transparent-header-meta":"","adv-header-id-meta":"","stick-header-meta":"","header-above-stick-meta":"","header-main-stick-meta":"","header-below-stick-meta":"","astra-migrate-meta-layouts":"set","ast-page-background-enabled":"default","ast-page-background-meta":{"desktop":{"background-color":"var(--ast-global-color-4)","background-image":"","background-repeat":"repeat","background-position":"center center","background-size":"auto","background-attachment":"scroll","background-type":"","background-media":"","overlay-type":"","overlay-color":"","overlay-opacity":"","overlay-gradient":""},"tablet":{"background-color":"","background-image":"","background-repeat":"repeat","background-position":"center center","background-size":"auto","background-attachment":"scroll","background-type":"","background-media":"","overlay-type":"","overlay-color":"","overlay-opacity":"","overlay-gradient":""},"mobile":{"background-color":"","background-image":"","background-repeat":"repeat","background-position":"center center","background-size":"auto","background-attachment":"scroll","background-type":"","background-media":"","overlay-type":"","overlay-color":"","overlay-opacity":"","overlay-gradient":""}},"ast-content-background-meta":{"desktop":{"background-color":"var(--ast-global-color-5)","background-image":"","background-repeat":"repeat","background-position":"center center","background-size":"auto","background-attachment":"scroll","background-type":"","background-media":"","overlay-type":"","overlay-color":"","overlay-opacity":"","overlay-gradient":""},"tablet":{"background-color":"var(--ast-global-color-5)","background-image":"","background-repeat":"repeat","background-position":"center center","background-size":"auto","background-attachment":"scroll","background-type":"","background-media":"","overlay-type":"","overlay-color":"","overlay-opacity":"","overlay-gradient":""},"mobile":{"background-color":"var(--ast-global-color-5)","background-image":"","background-repeat":"repeat","background-position":"center center","background-size":"auto","background-attachment":"scroll","background-type":"","background-media":"","overlay-type":"","overlay-color":"","overlay-opacity":"","overlay-gradient":""}},"footnotes":""},"class_list":["post-1595","page","type-page","status-publish","hentry"],"post_mailing_queue_ids":[],"_links":{"self":[{"href":"https:\/\/agora.xtec.cat\/insgastronomia\/wp-json\/wp\/v2\/pages\/1595","targetHints":{"allow":["GET"]}}],"collection":[{"href":"https:\/\/agora.xtec.cat\/insgastronomia\/wp-json\/wp\/v2\/pages"}],"about":[{"href":"https:\/\/agora.xtec.cat\/insgastronomia\/wp-json\/wp\/v2\/types\/page"}],"author":[{"embeddable":true,"href":"https:\/\/agora.xtec.cat\/insgastronomia\/wp-json\/wp\/v2\/users\/1"}],"replies":[{"embeddable":true,"href":"https:\/\/agora.xtec.cat\/insgastronomia\/wp-json\/wp\/v2\/comments?post=1595"}],"version-history":[{"count":2,"href":"https:\/\/agora.xtec.cat\/insgastronomia\/wp-json\/wp\/v2\/pages\/1595\/revisions"}],"predecessor-version":[{"id":1640,"href":"https:\/\/agora.xtec.cat\/insgastronomia\/wp-json\/wp\/v2\/pages\/1595\/revisions\/1640"}],"wp:attachment":[{"href":"https:\/\/agora.xtec.cat\/insgastronomia\/wp-json\/wp\/v2\/media?parent=1595"}],"curies":[{"name":"wp","href":"https:\/\/api.w.org\/{rel}","templated":true}]}}