{"id":1039,"date":"2025-07-19T00:49:23","date_gmt":"2025-07-18T22:49:23","guid":{"rendered":"https:\/\/agora.xtec.cat\/insgastronomia\/?page_id=1039"},"modified":"2025-07-22T03:11:33","modified_gmt":"2025-07-22T01:11:33","slug":"certificats-de-catala","status":"publish","type":"page","link":"https:\/\/agora.xtec.cat\/insgastronomia\/certificats-de-catala\/","title":{"rendered":"Certificats de Catal\u00e0\u00a0"},"content":{"rendered":"\n<p><strong>Tramitaci\u00f3 de certificats d\u2019acreditaci\u00f3 de reconeixement dels nivells B2 i C1 de catal\u00e0 per escolaritat reglada no universit\u00e0ria<\/strong><\/p>\n\n\n\n<p>\u2013 Tr\u00e0mit per sol\u00b7licitar certificats d\u2019acreditaci\u00f3 de coneixements de Catal\u00e0 B2 i C1<\/p>\n\n\n\n<p>Les persones que hagin obtingut la seva titulaci\u00f3 en un institut (o institut escola) poden omplir el seg\u00fcent formulari <a href=\"https:\/\/docs.google.com\/forms\/d\/e\/1FAIpQLSfwJJGvRQC8BTRjPdWG1JG6C4jFr4Sh620Yw_gGpI6GFtgz_g\/viewform?usp=header\">(<strong>ENLLA\u00c7 FORMULARI<\/strong>)<\/a> junt a la documentaci\u00f3 acreditativa que es compleixen els requesits (veure taula)<\/p>\n\n\n\n<p><a href=\"https:\/\/drive.google.com\/open?id=1XzBQDORh2ZFWsAsDXa74Wxd8RMzUEuMq&amp;usp=drive_fs\">Document de sol.licitud de Certificat Catal\u00e0<\/a><\/p>\n\n\n\n<p><strong>IMPORTANT: Per recollir el certificat caldr\u00e0 presentar la documentaci\u00f3 original al\u00b7legada per mail que acrediti que es t\u00e9 dret per a obtenir el certificat. No es lliurar\u00e0 cap certificat si no es presenta la documentaci\u00f3 original.<\/strong><\/p>\n\n\n\n<p><strong>Presteu atenci\u00f3 abans d\u2019enviar el formulari, verifiqueu que les dades siguin correctes i que h\u00e0giu annexat la documentaci\u00f3 requerida.<\/strong><\/p>\n\n\n\n<p><strong>La tramitaci\u00f3 del certificat no t\u00e9 cost econ\u00f2mic.<\/strong><\/p>\n\n\n\n<p><strong>La secretaria del centre avisar\u00e0 per mail a la persona interessada quan pot passar a recollir el certificat.<\/strong><\/p>\n\n\n\n<p><\/p>\n","protected":false},"excerpt":{"rendered":"<p>Tramitaci\u00f3 de certificats d\u2019acreditaci\u00f3 de reconeixement dels nivells B2 i C1 de catal\u00e0 per escolaritat reglada no universit\u00e0ria \u2013 Tr\u00e0mit per sol\u00b7licitar certificats d\u2019acreditaci\u00f3 de coneixements de Catal\u00e0 B2 i C1 Les persones que hagin obtingut la seva titulaci\u00f3 en un institut (o institut escola) poden omplir el seg\u00fcent formulari (ENLLA\u00c7 FORMULARI) junt a la [&hellip;]<\/p>\n","protected":false},"author":1,"featured_media":0,"parent":0,"menu_order":0,"comment_status":"closed","ping_status":"close","template":"","meta":{"site-sidebar-layout":"default","site-content-layout":"","ast-site-content-layout":"default","site-content-style":"default","site-sidebar-style":"default","ast-global-header-display":"","ast-banner-title-visibility":"","ast-main-header-display":"","ast-hfb-above-header-display":"","ast-hfb-below-header-display":"","ast-hfb-mobile-header-display":"","site-post-title":"","ast-breadcrumbs-content":"","ast-featured-img":"","footer-sml-layout":"","theme-transparent-header-meta":"","adv-header-id-meta":"","stick-header-meta":"","header-above-stick-meta":"","header-main-stick-meta":"","header-below-stick-meta":"","astra-migrate-meta-layouts":"set","ast-page-background-enabled":"default","ast-page-background-meta":{"desktop":{"background-color":"var(--ast-global-color-4)","background-image":"","background-repeat":"repeat","background-position":"center center","background-size":"auto","background-attachment":"scroll","background-type":"","background-media":"","overlay-type":"","overlay-color":"","overlay-opacity":"","overlay-gradient":""},"tablet":{"background-color":"","background-image":"","background-repeat":"repeat","background-position":"center center","background-size":"auto","background-attachment":"scroll","background-type":"","background-media":"","overlay-type":"","overlay-color":"","overlay-opacity":"","overlay-gradient":""},"mobile":{"background-color":"","background-image":"","background-repeat":"repeat","background-position":"center center","background-size":"auto","background-attachment":"scroll","background-type":"","background-media":"","overlay-type":"","overlay-color":"","overlay-opacity":"","overlay-gradient":""}},"ast-content-background-meta":{"desktop":{"background-color":"var(--ast-global-color-5)","background-image":"","background-repeat":"repeat","background-position":"center center","background-size":"auto","background-attachment":"scroll","background-type":"","background-media":"","overlay-type":"","overlay-color":"","overlay-opacity":"","overlay-gradient":""},"tablet":{"background-color":"var(--ast-global-color-5)","background-image":"","background-repeat":"repeat","background-position":"center center","background-size":"auto","background-attachment":"scroll","background-type":"","background-media":"","overlay-type":"","overlay-color":"","overlay-opacity":"","overlay-gradient":""},"mobile":{"background-color":"var(--ast-global-color-5)","background-image":"","background-repeat":"repeat","background-position":"center center","background-size":"auto","background-attachment":"scroll","background-type":"","background-media":"","overlay-type":"","overlay-color":"","overlay-opacity":"","overlay-gradient":""}},"footnotes":""},"class_list":["post-1039","page","type-page","status-publish","hentry"],"post_mailing_queue_ids":[],"_links":{"self":[{"href":"https:\/\/agora.xtec.cat\/insgastronomia\/wp-json\/wp\/v2\/pages\/1039","targetHints":{"allow":["GET"]}}],"collection":[{"href":"https:\/\/agora.xtec.cat\/insgastronomia\/wp-json\/wp\/v2\/pages"}],"about":[{"href":"https:\/\/agora.xtec.cat\/insgastronomia\/wp-json\/wp\/v2\/types\/page"}],"author":[{"embeddable":true,"href":"https:\/\/agora.xtec.cat\/insgastronomia\/wp-json\/wp\/v2\/users\/1"}],"replies":[{"embeddable":true,"href":"https:\/\/agora.xtec.cat\/insgastronomia\/wp-json\/wp\/v2\/comments?post=1039"}],"version-history":[{"count":3,"href":"https:\/\/agora.xtec.cat\/insgastronomia\/wp-json\/wp\/v2\/pages\/1039\/revisions"}],"predecessor-version":[{"id":1072,"href":"https:\/\/agora.xtec.cat\/insgastronomia\/wp-json\/wp\/v2\/pages\/1039\/revisions\/1072"}],"wp:attachment":[{"href":"https:\/\/agora.xtec.cat\/insgastronomia\/wp-json\/wp\/v2\/media?parent=1039"}],"curies":[{"name":"wp","href":"https:\/\/api.w.org\/{rel}","templated":true}]}}