{"id":1035,"date":"2025-07-19T00:48:10","date_gmt":"2025-07-18T22:48:10","guid":{"rendered":"https:\/\/agora.xtec.cat\/insgastronomia\/?page_id=1035"},"modified":"2026-04-10T12:46:50","modified_gmt":"2026-04-10T10:46:50","slug":"sollicituds-de-baixa-del-cicle","status":"publish","type":"page","link":"https:\/\/agora.xtec.cat\/insgastronomia\/sollicituds-de-baixa-del-cicle\/","title":{"rendered":"Sol\u00b7licituds de Baixa del Cicle"},"content":{"rendered":"\n<p>Per fer una baixa del cicle cal omplir el seg\u00fcent formulari&nbsp;<a href=\"https:\/\/docs.google.com\/forms\/d\/e\/1FAIpQLSc378QPaGNFxkl8KGaDMmCpBxxhvYm02YK8hZf2IhL8P4x_Dw\/viewform?usp=sharing&amp;ouid=103296727304435189188\">(<strong>ENLLA\u00c7 FORMULARI<\/strong>)<\/a><\/p>\n\n\n\n<p><a href=\"https:\/\/docs.google.com\/document\/d\/1JXK-DQnZUzF7y4mJrMhV2VEbIvUbXGDL\/edit?usp=drive_link&amp;ouid=106297097057382459824&amp;rtpof=true&amp;sd=true\">Document sol\u00b7licitud de Baixa de matr\u00edcula<\/a><\/p>\n\n\n\n<p>Es podr\u00e0 fer el tr\u00e0mit online sempre i quan l\u2019alumne implicat envi\u00ef des del seu correu del centre la documentaci\u00f3 degudament emplenada i signada, requerida dintre del formulari, junt a la c\u00f2pia des seu DNI per tal de garantir la seva identitat.<\/p>\n\n\n\n<p>En el cas que la baixa sigui acceptada, la secretaria del centre informar\u00e0 per mail o trucada a la persona interessada.<\/p>\n\n\n\n<p><\/p>\n","protected":false},"excerpt":{"rendered":"<p>Per fer una baixa del cicle cal omplir el seg\u00fcent formulari&nbsp;(ENLLA\u00c7 FORMULARI) Document sol\u00b7licitud de Baixa de matr\u00edcula Es podr\u00e0 fer el tr\u00e0mit online sempre i quan l\u2019alumne implicat envi\u00ef des del seu correu del centre la documentaci\u00f3 degudament emplenada i signada, requerida dintre del formulari, junt a la c\u00f2pia des seu DNI per tal [&hellip;]<\/p>\n","protected":false},"author":1,"featured_media":0,"parent":0,"menu_order":0,"comment_status":"closed","ping_status":"close","template":"","meta":{"site-sidebar-layout":"default","site-content-layout":"","ast-site-content-layout":"default","site-content-style":"default","site-sidebar-style":"default","ast-global-header-display":"","ast-banner-title-visibility":"","ast-main-header-display":"","ast-hfb-above-header-display":"","ast-hfb-below-header-display":"","ast-hfb-mobile-header-display":"","site-post-title":"","ast-breadcrumbs-content":"","ast-featured-img":"","footer-sml-layout":"","theme-transparent-header-meta":"","adv-header-id-meta":"","stick-header-meta":"","header-above-stick-meta":"","header-main-stick-meta":"","header-below-stick-meta":"","astra-migrate-meta-layouts":"set","ast-page-background-enabled":"default","ast-page-background-meta":{"desktop":{"background-color":"var(--ast-global-color-4)","background-image":"","background-repeat":"repeat","background-position":"center center","background-size":"auto","background-attachment":"scroll","background-type":"","background-media":"","overlay-type":"","overlay-color":"","overlay-opacity":"","overlay-gradient":""},"tablet":{"background-color":"","background-image":"","background-repeat":"repeat","background-position":"center center","background-size":"auto","background-attachment":"scroll","background-type":"","background-media":"","overlay-type":"","overlay-color":"","overlay-opacity":"","overlay-gradient":""},"mobile":{"background-color":"","background-image":"","background-repeat":"repeat","background-position":"center center","background-size":"auto","background-attachment":"scroll","background-type":"","background-media":"","overlay-type":"","overlay-color":"","overlay-opacity":"","overlay-gradient":""}},"ast-content-background-meta":{"desktop":{"background-color":"var(--ast-global-color-5)","background-image":"","background-repeat":"repeat","background-position":"center center","background-size":"auto","background-attachment":"scroll","background-type":"","background-media":"","overlay-type":"","overlay-color":"","overlay-opacity":"","overlay-gradient":""},"tablet":{"background-color":"var(--ast-global-color-5)","background-image":"","background-repeat":"repeat","background-position":"center center","background-size":"auto","background-attachment":"scroll","background-type":"","background-media":"","overlay-type":"","overlay-color":"","overlay-opacity":"","overlay-gradient":""},"mobile":{"background-color":"var(--ast-global-color-5)","background-image":"","background-repeat":"repeat","background-position":"center center","background-size":"auto","background-attachment":"scroll","background-type":"","background-media":"","overlay-type":"","overlay-color":"","overlay-opacity":"","overlay-gradient":""}},"footnotes":""},"class_list":["post-1035","page","type-page","status-publish","hentry"],"post_mailing_queue_ids":[],"_links":{"self":[{"href":"https:\/\/agora.xtec.cat\/insgastronomia\/wp-json\/wp\/v2\/pages\/1035","targetHints":{"allow":["GET"]}}],"collection":[{"href":"https:\/\/agora.xtec.cat\/insgastronomia\/wp-json\/wp\/v2\/pages"}],"about":[{"href":"https:\/\/agora.xtec.cat\/insgastronomia\/wp-json\/wp\/v2\/types\/page"}],"author":[{"embeddable":true,"href":"https:\/\/agora.xtec.cat\/insgastronomia\/wp-json\/wp\/v2\/users\/1"}],"replies":[{"embeddable":true,"href":"https:\/\/agora.xtec.cat\/insgastronomia\/wp-json\/wp\/v2\/comments?post=1035"}],"version-history":[{"count":4,"href":"https:\/\/agora.xtec.cat\/insgastronomia\/wp-json\/wp\/v2\/pages\/1035\/revisions"}],"predecessor-version":[{"id":1757,"href":"https:\/\/agora.xtec.cat\/insgastronomia\/wp-json\/wp\/v2\/pages\/1035\/revisions\/1757"}],"wp:attachment":[{"href":"https:\/\/agora.xtec.cat\/insgastronomia\/wp-json\/wp\/v2\/media?parent=1035"}],"curies":[{"name":"wp","href":"https:\/\/api.w.org\/{rel}","templated":true}]}}