{"id":5319,"date":"2026-02-20T18:22:29","date_gmt":"2026-02-20T17:22:29","guid":{"rendered":"https:\/\/agora.xtec.cat\/insfortpius\/?page_id=5319"},"modified":"2026-02-20T18:24:53","modified_gmt":"2026-02-20T17:24:53","slug":"centre-preferent-simultaneitat-destudis-musicals","status":"publish","type":"page","link":"https:\/\/agora.xtec.cat\/insfortpius\/alumnat\/centre-preferent-simultaneitat-destudis-musicals\/","title":{"rendered":"Centre preferent simultane\u00eftat d&#8217;estudis musicals"},"content":{"rendered":"<div>\n<p style=\"text-align: justify;\"><strong><a href=\"https:\/\/agora.xtec.cat\/insfortpius\/wp-content\/uploads\/usu2454\/2026\/02\/ri_ya-violin-7775182_1280.jpg\"><img loading=\"lazy\" decoding=\"async\" class=\"wp-image-5320 alignleft\" src=\"https:\/\/agora.xtec.cat\/insfortpius\/wp-content\/uploads\/usu2454\/2026\/02\/ri_ya-violin-7775182_1280-1024x682.jpg\" alt=\"\" width=\"318\" height=\"212\" srcset=\"https:\/\/agora.xtec.cat\/insfortpius\/wp-content\/uploads\/usu2454\/2026\/02\/ri_ya-violin-7775182_1280-1024x682.jpg 1024w, https:\/\/agora.xtec.cat\/insfortpius\/wp-content\/uploads\/usu2454\/2026\/02\/ri_ya-violin-7775182_1280-300x200.jpg 300w, https:\/\/agora.xtec.cat\/insfortpius\/wp-content\/uploads\/usu2454\/2026\/02\/ri_ya-violin-7775182_1280-768x512.jpg 768w, https:\/\/agora.xtec.cat\/insfortpius\/wp-content\/uploads\/usu2454\/2026\/02\/ri_ya-violin-7775182_1280.jpg 1280w\" sizes=\"auto, (max-width: 318px) 100vw, 318px\" \/><\/a>L&#8217;Institut Fort Pius<\/strong> \u00e9s un dels tres centres de refer\u00e8ncia a Barcelona (juntament amb Poeta Maragall i Jaume Balmes) per a l&#8217;alumnat que cursa simult\u00e0niament l&#8217;ESO o el Batxillerat i estudis professionals de m\u00fasica.<br \/>\nA l&#8217;alumnat que cursa aquests estudis se&#8217;ls ofereix un tracte diferencial consistent en:<\/p>\n<ul>\n<li style=\"text-align: justify;\"><strong>Prioritat d&#8217;admissi\u00f3:<\/strong> Els estudiants de m\u00fasica tenen prioritat de matriculaci\u00f3 en el proc\u00e9s de preinscripci\u00f3, encara que no provinguin d&#8217;un centre adscrit sempre que acreditin haver superat les proves d&#8217;acc\u00e9s.<\/li>\n<li style=\"text-align: justify;\"><strong>Adaptaci\u00f3 hor\u00e0ria:<\/strong> Es coordinen els horaris de l&#8217;alumne per facilitar el despla\u00e7ament i la compatibilitat amb centres com el <a href=\"https:\/\/ajuntament.barcelona.cat\/conservatori\/ca\/detail\/institut-jaume-balmes_92086007263\">Conservatori Municipal de M\u00fasica de Barcelona (CMMB)<\/a> o el <a href=\"https:\/\/www.conservatoriliceu.es\/\">Conservatori del Liceu<\/a>.<\/li>\n<li><strong>Convalidacions i reduccions:<\/strong> Gesti\u00f3 espec\u00edfica de la <a href=\"https:\/\/ajuntament.barcelona.cat\/conservatori\/ca\/simultane%C3%AFtat-destudis-amb-leso-i-batxillerat\">convalidaci\u00f3 de mat\u00e8ries<\/a> (com m\u00fasica o optatives) i la reducci\u00f3 d&#8217;hores lectives per dedicar-les a l&#8217;estudi de l&#8217;instrument.<\/li>\n<li><strong>Seguiment tutorial:<\/strong> L&#8217;alumnat que cursa la simultane\u00eftat rep una atenci\u00f3 personalitzada de la tutoria, que t\u00e9 en compte la seva c\u00e0rrega lectiva doble.<\/li>\n<\/ul>\n<p>Si voleu m\u00e9s informaci\u00f3 sobre el proc\u00e9s, contacteu amb nosaltres!<\/p>\n<p><a href=\"https:\/\/agora.xtec.cat\/insfortpius\/wp-content\/uploads\/usu2454\/2026\/02\/ralf1403-piano-8413277_1280.jpg\"><img loading=\"lazy\" decoding=\"async\" class=\"aligncenter size-large wp-image-5321\" src=\"https:\/\/agora.xtec.cat\/insfortpius\/wp-content\/uploads\/usu2454\/2026\/02\/ralf1403-piano-8413277_1280-1024x682.jpg\" alt=\"\" width=\"1024\" height=\"682\" srcset=\"https:\/\/agora.xtec.cat\/insfortpius\/wp-content\/uploads\/usu2454\/2026\/02\/ralf1403-piano-8413277_1280-1024x682.jpg 1024w, https:\/\/agora.xtec.cat\/insfortpius\/wp-content\/uploads\/usu2454\/2026\/02\/ralf1403-piano-8413277_1280-300x200.jpg 300w, https:\/\/agora.xtec.cat\/insfortpius\/wp-content\/uploads\/usu2454\/2026\/02\/ralf1403-piano-8413277_1280-768x512.jpg 768w, https:\/\/agora.xtec.cat\/insfortpius\/wp-content\/uploads\/usu2454\/2026\/02\/ralf1403-piano-8413277_1280.jpg 1280w\" sizes=\"auto, (max-width: 1024px) 100vw, 1024px\" \/><\/a><\/p>\n<\/div>\n","protected":false},"excerpt":{"rendered":"<p><a href=\"https:\/\/agora.xtec.cat\/insfortpius\/wp-content\/uploads\/usu2454\/2026\/02\/ri_ya-violin-7775182_1280.jpg\"><\/a>L&#8217;Institut Fort Pius \u00e9s un dels tres centres de refer\u00e8ncia a Barcelona (juntament amb Poeta Maragall i Jaume Balmes) per a l&#8217;alumnat que cursa simult\u00e0niament l&#8217;ESO o el Batxillerat i estudis professionals de m\u00fasica.<br \/>\nA l&#8217;alumnat que cursa aquests estudis se&#8217;ls ofereix un tracte diferencial&hellip;  <a href=\"https:\/\/agora.xtec.cat\/insfortpius\/alumnat\/centre-preferent-simultaneitat-destudis-musicals\/\" title=\"Read Centre preferent simultane\u00eftat d&#8217;estudis musicals\">Llegeix m\u00e9s\u00bb<\/a><\/p>\n","protected":false},"author":1,"featured_media":0,"parent":3857,"menu_order":0,"comment_status":"closed","ping_status":"closed","template":"","meta":{"_bbp_topic_count":0,"_bbp_reply_count":0,"_bbp_total_topic_count":0,"_bbp_total_reply_count":0,"_bbp_voice_count":0,"_bbp_anonymous_reply_count":0,"_bbp_topic_count_hidden":0,"_bbp_reply_count_hidden":0,"_bbp_forum_subforum_count":0,"footnotes":""},"class_list":["post-5319","page","type-page","status-publish","hentry"],"post_mailing_queue_ids":[],"_links":{"self":[{"href":"https:\/\/agora.xtec.cat\/insfortpius\/wp-json\/wp\/v2\/pages\/5319","targetHints":{"allow":["GET"]}}],"collection":[{"href":"https:\/\/agora.xtec.cat\/insfortpius\/wp-json\/wp\/v2\/pages"}],"about":[{"href":"https:\/\/agora.xtec.cat\/insfortpius\/wp-json\/wp\/v2\/types\/page"}],"author":[{"embeddable":true,"href":"https:\/\/agora.xtec.cat\/insfortpius\/wp-json\/wp\/v2\/users\/1"}],"replies":[{"embeddable":true,"href":"https:\/\/agora.xtec.cat\/insfortpius\/wp-json\/wp\/v2\/comments?post=5319"}],"version-history":[{"count":1,"href":"https:\/\/agora.xtec.cat\/insfortpius\/wp-json\/wp\/v2\/pages\/5319\/revisions"}],"predecessor-version":[{"id":5322,"href":"https:\/\/agora.xtec.cat\/insfortpius\/wp-json\/wp\/v2\/pages\/5319\/revisions\/5322"}],"up":[{"embeddable":true,"href":"https:\/\/agora.xtec.cat\/insfortpius\/wp-json\/wp\/v2\/pages\/3857"}],"wp:attachment":[{"href":"https:\/\/agora.xtec.cat\/insfortpius\/wp-json\/wp\/v2\/media?parent=5319"}],"curies":[{"name":"wp","href":"https:\/\/api.w.org\/{rel}","templated":true}]}}