{"id":1354,"date":"2022-02-15T18:41:43","date_gmt":"2022-02-15T17:41:43","guid":{"rendered":"https:\/\/agora.xtec.cat\/insfortpius\/?page_id=1354"},"modified":"2025-09-30T08:57:22","modified_gmt":"2025-09-30T06:57:22","slug":"dretdevaga","status":"publish","type":"page","link":"https:\/\/agora.xtec.cat\/insfortpius\/alumnat\/dretdevaga\/","title":{"rendered":"Dret de vaga"},"content":{"rendered":"<p style=\"text-align: justify;\">L&#8217;alumnat de l&#8217;Institut t\u00e9 el dret de fer vaga per adhesi\u00f3 a la convocat\u00f2ria realitzada per un sindicat estudiantil que els representi.<br \/>\nPer exercir aquest dret, reglamentat pel Decret d&#8217;Autonomia de centres educatius, han de seguir el <a href=\"https:\/\/drive.google.com\/file\/d\/11jTPtTgmjtRgPGqegkfvUqxlzMHW_O5T\/view?usp=sharing\">protocol aprovat en les NOFC del centre<\/a>.<br \/>\nL&#8217;alumnat que es vulgui adherir a la vaga haur\u00e0 de presentar i lliurar al seu delegat el dia abans de la vaga <a href=\"https:\/\/drive.google.com\/file\/d\/1NkHLR5Jz0e_Ht3v_rBwMKqger3XJNFWb\/view?usp=sharing\">l&#8217;autoritzaci\u00f3 dels seus tutors<\/a> per a exercir aquest dret.<\/p>\n<p style=\"text-align: justify;\"><strong>Els documents que no es lliurin a les persones responsables o els lliurats fora de termini no tindran validesa.<\/strong><\/p>\n","protected":false},"excerpt":{"rendered":"<p>L&#8217;alumnat de l&#8217;Institut t\u00e9 el dret de fer vaga per adhesi\u00f3 a la convocat\u00f2ria realitzada per un sindicat estudiantil que els representi.<br \/>\nPer exercir aquest dret, reglamentat pel Decret d&#8217;Autonomia de centres educatius, han de seguir el <a href=\"https:\/\/drive.google.com\/file\/d\/11jTPtTgmjtRgPGqegkfvUqxlzMHW_O5T\/view?usp=sharing\">protocol aprovat en les NOFC del centre<\/a>.<br \/>\nL&#8217;alumnat que&hellip;  <a href=\"https:\/\/agora.xtec.cat\/insfortpius\/alumnat\/dretdevaga\/\" title=\"Read Dret de vaga\">Llegeix m\u00e9s\u00bb<\/a><\/p>\n","protected":false},"author":1,"featured_media":0,"parent":3857,"menu_order":5,"comment_status":"closed","ping_status":"closed","template":"","meta":{"_bbp_topic_count":0,"_bbp_reply_count":0,"_bbp_total_topic_count":0,"_bbp_total_reply_count":0,"_bbp_voice_count":0,"_bbp_anonymous_reply_count":0,"_bbp_topic_count_hidden":0,"_bbp_reply_count_hidden":0,"_bbp_forum_subforum_count":0,"footnotes":""},"class_list":["post-1354","page","type-page","status-publish","hentry"],"post_mailing_queue_ids":[],"_links":{"self":[{"href":"https:\/\/agora.xtec.cat\/insfortpius\/wp-json\/wp\/v2\/pages\/1354","targetHints":{"allow":["GET"]}}],"collection":[{"href":"https:\/\/agora.xtec.cat\/insfortpius\/wp-json\/wp\/v2\/pages"}],"about":[{"href":"https:\/\/agora.xtec.cat\/insfortpius\/wp-json\/wp\/v2\/types\/page"}],"author":[{"embeddable":true,"href":"https:\/\/agora.xtec.cat\/insfortpius\/wp-json\/wp\/v2\/users\/1"}],"replies":[{"embeddable":true,"href":"https:\/\/agora.xtec.cat\/insfortpius\/wp-json\/wp\/v2\/comments?post=1354"}],"version-history":[{"count":6,"href":"https:\/\/agora.xtec.cat\/insfortpius\/wp-json\/wp\/v2\/pages\/1354\/revisions"}],"predecessor-version":[{"id":4983,"href":"https:\/\/agora.xtec.cat\/insfortpius\/wp-json\/wp\/v2\/pages\/1354\/revisions\/4983"}],"up":[{"embeddable":true,"href":"https:\/\/agora.xtec.cat\/insfortpius\/wp-json\/wp\/v2\/pages\/3857"}],"wp:attachment":[{"href":"https:\/\/agora.xtec.cat\/insfortpius\/wp-json\/wp\/v2\/media?parent=1354"}],"curies":[{"name":"wp","href":"https:\/\/api.w.org\/{rel}","templated":true}]}}