{"id":997,"date":"2021-07-31T10:18:59","date_gmt":"2021-07-31T08:18:59","guid":{"rendered":"https:\/\/agora.xtec.cat\/inseugenixammar\/?page_id=997"},"modified":"2026-02-18T06:09:07","modified_gmt":"2026-02-18T05:09:07","slug":"informacio-intercanvi-amb-alemanya","status":"publish","type":"page","link":"https:\/\/agora.xtec.cat\/inseugenixammar\/informacio-intercanvi-amb-alemanya\/","title":{"rendered":"Informaci\u00f3 intercanvi amb Alemanya"},"content":{"rendered":"<p style=\"text-align: justify;\">Benvolgudes fam\u00edlies,<\/p>\n<p style=\"text-align: justify;\">Com alguns ja sabreu,\u00a0portem des del 2015 portant a terme un\u00a0intercanvi\u00a0amb un institut d&#8217;Alemanya. Ens adrecem a vosaltres per si us pot interessar. A continuaci\u00f3, teniu la\u00a0informaci\u00f3:<\/p>\n<p style=\"text-align: justify;\"><strong>En qu\u00e8 consisteix?<\/strong><br \/>\nL&#8217;alumnat alemany ve a passar gaireb\u00e9 una setmana, a casa de la seva parella d&#8217;intercanvi\u00a0(un alumne del nostre centre). Pr\u00e8viament, els posem en contacte perqu\u00e8 es vagin coneixent via e-mail o tel\u00e8fon. Despr\u00e9s el nostre alumnat va all\u00e0 i repeteix l&#8217;experi\u00e8ncia a l&#8217;inrev\u00e9s. En ambd\u00f3s viatges, estan presents dos professors alemanys com a responsables del grup alemany i en David Rodr\u00edguez i la Bea Mart\u00ednez, professors del nostre centre, com a responsables dels nostre alumnat.<\/p>\n<p style=\"text-align: justify;\"><strong>Objectiu<\/strong><br \/>\nElls estudien tots espanyol com una assignatura m\u00e9s i practicar l&#8217;idioma \u00e9s el motor inicial de l&#8217;intercanvi. Per al nostre alumnat \u00e9s una bona oportunitat per a practicar angl\u00e8s i alemany (els que en s\u00e0piguen). Ara b\u00e9, l&#8217;experi\u00e8ncia va molt m\u00e9s enll\u00e0: trobar-se amb nois i noies de la seva edat d&#8217;una nacionalitat diferent, con\u00e8ixer un altre pa\u00eds i una altra cultura, conviure amb una fam\u00edlia, crear vincles i&#8230;en definitiva, viure aquesta experi\u00e8ncia.<\/p>\n<p style=\"text-align: justify;\"><strong>Quan?<\/strong><br \/>\nPels volts del mar\u00e7 ells ens visiten i despr\u00e9s anem nosaltres a Alemanya (les dates varien segons l&#8217;any).<\/p>\n<p style=\"text-align: justify;\"><strong>On?<\/strong><br \/>\nEl centre \u00e9s una escola privada de prim\u00e0ria i secund\u00e0ria, <a>Obermayer Europa Schule<\/a>\u00a0est\u00e0 situat a <a>Taunusstein<\/a>, un petit poble molt proper a la ciutat de Wiesbaden (capital de l&#8217;estat federat de Hessen).<\/p>\n<p style=\"text-align: justify;\"><strong>Qu\u00e8 he de fer com a fam\u00edlia d&#8217;acollida?\u00a0<\/strong><br \/>\nDurant els dies entre setmana, des del centre tenim programades visites i activitats que ocuparan la major part del dia, als vespres i durant el cap de setmana, simplement, acollir-los com us agradaria que acollissin al vostre fill\/a.<\/p>\n<p><strong>Qui pot participar?\u00a0<\/strong><br \/>\nAlumnat del curs de 2n i 3r d&#8217;ESO. Les places s\u00f3n limitades, aix\u00ed que prioritzarem aquell alumnat que estudi\u00ef o hagi estudiat alemany, per\u00f2 aix\u00f2 no \u00e9s requisit indispensable, ja que tamb\u00e9 \u00e9s una molt bona oportunitat per practicar angl\u00e8s.<\/p>\n<p><strong>Com podeu demanar de participar?<\/strong><br \/>\n<span class=\"color_15\">Rebreu les instruccions al correu electr\u00f2nic, quan sigui el per\u00edode de sol\u00b7licitar-ho.<\/span><\/p>\n<p>El correu de contacte \u00e9s intercanvi@inseugenixammar.cat<\/p>\n","protected":false},"excerpt":{"rendered":"<p>Benvolgudes fam\u00edlies,<br \/>\nCom alguns ja sabreu,\u00a0portem des del 2015 portant a terme un\u00a0intercanvi\u00a0amb un institut d&#8217;Alemanya. Ens adrecem a vosaltres per si us pot interessar. A continuaci\u00f3, teniu la\u00a0informaci\u00f3:<br \/>\nEn qu\u00e8 consisteix?<br \/>\nL&#8217;alumnat alemany ve a passar gaireb\u00e9 una setmana, a casa de la seva parella d&#8217;intercanvi\u00a0(un alumne&hellip;  <a href=\"https:\/\/agora.xtec.cat\/inseugenixammar\/informacio-intercanvi-amb-alemanya\/\" title=\"Read Informaci\u00f3 intercanvi amb Alemanya\">Llegeix m\u00e9s\u00bb<\/a><\/p>\n","protected":false},"author":5,"featured_media":0,"parent":0,"menu_order":0,"comment_status":"closed","ping_status":"closed","template":"page-templates\/side-menu.php","meta":{"_bbp_topic_count":0,"_bbp_reply_count":0,"_bbp_total_topic_count":0,"_bbp_total_reply_count":0,"_bbp_voice_count":0,"_bbp_anonymous_reply_count":0,"_bbp_topic_count_hidden":0,"_bbp_reply_count_hidden":0,"_bbp_forum_subforum_count":0,"footnotes":""},"class_list":["post-997","page","type-page","status-publish","hentry"],"post_mailing_queue_ids":[],"_links":{"self":[{"href":"https:\/\/agora.xtec.cat\/inseugenixammar\/wp-json\/wp\/v2\/pages\/997","targetHints":{"allow":["GET"]}}],"collection":[{"href":"https:\/\/agora.xtec.cat\/inseugenixammar\/wp-json\/wp\/v2\/pages"}],"about":[{"href":"https:\/\/agora.xtec.cat\/inseugenixammar\/wp-json\/wp\/v2\/types\/page"}],"author":[{"embeddable":true,"href":"https:\/\/agora.xtec.cat\/inseugenixammar\/wp-json\/wp\/v2\/users\/5"}],"replies":[{"embeddable":true,"href":"https:\/\/agora.xtec.cat\/inseugenixammar\/wp-json\/wp\/v2\/comments?post=997"}],"version-history":[{"count":6,"href":"https:\/\/agora.xtec.cat\/inseugenixammar\/wp-json\/wp\/v2\/pages\/997\/revisions"}],"predecessor-version":[{"id":3979,"href":"https:\/\/agora.xtec.cat\/inseugenixammar\/wp-json\/wp\/v2\/pages\/997\/revisions\/3979"}],"wp:attachment":[{"href":"https:\/\/agora.xtec.cat\/inseugenixammar\/wp-json\/wp\/v2\/media?parent=997"}],"curies":[{"name":"wp","href":"https:\/\/api.w.org\/{rel}","templated":true}]}}