{"id":993,"date":"2021-07-31T10:15:12","date_gmt":"2021-07-31T08:15:12","guid":{"rendered":"https:\/\/agora.xtec.cat\/inseugenixammar\/?page_id=993"},"modified":"2025-09-24T11:31:23","modified_gmt":"2025-09-24T09:31:23","slug":"intercanvi-amb-alemanya","status":"publish","type":"page","link":"https:\/\/agora.xtec.cat\/inseugenixammar\/projectes\/intercanvi-amb-alemanya\/","title":{"rendered":"Intercanvi a Alemanya"},"content":{"rendered":"<p style=\"text-align: justify;\"><span style=\"color: #000000;\">Fa anys que el centre realitza un intercanvi amb alumnes alemanys. En funci\u00f3 de l&#8217;any,\u00a0 el realitzem a un curs o altre.<\/span><\/p>\n<table style=\"border-collapse: collapse; width: 95.9391%;\">\n<tbody>\n<tr>\n<td style=\"width: 25%;\"><a href=\"https:\/\/obermayr-education.com\/hp1\/Home.htm\" target=\"_blank\" rel=\"noopener\"><img loading=\"lazy\" decoding=\"async\" class=\"size-full wp-image-2950 alignleft\" src=\"https:\/\/agora.xtec.cat\/inseugenixammar\/wp-content\/uploads\/usu2541\/2024\/02\/intercanvi-alemanya-logo.png\" alt=\"\" width=\"255\" height=\"130\" \/><\/a><\/td>\n<td style=\"width: 66.7694%;\" colspan=\"3\">\n<p style=\"text-align: justify;\">L&#8217;intercanvi amb Alemanya \u00e9s un intercanvi cultural amb l&#8217;alumnat de l&#8217;<strong>OBERMAYR EUROPEAN EDUCATION<\/strong>, una escola de prim\u00e0ria i secund\u00e0ria situada a <span style=\"color: #000000;\"><strong><a style=\"color: #000000;\">Taunusstein<\/a><\/strong><\/span>, un petit poble molt proper a la ciutat de Wiesbaden (capital de l\u2019estat federat de Hessen).<\/p>\n<p style=\"text-align: justify;\">Ells estudien tots espanyol com una assignatura m\u00e9s i practicar l\u2019idioma \u00e9s el motor inicial de l\u2019intercanvi. Per al nostre alumnat \u00e9s una bona oportunitat per a practicar angl\u00e8s i alemany (els que en s\u00e0piguen). Ara b\u00e9, l\u2019experi\u00e8ncia va molt m\u00e9s enll\u00e0: trobar-se amb nois i noies de la seva edat d\u2019una nacionalitat diferent, con\u00e8ixer un altre pa\u00eds i una altra cultura, conviure amb una fam\u00edlia, crear vincles i\u2026en definitiva, viure aquesta experi\u00e8ncia.<\/p>\n<\/td>\n<\/tr>\n<tr>\n<td style=\"width: 46.6945%;\" colspan=\"2\" rowspan=\"2\">\n<p style=\"text-align: center;\"><span style=\"color: #800080;\"><strong>del 16\/03\/26 al\u00a0 22\/03\/26\u00a0fem d&#8217;amfitrions<\/strong><\/span><\/p>\n<p style=\"text-align: center;\"><span style=\"color: #800080;\"><strong>del 17\/06\/26 al 23\/06\/26 viatgem a Taunusstein<\/strong><\/span><\/p>\n<p class=\"font_7\" style=\"text-align: justify;\"><span style=\"color: #000000;\">Primer ens toca fer d&#8217;amfitrions, rebent l&#8217;alumnat alemany que s&#8217;allotjar\u00e0 amb la fam\u00edlia de la seva parella d&#8217;intercanvi (alumna\/e del nostre centre) i cap al final de curs, el nostre alumnat viatja a Alemanya on tindr\u00e0 una experi\u00e8ncia semblant.<\/span><\/p>\n<p class=\"font_7\" style=\"text-align: justify;\"><span style=\"color: #000000;\"><span class=\"wixGuard\">\u200b<\/span>L&#8217;objectiu inicial \u00e9s que els alumnes alemanys practiquin l&#8217;espanyol, que estan estudiant al seu institut, i que els nostres ho facin amb l&#8217;alemany (si s&#8217;escau) o l&#8217;angl\u00e8s.<\/span><\/p>\n<p class=\"font_7\" style=\"text-align: justify;\"><span style=\"color: #000000;\">Tanmateix, l&#8217;experi\u00e8ncia va molt m\u00e9s enll\u00e0:<\/span><\/p>\n<ul>\n<li class=\"font_7\" style=\"text-align: justify;\"><span style=\"color: #000000;\">Trobar-se amb nois i noies de la seva edat d&#8217;una nacionalitat diferent.<\/span><\/li>\n<li class=\"font_7\" style=\"text-align: justify;\"><span style=\"color: #000000;\">Con\u00e8ixer un altre pa\u00eds.<\/span><\/li>\n<li class=\"font_7\" style=\"text-align: justify;\"><span style=\"color: #000000;\">Conviure amb una fam\u00edlia que no \u00e9s la seva.<\/span><\/li>\n<li class=\"font_7\" style=\"text-align: justify;\"><span style=\"color: #000000;\">Crear vincles que poden tenir continu\u00eftat.<\/span><\/li>\n<\/ul>\n<p style=\"text-align: justify;\"><strong><span style=\"color: #000000;\">En definitiva, pretenem que el nostre alumnat visqui una experi\u00e8ncia inoblidable!!<\/span><\/strong><\/p>\n<p>En<a href=\"https:\/\/agora.xtec.cat\/inseugenixammar\/informacio-intercanvi-amb-alemanya\/\" target=\"_blank\" rel=\"noopener\"> aquest enlla\u00e7 <\/a>podreu accedir a la carta informativa.<\/td>\n<td style=\"width: 45.0748%;\" colspan=\"2\"><a href=\"https:\/\/agora.xtec.cat\/inseugenixammar\/wp-content\/uploads\/usu2541\/2021\/07\/bienvenidos.jpg\"><img loading=\"lazy\" decoding=\"async\" class=\"alignnone size-large wp-image-994\" src=\"https:\/\/agora.xtec.cat\/inseugenixammar\/wp-content\/uploads\/usu2541\/2021\/07\/bienvenidos-1024x576.jpg\" alt=\"\" width=\"1024\" height=\"576\" srcset=\"https:\/\/agora.xtec.cat\/inseugenixammar\/wp-content\/uploads\/usu2541\/2021\/07\/bienvenidos-1024x576.jpg 1024w, https:\/\/agora.xtec.cat\/inseugenixammar\/wp-content\/uploads\/usu2541\/2021\/07\/bienvenidos-300x169.jpg 300w, https:\/\/agora.xtec.cat\/inseugenixammar\/wp-content\/uploads\/usu2541\/2021\/07\/bienvenidos-768x432.jpg 768w, https:\/\/agora.xtec.cat\/inseugenixammar\/wp-content\/uploads\/usu2541\/2021\/07\/bienvenidos-1536x864.jpg 1536w, https:\/\/agora.xtec.cat\/inseugenixammar\/wp-content\/uploads\/usu2541\/2021\/07\/bienvenidos-2048x1152.jpg 2048w\" sizes=\"auto, (max-width: 1024px) 100vw, 1024px\" \/><\/a><\/td>\n<\/tr>\n<tr>\n<td style=\"width: 45.0748%;\" colspan=\"2\"><a href=\"https:\/\/agora.xtec.cat\/inseugenixammar\/wp-content\/uploads\/usu2541\/2021\/07\/IMG_20180316_154718_036-scaled.jpg\"><img loading=\"lazy\" decoding=\"async\" class=\"alignnone wp-image-995\" src=\"https:\/\/agora.xtec.cat\/inseugenixammar\/wp-content\/uploads\/usu2541\/2021\/07\/IMG_20180316_154718_036-1024x768.jpg\" alt=\"\" width=\"651\" height=\"488\" srcset=\"https:\/\/agora.xtec.cat\/inseugenixammar\/wp-content\/uploads\/usu2541\/2021\/07\/IMG_20180316_154718_036-1024x768.jpg 1024w, https:\/\/agora.xtec.cat\/inseugenixammar\/wp-content\/uploads\/usu2541\/2021\/07\/IMG_20180316_154718_036-300x225.jpg 300w, https:\/\/agora.xtec.cat\/inseugenixammar\/wp-content\/uploads\/usu2541\/2021\/07\/IMG_20180316_154718_036-768x576.jpg 768w, https:\/\/agora.xtec.cat\/inseugenixammar\/wp-content\/uploads\/usu2541\/2021\/07\/IMG_20180316_154718_036-1536x1152.jpg 1536w, https:\/\/agora.xtec.cat\/inseugenixammar\/wp-content\/uploads\/usu2541\/2021\/07\/IMG_20180316_154718_036-2048x1536.jpg 2048w, https:\/\/agora.xtec.cat\/inseugenixammar\/wp-content\/uploads\/usu2541\/2021\/07\/IMG_20180316_154718_036-200x150.jpg 200w\" sizes=\"auto, (max-width: 651px) 100vw, 651px\" \/><\/a><\/td>\n<\/tr>\n<\/tbody>\n<\/table>\n<p>&nbsp;<\/p>\n<p class=\"font_8\" style=\"font-family: 'Helvetica Neue', Helvetica, Helvetica, Arial, sans-serif; font-size: 14px;\">\u200b<\/p>\n","protected":false},"excerpt":{"rendered":"<p>Fa anys que el centre realitza un intercanvi amb alumnes alemanys. En funci\u00f3 de l&#8217;any,\u00a0 el realitzem a un curs o altre.<\/p>\n<p><a href=\"https:\/\/obermayr-education.com\/hp1\/Home.htm\" target=\"_blank\" rel=\"noopener\"><\/a><\/p>\n<p>L&#8217;intercanvi amb Alemanya \u00e9s un intercanvi cultural amb l&#8217;alumnat de l&#8217;OBERMAYR EUROPEAN EDUCATION, una escola de prim\u00e0ria i secund\u00e0ria situada a&hellip;  <a href=\"https:\/\/agora.xtec.cat\/inseugenixammar\/projectes\/intercanvi-amb-alemanya\/\" title=\"Read Intercanvi a Alemanya\">Llegeix m\u00e9s\u00bb<\/a><\/p>\n","protected":false},"author":5,"featured_media":0,"parent":1007,"menu_order":20,"comment_status":"closed","ping_status":"closed","template":"page-templates\/side-menu.php","meta":{"_bbp_topic_count":0,"_bbp_reply_count":0,"_bbp_total_topic_count":0,"_bbp_total_reply_count":0,"_bbp_voice_count":0,"_bbp_anonymous_reply_count":0,"_bbp_topic_count_hidden":0,"_bbp_reply_count_hidden":0,"_bbp_forum_subforum_count":0,"footnotes":""},"class_list":["post-993","page","type-page","status-publish","hentry"],"post_mailing_queue_ids":[],"_links":{"self":[{"href":"https:\/\/agora.xtec.cat\/inseugenixammar\/wp-json\/wp\/v2\/pages\/993","targetHints":{"allow":["GET"]}}],"collection":[{"href":"https:\/\/agora.xtec.cat\/inseugenixammar\/wp-json\/wp\/v2\/pages"}],"about":[{"href":"https:\/\/agora.xtec.cat\/inseugenixammar\/wp-json\/wp\/v2\/types\/page"}],"author":[{"embeddable":true,"href":"https:\/\/agora.xtec.cat\/inseugenixammar\/wp-json\/wp\/v2\/users\/5"}],"replies":[{"embeddable":true,"href":"https:\/\/agora.xtec.cat\/inseugenixammar\/wp-json\/wp\/v2\/comments?post=993"}],"version-history":[{"count":6,"href":"https:\/\/agora.xtec.cat\/inseugenixammar\/wp-json\/wp\/v2\/pages\/993\/revisions"}],"predecessor-version":[{"id":3861,"href":"https:\/\/agora.xtec.cat\/inseugenixammar\/wp-json\/wp\/v2\/pages\/993\/revisions\/3861"}],"up":[{"embeddable":true,"href":"https:\/\/agora.xtec.cat\/inseugenixammar\/wp-json\/wp\/v2\/pages\/1007"}],"wp:attachment":[{"href":"https:\/\/agora.xtec.cat\/inseugenixammar\/wp-json\/wp\/v2\/media?parent=993"}],"curies":[{"name":"wp","href":"https:\/\/api.w.org\/{rel}","templated":true}]}}