{"id":874,"date":"2021-07-26T00:02:14","date_gmt":"2021-07-25T22:02:14","guid":{"rendered":"https:\/\/agora.xtec.cat\/inseugenixammar\/?page_id=874"},"modified":"2025-09-23T22:22:38","modified_gmt":"2025-09-23T20:22:38","slug":"treballs-de-sintesi-i-projecte-de-recerca","status":"publish","type":"page","link":"https:\/\/agora.xtec.cat\/inseugenixammar\/treballs-de-sintesi-i-projecte-de-recerca\/","title":{"rendered":"Treballs de s\u00edntesi i Projecte de recerca"},"content":{"rendered":"<p style=\"text-align: justify;\">El\u00a0<strong>treball de s\u00edntesi<\/strong>\u00a0\u00e9s un conjunt d&#8217;activitats d&#8217;ensenyament i aprenentatge, fetes en equip, per desenvolupar compet\u00e8ncies complexes i comprovar si s&#8217;ha aconseguit, i fins a quin punt, que l&#8217;alumnat sigui capa\u00e7 d&#8217;aplicar les compet\u00e8ncies b\u00e0siques treballades en les diferents mat\u00e8ries per a la resoluci\u00f3 de q\u00fcestions i problemes relacionats amb la vida pr\u00e0ctica. Integra continguts de diverses mat\u00e8ries i admet diferents concrecions temporals. Es fa en els cursos de 1r, 2n i 3r d&#8217;ESO.<\/p>\n<p>En el nostre centre, els treballs de S\u00edntesi que es duen a terme s\u00f3n els seg\u00fcents:<\/p>\n<table style=\"border-collapse: collapse; width: 100%; height: 196px;\">\n<tbody>\n<tr style=\"height: 49px;\">\n<td style=\"width: 33.3333%; height: 49px;\"><\/td>\n<td style=\"width: 33.3333%; text-align: center; height: 49px;\">\n<h5 class=\"font_5\"><strong><span style=\"color: #0a038d;\">T\u00cdTOL<\/span><\/strong><\/h5>\n<\/td>\n<\/tr>\n<tr style=\"height: 49px;\">\n<td style=\"width: 33.3333%; height: 49px;\">\n<h5 class=\"font_5\"><strong><span style=\"color: #0a038d;\">1r d&#8217;ESO<\/span><\/strong><\/h5>\n<\/td>\n<td style=\"width: 33.3333%; height: 49px;\">Els romans a casa nostra<\/td>\n<\/tr>\n<tr style=\"height: 49px;\">\n<td style=\"width: 33.3333%; height: 49px;\">\n<h5 class=\"font_5\"><strong><span style=\"color: #0a038d;\">2n d&#8217;ESO<\/span><\/strong><\/h5>\n<\/td>\n<td style=\"width: 33.3333%; height: 49px;\">El mar i els seus recursos<\/td>\n<\/tr>\n<tr style=\"height: 49px;\">\n<td style=\"width: 33.3333%; height: 49px;\">\n<h5 class=\"font_5\"><strong><span style=\"color: #0a038d;\">3r d&#8217;ESO<\/span><\/strong><\/h5>\n<\/td>\n<td style=\"width: 33.3333%; height: 49px;\">Coneixem les nostres opcions de futur<\/td>\n<\/tr>\n<\/tbody>\n<\/table>\n<p class=\"font_7\" style=\"text-align: justify;\">El\u00a0<strong>projecte de recerca<\/strong> \u00e9s un conjunt d&#8217;activitats de descoberta i recerca realitzades per l&#8217;alumnat de 4t d&#8217;ESO en equip, sobre un tema transversal del curr\u00edculum o focalitzat en un \u00e0mbit determinat, per tal de comprovar el grau d&#8217;autonomia de l&#8217;alumnat i la seva capacitat per treballar en grup. Al nostre centre aquest projecte es duu conjuntament amb el terme al viatge de final d&#8217;etapa.<\/p>\n<table style=\"border-collapse: collapse; width: 100%;\">\n<tbody>\n<tr>\n<td style=\"width: 33.3333%;\"><\/td>\n<td style=\"width: 33.3333%; text-align: center;\">\n<h5 class=\"font_5\"><strong><span style=\"color: #0a038d;\">T\u00cdTOL<\/span><\/strong><\/h5>\n<\/td>\n<\/tr>\n<tr>\n<td style=\"width: 33.3333%;\">\n<h5 class=\"font_5\"><strong><span style=\"color: #0a038d;\">4t d&#8217;ESO<\/span><\/strong><\/h5>\n<\/td>\n<td style=\"width: 33.3333%;\">Viatge final d&#8217;etapa!<\/td>\n<\/tr>\n<\/tbody>\n<\/table>\n<p class=\"font_7\">\n","protected":false},"excerpt":{"rendered":"<p>El\u00a0treball de s\u00edntesi\u00a0\u00e9s un conjunt d&#8217;activitats d&#8217;ensenyament i aprenentatge, fetes en equip, per desenvolupar compet\u00e8ncies complexes i comprovar si s&#8217;ha aconseguit, i fins a quin punt, que l&#8217;alumnat sigui capa\u00e7 d&#8217;aplicar les compet\u00e8ncies b\u00e0siques treballades en les diferents mat\u00e8ries per a la resoluci\u00f3 de q\u00fcestions&hellip;  <a href=\"https:\/\/agora.xtec.cat\/inseugenixammar\/treballs-de-sintesi-i-projecte-de-recerca\/\" title=\"Read Treballs de s\u00edntesi i Projecte de recerca\">Llegeix m\u00e9s\u00bb<\/a><\/p>\n","protected":false},"author":1,"featured_media":0,"parent":0,"menu_order":0,"comment_status":"closed","ping_status":"closed","template":"","meta":{"_bbp_topic_count":0,"_bbp_reply_count":0,"_bbp_total_topic_count":0,"_bbp_total_reply_count":0,"_bbp_voice_count":0,"_bbp_anonymous_reply_count":0,"_bbp_topic_count_hidden":0,"_bbp_reply_count_hidden":0,"_bbp_forum_subforum_count":0,"footnotes":""},"class_list":["post-874","page","type-page","status-publish","hentry"],"post_mailing_queue_ids":[],"_links":{"self":[{"href":"https:\/\/agora.xtec.cat\/inseugenixammar\/wp-json\/wp\/v2\/pages\/874","targetHints":{"allow":["GET"]}}],"collection":[{"href":"https:\/\/agora.xtec.cat\/inseugenixammar\/wp-json\/wp\/v2\/pages"}],"about":[{"href":"https:\/\/agora.xtec.cat\/inseugenixammar\/wp-json\/wp\/v2\/types\/page"}],"author":[{"embeddable":true,"href":"https:\/\/agora.xtec.cat\/inseugenixammar\/wp-json\/wp\/v2\/users\/1"}],"replies":[{"embeddable":true,"href":"https:\/\/agora.xtec.cat\/inseugenixammar\/wp-json\/wp\/v2\/comments?post=874"}],"version-history":[{"count":4,"href":"https:\/\/agora.xtec.cat\/inseugenixammar\/wp-json\/wp\/v2\/pages\/874\/revisions"}],"predecessor-version":[{"id":3859,"href":"https:\/\/agora.xtec.cat\/inseugenixammar\/wp-json\/wp\/v2\/pages\/874\/revisions\/3859"}],"wp:attachment":[{"href":"https:\/\/agora.xtec.cat\/inseugenixammar\/wp-json\/wp\/v2\/media?parent=874"}],"curies":[{"name":"wp","href":"https:\/\/api.w.org\/{rel}","templated":true}]}}