{"id":526,"date":"2021-06-12T20:20:07","date_gmt":"2021-06-12T18:20:07","guid":{"rendered":"https:\/\/agora.xtec.cat\/inseugenixammar\/?page_id=526"},"modified":"2024-02-13T20:46:12","modified_gmt":"2024-02-13T19:46:12","slug":"servei-comunitari","status":"publish","type":"page","link":"https:\/\/agora.xtec.cat\/inseugenixammar\/trets-didentitat\/servei-comunitari\/","title":{"rendered":"Servei comunitari"},"content":{"rendered":"<p style=\"text-align: center;\"><strong><span style=\"color: #33cccc;\">Coneixement i esfor\u00e7 orientats a la cooperaci\u00f3 amb les entitats de l\u2019Ametlla del Vall\u00e8s<\/span><\/strong><\/p>\n<p style=\"text-align: justify;\">El Servei comunitari \u00e9s una acci\u00f3 educativa destinada a\u00a0 desenvolupar la Compet\u00e8ncia social i ciutadana. L&#8217;alumne, amb la finalitat de millorar el seu entorn, realitza un servei a la comunitat, aplicant els seus coneixements, capacitats i habilitats.<\/p>\n<p style=\"text-align: justify;\">La seva finalitat \u00e9s garantir que els estudiants, al llarg de la seva traject\u00f2ria escolar, experimentin i protagonitzin accions de comprom\u00eds c\u00edvic.<\/p>\n<p>A l&#8217;Eugeni Xammar es realitza a 4t d&#8217;ESO i s&#8217;intenta que tots els \u00e0mbits en els que treballem estiguin lligats al municipi i al nostre entorn m\u00e9s proper.<\/p>\n<table style=\"border-collapse: collapse; width: 100%; height: 807px;\">\n<tbody>\n<tr style=\"height: 457px;\">\n<td style=\"width: 51.5286%; height: 457px;\"><a href=\"https:\/\/agora.xtec.cat\/inseugenixammar\/wp-content\/uploads\/usu2541\/2021\/10\/servei-com-01.png\"><img loading=\"lazy\" decoding=\"async\" class=\"wp-image-1370 aligncenter\" src=\"https:\/\/agora.xtec.cat\/inseugenixammar\/wp-content\/uploads\/usu2541\/2021\/10\/servei-com-01.png\" alt=\"\" width=\"536\" height=\"383\" srcset=\"https:\/\/agora.xtec.cat\/inseugenixammar\/wp-content\/uploads\/usu2541\/2021\/10\/servei-com-01.png 564w, https:\/\/agora.xtec.cat\/inseugenixammar\/wp-content\/uploads\/usu2541\/2021\/10\/servei-com-01-300x214.png 300w\" sizes=\"auto, (max-width: 536px) 100vw, 536px\" \/><\/a><\/td>\n<td style=\"width: 48.4714%; height: 457px;\"><strong><span style=\"color: #33cccc;\">Qu\u00e8 implica?<\/span><\/strong><\/p>\n<p>Implica una dedicaci\u00f3 de 20 hores, de les quals, com a m\u00ednim 10 han de ser de servei actiu a la comunitat, fora de l\u2019horari escolar i d\u2019acord amb les necessitats de l\u2019entitat amb qui es col\u00b7labora.<\/p>\n<p><strong><span style=\"color: #33cccc;\">Quines mat\u00e8ries hi participen?<\/span><\/strong><\/p>\n<ul>\n<li>Religi\u00f3 Cat\u00f2lica<\/li>\n<li>Cultura i valors \u00e8tics<\/li>\n<li>Llengua anglesa<\/li>\n<li>Llengua castellana<\/li>\n<li>Llengua catalana<\/li>\n<\/ul>\n<p><strong><span style=\"color: #33cccc;\">Com s\u2019avalua?<\/span><\/strong><\/p>\n<ul>\n<li>Part te\u00f2rica: La qualificaci\u00f3 de les feines proposades forma part de la nota del primer trimestre de les mat\u00e8ries que hi participen.<\/li>\n<li>Part pr\u00e0ctica: El responsable de l\u2019entitat en qu\u00e8 es col\u00b7labora emet un informe sobre la feina realitzada per l\u2019alumne\/a.<\/li>\n<\/ul>\n<\/td>\n<\/tr>\n<tr style=\"height: 350px;\">\n<td style=\"width: 51.5286%; height: 350px;\"><strong><span style=\"color: #33cccc;\">En quins \u00e0mbits es treballa?<\/span><\/strong><\/p>\n<ul>\n<li><strong>Acompanyament i suport a l&#8217;escolaritzaci\u00f3\u00a0<\/strong>(refor\u00e7 escolar, classes de catal\u00e0 a nouvinguts &#8230;)<\/li>\n<li><strong>Suport a necessitats b\u00e0siques\u00a0<\/strong>(ajuda directa a col\u00b7lectius en risc, persones immigrades, discapacitats f\u00edsics o ps\u00edquics &#8230;)<\/li>\n<li><strong>Intercanvi generacional\u00a0<\/strong>(llars d&#8217;infants, casals d&#8217;avis &#8230;)<\/li>\n<li><strong>Medi ambient\u00a0<\/strong>(conservaci\u00f3 del patrimoni natural, estalvi energ\u00e8tic, reciclatge de materials &#8230;)<\/li>\n<li><strong>Participaci\u00f3 ciutadana\u00a0<\/strong>(activitats culturals &#8230;)<\/li>\n<li><strong>Patrimoni cultural\u00a0<\/strong>(conservaci\u00f3 de monuments, difusi\u00f3 de tradicions )<\/li>\n<li><strong>Projectes de solidaritat i cooperaci\u00f3\u00a0<\/strong>(sensibilitzaci\u00f3 i defensa dels drets Humans, causes humanit\u00e0ries &#8230;)<\/li>\n<li><strong>Preservaci\u00f3 i manteniment del medi urb\u00e0<\/strong><\/li>\n<\/ul>\n<\/td>\n<td style=\"width: 48.4714%; height: 350px;\"><span style=\"color: #33cccc;\"><a href=\"https:\/\/agora.xtec.cat\/inseugenixammar\/wp-content\/uploads\/usu2541\/2021\/10\/servei-com-02.png\"><img loading=\"lazy\" decoding=\"async\" class=\" wp-image-1371 aligncenter\" src=\"https:\/\/agora.xtec.cat\/inseugenixammar\/wp-content\/uploads\/usu2541\/2021\/10\/servei-com-02.png\" alt=\"\" width=\"376\" height=\"301\" \/><\/a><\/span><\/td>\n<\/tr>\n<\/tbody>\n<\/table>\n<p>&nbsp;<\/p>\n","protected":false},"excerpt":{"rendered":"<p>Coneixement i esfor\u00e7 orientats a la cooperaci\u00f3 amb les entitats de l\u2019Ametlla del Vall\u00e8s<br \/>\nEl Servei comunitari \u00e9s una acci\u00f3 educativa destinada a\u00a0 desenvolupar la Compet\u00e8ncia social i ciutadana. L&#8217;alumne, amb la finalitat de millorar el seu entorn, realitza un servei a la comunitat, aplicant els&hellip;  <a href=\"https:\/\/agora.xtec.cat\/inseugenixammar\/trets-didentitat\/servei-comunitari\/\" title=\"Read Servei comunitari\">Llegeix m\u00e9s\u00bb<\/a><\/p>\n","protected":false},"author":1,"featured_media":0,"parent":813,"menu_order":75,"comment_status":"closed","ping_status":"closed","template":"page-templates\/side-menu.php","meta":{"_bbp_topic_count":0,"_bbp_reply_count":0,"_bbp_total_topic_count":0,"_bbp_total_reply_count":0,"_bbp_voice_count":0,"_bbp_anonymous_reply_count":0,"_bbp_topic_count_hidden":0,"_bbp_reply_count_hidden":0,"_bbp_forum_subforum_count":0,"footnotes":""},"class_list":["post-526","page","type-page","status-publish","hentry"],"post_mailing_queue_ids":[],"_links":{"self":[{"href":"https:\/\/agora.xtec.cat\/inseugenixammar\/wp-json\/wp\/v2\/pages\/526","targetHints":{"allow":["GET"]}}],"collection":[{"href":"https:\/\/agora.xtec.cat\/inseugenixammar\/wp-json\/wp\/v2\/pages"}],"about":[{"href":"https:\/\/agora.xtec.cat\/inseugenixammar\/wp-json\/wp\/v2\/types\/page"}],"author":[{"embeddable":true,"href":"https:\/\/agora.xtec.cat\/inseugenixammar\/wp-json\/wp\/v2\/users\/1"}],"replies":[{"embeddable":true,"href":"https:\/\/agora.xtec.cat\/inseugenixammar\/wp-json\/wp\/v2\/comments?post=526"}],"version-history":[{"count":5,"href":"https:\/\/agora.xtec.cat\/inseugenixammar\/wp-json\/wp\/v2\/pages\/526\/revisions"}],"predecessor-version":[{"id":3143,"href":"https:\/\/agora.xtec.cat\/inseugenixammar\/wp-json\/wp\/v2\/pages\/526\/revisions\/3143"}],"up":[{"embeddable":true,"href":"https:\/\/agora.xtec.cat\/inseugenixammar\/wp-json\/wp\/v2\/pages\/813"}],"wp:attachment":[{"href":"https:\/\/agora.xtec.cat\/inseugenixammar\/wp-json\/wp\/v2\/media?parent=526"}],"curies":[{"name":"wp","href":"https:\/\/api.w.org\/{rel}","templated":true}]}}