{"id":3131,"date":"2024-02-13T20:33:45","date_gmt":"2024-02-13T19:33:45","guid":{"rendered":"https:\/\/agora.xtec.cat\/inseugenixammar\/?page_id=3131"},"modified":"2024-08-29T15:53:52","modified_gmt":"2024-08-29T13:53:52","slug":"escacs","status":"publish","type":"page","link":"https:\/\/agora.xtec.cat\/inseugenixammar\/trets-didentitat\/escacs\/","title":{"rendered":"Escacs"},"content":{"rendered":"\r\n\t<div class=\"slideshow_container slideshow_container_style-light\" style=\"height: 300px; \" data-slideshow-id=\"3133\" data-style-name=\"style-light\" data-style-version=\"2.3.1\" >\r\n\r\n\t\t\t\t\t<div class=\"slideshow_loading_icon\"><\/div>\r\n\t\t\r\n\t\t<div class=\"slideshow_content\" style=\"display: none;\">\r\n\r\n\t\t\t<div class=\"slideshow_view\">\r\n\t\t\t\t<div class=\"slideshow_slide slideshow_slide_image\">\r\n\t\t\t\t\t\t\t\t\t\t\t<img src=\"https:\/\/agora.xtec.cat\/inseugenixammar\/wp-content\/uploads\/usu2541\/2024\/02\/escacs-04.jpg\" alt=\"escacs 04\" width=\"1483\" height=\"490\" \/>\r\n\t\t\t\t\t\t\t\t\t\t<div class=\"slideshow_description_box slideshow_transparent\">\r\n\t\t\t\t\t\t<div class=\"slideshow_title\">escacs 04<\/div>\t\t\t\t\t\t\t\t\t\t\t<\/div>\r\n\t\t\t\t<\/div>\r\n\r\n\t\t\t\t\t\t<div style=\"clear: both;\"><\/div><\/div><div class=\"slideshow_view\">\r\n\t\t\t\t<div class=\"slideshow_slide slideshow_slide_image\">\r\n\t\t\t\t\t\t\t\t\t\t\t<img src=\"https:\/\/agora.xtec.cat\/inseugenixammar\/wp-content\/uploads\/usu2541\/2024\/02\/escacs-03.jpg\" alt=\"escacs 03\" width=\"1728\" height=\"1792\" \/>\r\n\t\t\t\t\t\t\t\t\t\t<div class=\"slideshow_description_box slideshow_transparent\">\r\n\t\t\t\t\t\t<div class=\"slideshow_title\">escacs 03<\/div>\t\t\t\t\t\t\t\t\t\t\t<\/div>\r\n\t\t\t\t<\/div>\r\n\r\n\t\t\t\t\t\t<div style=\"clear: both;\"><\/div><\/div><div class=\"slideshow_view\">\r\n\t\t\t\t<div class=\"slideshow_slide slideshow_slide_image\">\r\n\t\t\t\t\t\t\t\t\t\t\t<img src=\"https:\/\/agora.xtec.cat\/inseugenixammar\/wp-content\/uploads\/usu2541\/2024\/02\/escacs-05.jpg\" alt=\"escacs 05\" width=\"1708\" height=\"1568\" \/>\r\n\t\t\t\t\t\t\t\t\t\t<div class=\"slideshow_description_box slideshow_transparent\">\r\n\t\t\t\t\t\t<div class=\"slideshow_title\">escacs 05<\/div>\t\t\t\t\t\t\t\t\t\t\t<\/div>\r\n\t\t\t\t<\/div>\r\n\r\n\t\t\t\t\t\t<div style=\"clear: both;\"><\/div><\/div><div class=\"slideshow_view\">\r\n\t\t\t\t<div class=\"slideshow_slide slideshow_slide_image\">\r\n\t\t\t\t\t\t\t\t\t\t\t<img src=\"https:\/\/agora.xtec.cat\/inseugenixammar\/wp-content\/uploads\/usu2541\/2024\/02\/escacs-02.jpg\" alt=\"escacs 02\" width=\"1420\" height=\"478\" \/>\r\n\t\t\t\t\t\t\t\t\t\t<div class=\"slideshow_description_box slideshow_transparent\">\r\n\t\t\t\t\t\t<div class=\"slideshow_title\">escacs 02<\/div>\t\t\t\t\t\t\t\t\t\t\t<\/div>\r\n\t\t\t\t<\/div>\r\n\r\n\t\t\t\t\t\t<div style=\"clear: both;\"><\/div><\/div><div class=\"slideshow_view\">\r\n\t\t\t\t<div class=\"slideshow_slide slideshow_slide_image\">\r\n\t\t\t\t\t\t\t\t\t\t\t<img src=\"https:\/\/agora.xtec.cat\/inseugenixammar\/wp-content\/uploads\/usu2541\/2024\/02\/escacs-01.jpg\" alt=\"escacs 01\" width=\"616\" height=\"412\" \/>\r\n\t\t\t\t\t\t\t\t\t\t<div class=\"slideshow_description_box slideshow_transparent\">\r\n\t\t\t\t\t\t<div class=\"slideshow_title\">escacs 01<\/div>\t\t\t\t\t\t\t\t\t\t\t<\/div>\r\n\t\t\t\t<\/div>\r\n\r\n\t\t\t\t\t\t<div style=\"clear: both;\"><\/div><\/div>\r\n\t\t<\/div>\r\n\r\n\t\t<div class=\"slideshow_controlPanel slideshow_transparent\" style=\"display: none;\"><ul><li class=\"slideshow_togglePlay\" data-play-text=\"Visualitza\" data-pause-text=\"Pausa\"><\/li><\/ul><\/div>\r\n\r\n\t\t<div class=\"slideshow_button slideshow_previous slideshow_transparent\" role=\"button\" data-previous-text=\"Anterior\" style=\"display: none;\"><\/div>\r\n\t\t<div class=\"slideshow_button slideshow_next slideshow_transparent\" role=\"button\" data-next-text=\"Seg\u00fcent\" style=\"display: none;\"><\/div>\r\n\r\n\t\t<div class=\"slideshow_pagination\" style=\"display: none;\" data-go-to-text=\"V\u00e9s a la diapositiva\"><div class=\"slideshow_pagination_center\"><\/div><\/div>\r\n\r\n\t\t<!-- WordPress Slideshow Version 2.3.1 -->\r\n\r\n\t\t\t<\/div>\r\n\r\n\n<p style=\"text-align: justify;\">Els escacs s\u00f3n un joc mil\u00b7lenari que mant\u00e9 les mateixes normes des de fa cinc-cents anys. Probablement s\u00f3n el joc m\u00e9s popular del m\u00f3n i tenen un prestigi cultural i intel\u00b7lectual innegables. A m\u00e9s, els darrers anys la seva popularitat s\u2019ha fet m\u00e9s gran encara a causa, entre d\u2019altres factors, de la pand\u00e8mia (que ha fet que molta gent descobr\u00eds els escacs online) i de la s\u00e8rie televisiva \u201cThe Queen\u2019s Gambit\u201d.<\/p>\n<p style=\"text-align: justify;\">Tamb\u00e9 han anat apareixent estudis contrastats que demostren que la pr\u00e0ctica dels escacs en nens i adolescents comporta una millora en el rendiment acad\u00e8mic, principalment en matem\u00e0tiques per\u00f2 tamb\u00e9 en les altres mat\u00e8ries. Aix\u00f2 es deu a que els escacs fomenten la concentraci\u00f3, l&#8217;abstracci\u00f3, el c\u00e0lcul, la mem\u00f2ria, la presa de decisions i la responsabilitat.<\/p>\n<p style=\"text-align: justify;\">\u00c9s per aix\u00f2 que a l\u2019Institut Eugeni Xammar volem fomentar els escacs a diferents nivells:<\/p>\n<p style=\"text-align: justify;\">-Amb la seva inclusi\u00f3 al Calaix de Cultura, la mat\u00e8ria d\u2019Autonomia de centre de 1r d\u2019ESO, tot l\u2019alumnat d\u2019aquest nivell fa unes 18 hores d\u2019iniciaci\u00f3 als escacs. Fins ara ja ho han fet dues promocions, i el nostre objectiu \u00e9s que al finalitzar el curs 2025\/26 tot l\u2019alumnat de la ESO hi s\u00e0piga jugar.<\/p>\n<p style=\"text-align: justify;\">-Amb la seva pr\u00e0ctica volunt\u00e0ria durant l\u2019hora d\u2019esbarjo volem que l\u2019alumnat m\u00e9s interessat pugui augmentar els seus coneixements de manera l\u00fadica, pedag\u00f2gica i no competitiva. En aquest sentit, s\u2019han instal\u00b7lat al pati uns escacs gegants per a que les partides puguin tenir m\u00e9s visibilitat i atractiu.<\/p>\n<p style=\"text-align: justify;\">-Amb la futura creaci\u00f3 d\u2019equips que puguin competir online i \u201cen viu\u201d amb alumnat d\u2019altres escoles i instituts, tan aviat com hi hagi un nombre suficient d\u2019alumnes que hi estiguin interessats.<\/p>\n<p style=\"text-align: justify;\">Els escacs han estat hist\u00f2ricament un joc de nois i a nivell competitiu encara ho segueixen sent. Creiem que cal anar canviant aquesta situaci\u00f3 i \u00e9s per aix\u00f2 que tenim especial inter\u00e8s en que el practiquin les noies. En aquest sentit, ja estem tenint \u00e8xit, ja que elles s\u00f3n clara majoria a les hores de pr\u00e0ctica volunt\u00e0ria.<\/p>\n","protected":false},"excerpt":{"rendered":"<p>\t\t\t\t\t\tescacs 04\t\t\t\t\t\t\t\t\t\t\t<\/p>\n<p>\t\t\t\t\t\tescacs 03\t\t\t\t\t\t\t\t\t\t\t<\/p>\n<p>\t\t\t\t\t\tescacs 05\t\t\t\t\t\t\t\t\t\t\t<\/p>\n<p>\t\t\t\t\t\tescacs 02\t\t\t\t\t\t\t\t\t\t\t<\/p>\n<p>\t\t\t\t\t\tescacs 01\t\t\t\t\t\t\t\t\t\t\t<\/p>\n<ul>\n<li class=\"slideshow_togglePlay\" data-play-text=\"Visualitza\" data-pause-text=\"Pausa\"><\/li>\n<\/ul>\n<p>Els escacs s\u00f3n un joc mil\u00b7lenari que mant\u00e9 les mateixes normes des de fa cinc-cents anys. Probablement s\u00f3n el joc m\u00e9s popular del m\u00f3n i tenen un prestigi cultural i intel\u00b7lectual innegables. A m\u00e9s, els darrers anys&hellip;  <a href=\"https:\/\/agora.xtec.cat\/inseugenixammar\/trets-didentitat\/escacs\/\" title=\"Read Escacs\">Llegeix m\u00e9s\u00bb<\/a><\/p>\n","protected":false},"author":1,"featured_media":0,"parent":813,"menu_order":70,"comment_status":"closed","ping_status":"closed","template":"page-templates\/side-menu.php","meta":{"_bbp_topic_count":0,"_bbp_reply_count":0,"_bbp_total_topic_count":0,"_bbp_total_reply_count":0,"_bbp_voice_count":0,"_bbp_anonymous_reply_count":0,"_bbp_topic_count_hidden":0,"_bbp_reply_count_hidden":0,"_bbp_forum_subforum_count":0,"footnotes":""},"class_list":["post-3131","page","type-page","status-publish","hentry"],"post_mailing_queue_ids":[],"_links":{"self":[{"href":"https:\/\/agora.xtec.cat\/inseugenixammar\/wp-json\/wp\/v2\/pages\/3131","targetHints":{"allow":["GET"]}}],"collection":[{"href":"https:\/\/agora.xtec.cat\/inseugenixammar\/wp-json\/wp\/v2\/pages"}],"about":[{"href":"https:\/\/agora.xtec.cat\/inseugenixammar\/wp-json\/wp\/v2\/types\/page"}],"author":[{"embeddable":true,"href":"https:\/\/agora.xtec.cat\/inseugenixammar\/wp-json\/wp\/v2\/users\/1"}],"replies":[{"embeddable":true,"href":"https:\/\/agora.xtec.cat\/inseugenixammar\/wp-json\/wp\/v2\/comments?post=3131"}],"version-history":[{"count":3,"href":"https:\/\/agora.xtec.cat\/inseugenixammar\/wp-json\/wp\/v2\/pages\/3131\/revisions"}],"predecessor-version":[{"id":3467,"href":"https:\/\/agora.xtec.cat\/inseugenixammar\/wp-json\/wp\/v2\/pages\/3131\/revisions\/3467"}],"up":[{"embeddable":true,"href":"https:\/\/agora.xtec.cat\/inseugenixammar\/wp-json\/wp\/v2\/pages\/813"}],"wp:attachment":[{"href":"https:\/\/agora.xtec.cat\/inseugenixammar\/wp-json\/wp\/v2\/media?parent=3131"}],"curies":[{"name":"wp","href":"https:\/\/api.w.org\/{rel}","templated":true}]}}