{"id":3009,"date":"2024-02-08T00:38:24","date_gmt":"2024-02-07T23:38:24","guid":{"rendered":"https:\/\/agora.xtec.cat\/inseugenixammar\/?page_id=3009"},"modified":"2024-02-12T10:12:37","modified_gmt":"2024-02-12T09:12:37","slug":"jugant-amb-les-mates","status":"publish","type":"page","link":"https:\/\/agora.xtec.cat\/inseugenixammar\/trets-didentitat\/jugant-amb-les-mates\/","title":{"rendered":"Jugant amb les mates"},"content":{"rendered":"<p style=\"text-align: justify;\">El departament de matem\u00e0tiques organitza la participaci\u00f3 de l&#8217;alumnat en diferents concursos de matem\u00e0tiques amb l&#8217;objectiu d&#8217;incentivar una visi\u00f3 m\u00e9s l\u00fadica de les mates i impulsar el treball en equip. Els bons resultats obtinguts curs rere curs ens anima a seguir impulsant la participaci\u00f3 del nostre alumnat.<\/p>\n<p>A continuaci\u00f3 teniu informaci\u00f3 dels 3 concursos en els que participem:<\/p>\n<table style=\"border-collapse: collapse; width: 100%;\">\n<tbody>\n<tr>\n<td style=\"width: 25%;\"><a href=\"https:\/\/agora.xtec.cat\/inseugenixammar\/wp-content\/uploads\/usu2541\/2024\/02\/mates-prova-cangur-1.jpg\"><img loading=\"lazy\" decoding=\"async\" class=\"alignnone size-full wp-image-3018\" src=\"https:\/\/agora.xtec.cat\/inseugenixammar\/wp-content\/uploads\/usu2541\/2024\/02\/mates-prova-cangur-1.jpg\" alt=\"\" width=\"529\" height=\"625\" srcset=\"https:\/\/agora.xtec.cat\/inseugenixammar\/wp-content\/uploads\/usu2541\/2024\/02\/mates-prova-cangur-1.jpg 529w, https:\/\/agora.xtec.cat\/inseugenixammar\/wp-content\/uploads\/usu2541\/2024\/02\/mates-prova-cangur-1-254x300.jpg 254w\" sizes=\"auto, (max-width: 529px) 100vw, 529px\" \/><\/a><\/td>\n<td style=\"width: 75%;\">\n<p style=\"text-align: justify;\"><strong>PROVA CANGUR:\u00a0<\/strong>La prova Cangur \u00e9s una activitat matem\u00e0tica anual, amb el format de concurs individual, promoguda per l\u2019associaci\u00f3 internacional Le Kangourou sans Frontieres, que es marca com a objectiu la promoci\u00f3 de les matem\u00e0tiques entre la gent jove i la mainada, mitjan\u00e7ant una participaci\u00f3 massiva en una activitat cient\u00edfica.<\/p>\n<p><span style=\"color: #2b2bad;\">Est\u00e0 organitzada per la Societat Catalana Matem\u00e0tiques i hi participa tot l&#8217;alumnat del nostre centre, excepte els alumnes de Llat\u00ed de batxillerat.<\/span><\/td>\n<\/tr>\n<tr>\n<td style=\"width: 25%;\"><a href=\"https:\/\/isotropic.cat\/copacangur\/\" target=\"_blank\" rel=\"noopener\"><img loading=\"lazy\" decoding=\"async\" class=\"alignnone size-full wp-image-3011\" src=\"https:\/\/agora.xtec.cat\/inseugenixammar\/wp-content\/uploads\/usu2541\/2024\/02\/mates-copa-cangur-1.jpg\" alt=\"\" width=\"988\" height=\"726\" srcset=\"https:\/\/agora.xtec.cat\/inseugenixammar\/wp-content\/uploads\/usu2541\/2024\/02\/mates-copa-cangur-1.jpg 988w, https:\/\/agora.xtec.cat\/inseugenixammar\/wp-content\/uploads\/usu2541\/2024\/02\/mates-copa-cangur-1-300x220.jpg 300w, https:\/\/agora.xtec.cat\/inseugenixammar\/wp-content\/uploads\/usu2541\/2024\/02\/mates-copa-cangur-1-768x564.jpg 768w\" sizes=\"auto, (max-width: 988px) 100vw, 988px\" \/><\/a><\/p>\n<p style=\"text-align: center;\"><span style=\"color: #ff9900;\">Est\u00e0 organitzada per la Societat Catalana Matem\u00e0tiques i rep el suport log\u00edstic d\u2019 Isotr\u00f2pic<\/span><\/p>\n<\/td>\n<td style=\"width: 75%;\">\n<p style=\"text-align: justify;\"><strong>COPA CANGUR: <\/strong>La Copa Cangur \u00e9s un concurs presencial de resoluci\u00f3 de problemes de matem\u00e0tiques per a equips de centre. Els equips estan formats per 7 alumnes de 1r i 2n d\u2019ESO (categoria Cadet) o b\u00e9 7 alumnes de 3r i 4t d\u2019ESO (categoria Junior) amb la condici\u00f3 que com a m\u00e0xim hi pot haver 4 alumnes de 2n o 4t respectivament en cada equip.<br \/>\nEn el concurs es presenten 12 problemes i 60 minuts de temps per fer-ne els m\u00e0xims possibles (primera fase). \u00c9s una cursa contra rellotge on la puntuaci\u00f3 obtinguda per cada problema va variant durant el concurs, i per tant la estrat\u00e8gia d\u2019equip \u00e9s molt important! A m\u00e9s, durant el desenvolupament de la prova els equips poden seguir en directe l\u2019estat del concurs, tant la puntuaci\u00f3 i la classificaci\u00f3 com els encerts i errors que porten acumulats cadascun dels participants. Aix\u00f2 el fa un joc emocionant i divertit, amb les matem\u00e0tiques com a protagonistes.<\/p>\n<\/td>\n<\/tr>\n<tr>\n<td style=\"width: 25%;\">\n<p style=\"text-align: center;\"><a href=\"https:\/\/fm.feemcat.org\/\" target=\"_blank\" rel=\"noopener\"><img loading=\"lazy\" decoding=\"async\" class=\"alignnone size-large wp-image-3012\" src=\"https:\/\/agora.xtec.cat\/inseugenixammar\/wp-content\/uploads\/usu2541\/2024\/02\/mates-fem-matematiques-1024x470.jpg\" alt=\"\" width=\"1024\" height=\"470\" srcset=\"https:\/\/agora.xtec.cat\/inseugenixammar\/wp-content\/uploads\/usu2541\/2024\/02\/mates-fem-matematiques-1024x470.jpg 1024w, https:\/\/agora.xtec.cat\/inseugenixammar\/wp-content\/uploads\/usu2541\/2024\/02\/mates-fem-matematiques-300x138.jpg 300w, https:\/\/agora.xtec.cat\/inseugenixammar\/wp-content\/uploads\/usu2541\/2024\/02\/mates-fem-matematiques-768x352.jpg 768w, https:\/\/agora.xtec.cat\/inseugenixammar\/wp-content\/uploads\/usu2541\/2024\/02\/mates-fem-matematiques.jpg 1081w\" sizes=\"auto, (max-width: 1024px) 100vw, 1024px\" \/><\/a><\/p>\n<p style=\"text-align: center;\"><a href=\"https:\/\/fm.feemcat.org\/\" target=\"_blank\" rel=\"noopener\"><span style=\"color: #ffcc00;\">Est\u00e0 organitzada per la feemcat<\/span><\/a><\/p>\n<\/td>\n<td style=\"width: 75%;\">\n<p style=\"text-align: justify;\"><strong>FEM MATEM\u00c0TIQUES:<\/strong> El Fem Matem\u00e0tiques \u00e9s una activitat que t\u00e9 la finalitat de contribuir a desenvolupar la compet\u00e8ncia matem\u00e0tica en tot l&#8217;alumnat de 5\u00e8 i 6\u00e8 de prim\u00e0ria i de tota l&#8217;ESO. Tamb\u00e9 permet intercanviar experi\u00e8ncies i compartir propostes per part del professorat de les diferents comarques de Catalunya. A m\u00e9s, vol sensibilitzar la societat catalana en general sobre la necessitat de millora d&#8217;una educaci\u00f3 matem\u00e0tica que afavoreixi el desenvolupament personal i la integraci\u00f3 social d&#8217;uns ciutadans i ciutadanes lliures i responsables.<\/p>\n<p style=\"text-align: justify;\">Est\u00e0 dirigida a tots els alumnes de cinqu\u00e8 i sis\u00e8 de Prim\u00e0ria i de primer i de segon d\u2019ESO dels centres escolars de Catalunya. Aquest any, com a novetat, tamb\u00e9 participaran els alumnes de tercer i quart d\u2019ESO. L\u2019activitat permet als alumnes accedir a l\u2019Olimp\u00edada Matem\u00e0tica Nacional que organitza la FESPM.<\/p>\n<\/td>\n<\/tr>\n<\/tbody>\n<\/table>\n<p style=\"text-align: justify;\">De totes les activitats en les que participem anireu trobant informaci\u00f3 en els butlletins mensuals que publiquem en aquesta p\u00e0gina web i a l&#8217;instagram de l&#8217;institut.<\/p>\n","protected":false},"excerpt":{"rendered":"<p>El departament de matem\u00e0tiques organitza la participaci\u00f3 de l&#8217;alumnat en diferents concursos de matem\u00e0tiques amb l&#8217;objectiu d&#8217;incentivar una visi\u00f3 m\u00e9s l\u00fadica de les mates i impulsar el treball en equip. Els bons resultats obtinguts curs rere curs ens anima a seguir impulsant la participaci\u00f3 del&hellip;  <a href=\"https:\/\/agora.xtec.cat\/inseugenixammar\/trets-didentitat\/jugant-amb-les-mates\/\" title=\"Read Jugant amb les mates\">Llegeix m\u00e9s\u00bb<\/a><\/p>\n","protected":false},"author":1,"featured_media":0,"parent":813,"menu_order":50,"comment_status":"closed","ping_status":"closed","template":"page-templates\/side-menu.php","meta":{"_bbp_topic_count":0,"_bbp_reply_count":0,"_bbp_total_topic_count":0,"_bbp_total_reply_count":0,"_bbp_voice_count":0,"_bbp_anonymous_reply_count":0,"_bbp_topic_count_hidden":0,"_bbp_reply_count_hidden":0,"_bbp_forum_subforum_count":0,"footnotes":""},"class_list":["post-3009","page","type-page","status-publish","hentry"],"post_mailing_queue_ids":[],"_links":{"self":[{"href":"https:\/\/agora.xtec.cat\/inseugenixammar\/wp-json\/wp\/v2\/pages\/3009","targetHints":{"allow":["GET"]}}],"collection":[{"href":"https:\/\/agora.xtec.cat\/inseugenixammar\/wp-json\/wp\/v2\/pages"}],"about":[{"href":"https:\/\/agora.xtec.cat\/inseugenixammar\/wp-json\/wp\/v2\/types\/page"}],"author":[{"embeddable":true,"href":"https:\/\/agora.xtec.cat\/inseugenixammar\/wp-json\/wp\/v2\/users\/1"}],"replies":[{"embeddable":true,"href":"https:\/\/agora.xtec.cat\/inseugenixammar\/wp-json\/wp\/v2\/comments?post=3009"}],"version-history":[{"count":7,"href":"https:\/\/agora.xtec.cat\/inseugenixammar\/wp-json\/wp\/v2\/pages\/3009\/revisions"}],"predecessor-version":[{"id":3121,"href":"https:\/\/agora.xtec.cat\/inseugenixammar\/wp-json\/wp\/v2\/pages\/3009\/revisions\/3121"}],"up":[{"embeddable":true,"href":"https:\/\/agora.xtec.cat\/inseugenixammar\/wp-json\/wp\/v2\/pages\/813"}],"wp:attachment":[{"href":"https:\/\/agora.xtec.cat\/inseugenixammar\/wp-json\/wp\/v2\/media?parent=3009"}],"curies":[{"name":"wp","href":"https:\/\/api.w.org\/{rel}","templated":true}]}}