{"id":2947,"date":"2024-02-05T23:40:35","date_gmt":"2024-02-05T22:40:35","guid":{"rendered":"https:\/\/agora.xtec.cat\/inseugenixammar\/?page_id=2947"},"modified":"2026-04-03T17:50:08","modified_gmt":"2026-04-03T15:50:08","slug":"programa-dintercanvis","status":"publish","type":"page","link":"https:\/\/agora.xtec.cat\/inseugenixammar\/projectes\/programa-dintercanvis\/","title":{"rendered":"Intercanvis a Fran\u00e7a"},"content":{"rendered":"<p>A m\u00e9s a m\u00e9s de les mobilitats Erasmus + i l&#8217;intercanvi amb Alemanya, realitzem intercanvis amb Fran\u00e7a, intercanvis presencials o epistolars.<\/p>\n<p>Com que ells estudien espanyol i nosaltres franc\u00e8s, tant per ells com per nosaltres \u00e9s una oportunitat per practicar els dos idiomes.<\/p>\n<table style=\"border-collapse: collapse; width: 100%; height: 64px;\">\n<tbody>\n<tr style=\"height: 32px;\">\n<td style=\"width: 100%; height: 32px; text-align: center;\" colspan=\"2\"><strong>INTERCANVI EPISTOLAR CURS 25\/26<\/strong><\/td>\n<\/tr>\n<tr>\n<td style=\"width: 47.9757%;\"><em><strong>2n d&#8217;ESO<\/strong><\/em><\/td>\n<td style=\"width: 52.0243%;\"><em><strong>3r i 4t d&#8217;ESO<\/strong><\/em><\/td>\n<\/tr>\n<tr>\n<td style=\"width: 47.9757%;\">\n<div><a href=\"https:\/\/agora.xtec.cat\/inseugenixammar\/wp-content\/uploads\/usu2541\/2026\/04\/INTERCANVI-2N-ESO.png\"><img loading=\"lazy\" decoding=\"async\" class=\"size-full wp-image-3997 aligncenter\" src=\"https:\/\/agora.xtec.cat\/inseugenixammar\/wp-content\/uploads\/usu2541\/2026\/04\/INTERCANVI-2N-ESO.png\" alt=\"\" width=\"125\" height=\"113\" \/><\/a><\/div>\n<\/td>\n<td style=\"width: 52.0243%;\"><a href=\"https:\/\/agora.xtec.cat\/inseugenixammar\/wp-content\/uploads\/usu2541\/2026\/04\/INTERCANVI-3R-I-4T-1.png\"><img loading=\"lazy\" decoding=\"async\" class=\"size-full wp-image-3999 aligncenter\" src=\"https:\/\/agora.xtec.cat\/inseugenixammar\/wp-content\/uploads\/usu2541\/2026\/04\/INTERCANVI-3R-I-4T-1.png\" alt=\"\" width=\"302\" height=\"112\" srcset=\"https:\/\/agora.xtec.cat\/inseugenixammar\/wp-content\/uploads\/usu2541\/2026\/04\/INTERCANVI-3R-I-4T-1.png 302w, https:\/\/agora.xtec.cat\/inseugenixammar\/wp-content\/uploads\/usu2541\/2026\/04\/INTERCANVI-3R-I-4T-1-300x112.png 300w\" sizes=\"auto, (max-width: 302px) 100vw, 302px\" \/><\/a><\/td>\n<\/tr>\n<tr style=\"height: 32px;\">\n<td style=\"width: 47.9757%; height: 32px; text-align: center;\">\n<div>Coll\u00e8ge-Lyc\u00e9e polyvalent Saint Joseph<\/div>\n<div>34200 S\u00e8te<\/div>\n<\/td>\n<td style=\"width: 52.0243%; height: 32px; text-align: center;\">\n<div>Coll\u00e8ge Auguste DEDE<\/div>\n<div>Boulevard Dr. Edmard LAMA<\/div>\n<div>97354 R\u00e9mire-Montjoly<\/div>\n<\/td>\n<\/tr>\n<\/tbody>\n<\/table>\n<p>Intercanvi curs 24\/25:<\/p>\n<table style=\"border-collapse: collapse; width: 100%; height: 244px;\">\n<tbody>\n<tr style=\"height: 180px;\">\n<td style=\"width: 50%; height: 180px;\"><span style=\"color: #000080;\"><a href=\"https:\/\/agora.xtec.cat\/inseugenixammar\/wp-content\/uploads\/usu2541\/2024\/09\/logo-blanche-de-castille.png\"><img loading=\"lazy\" decoding=\"async\" class=\"wp-image-3544 aligncenter\" src=\"https:\/\/agora.xtec.cat\/inseugenixammar\/wp-content\/uploads\/usu2541\/2024\/09\/logo-blanche-de-castille.png\" alt=\"\" width=\"175\" height=\"175\" srcset=\"https:\/\/agora.xtec.cat\/inseugenixammar\/wp-content\/uploads\/usu2541\/2024\/09\/logo-blanche-de-castille.png 242w, https:\/\/agora.xtec.cat\/inseugenixammar\/wp-content\/uploads\/usu2541\/2024\/09\/logo-blanche-de-castille-150x150.png 150w\" sizes=\"auto, (max-width: 175px) 100vw, 175px\" \/><\/a><b><\/b><\/span><\/td>\n<\/tr>\n<tr style=\"height: 32px;\">\n<td style=\"width: 50%; height: 32px;\">\n<p style=\"text-align: center;\"><span style=\"color: #000080;\"><b>Intercanvi f\u00edsic amb &#8220;Institut Blanche de Castille<\/b><b><i>&#8221; de Ni\u00e7a \u00a0 <\/i><\/b><b><i>(Alpes-Maritimes sur la c\u00f4te d\u2019Azur)<\/i><\/b><\/span><\/p>\n<p style=\"text-align: center;\">Intercanvi adre\u00e7at a l&#8217;alumnat de 2n i 3r d&#8217;ESO que cursen com a 2a llengua estrangera el franc\u00e8s.<\/p>\n<p style=\"text-align: center;\"><span style=\"color: #ff0000;\"><strong>Del 25\/03\/25 al 31\/03\/25 acollim<\/strong><\/span><\/p>\n<p style=\"text-align: center;\"><span style=\"color: #ff0000;\"><strong>Del 23\/04\/25 al 29\/04\/25 viatgem<\/strong><\/span><\/p>\n<\/td>\n<\/tr>\n<tr style=\"height: 32px;\">\n<td style=\"width: 50%; height: 32px;\">\n<ul>\n<li aria-level=\"1\"><b>En qu\u00e8 consisteix?<\/b><\/li>\n<\/ul>\n<p style=\"text-align: justify;\"><span style=\"font-weight: 400;\">El nostre alumnat marxa gaireb\u00e9 una setmana a casa de la seva parella d&#8217;intercanvi (un alumne del centre de Ni\u00e7a). Pr\u00e8viament, els posem en contacte perqu\u00e8 es vagin coneixent via e-mail, tel\u00e8fon i alguna activitat d&#8217;aula. Despr\u00e9s l\u2019alumnat de Ni\u00e7a repeteix l&#8217;experi\u00e8ncia a l&#8217;inrev\u00e9s. En ambd\u00f3s viatges, estan presents dos o tres professors francesos com a responsables del grup franc\u00e8s i nosaltres, dos o tres professors del centre, com a responsables dels nostre alumnat.<\/span><\/p>\n<ul>\n<li aria-level=\"1\"><b>L&#8217;objectiu de l&#8217;intercanvi \u00e9s:<\/b><\/li>\n<li style=\"font-weight: 400;\" aria-level=\"1\"><span style=\"font-weight: 400;\">Millorar el nivell d\u2019expressi\u00f3 oral<\/span><\/li>\n<li style=\"font-weight: 400;\" aria-level=\"1\"><span style=\"font-weight: 400;\">Realitzar una immersi\u00f3 cultural i ling\u00fc\u00edstica<\/span><\/li>\n<li style=\"font-weight: 400;\" aria-level=\"1\"><span style=\"font-weight: 400;\">Desenvolupament de l&#8217;autonomia personal dels alumnes<\/span><\/li>\n<li style=\"font-weight: 400;\" aria-level=\"1\"><span style=\"font-weight: 400;\">Apropar fam\u00edlies i experi\u00e8ncies<\/span><\/li>\n<\/ul>\n<\/td>\n<\/tr>\n<\/tbody>\n<\/table>\n<h5 style=\"text-align: justify;\"><span style=\"font-weight: 400; color: #000000;\">Ara b\u00e9, l&#8217;experi\u00e8ncia va molt m\u00e9s enll\u00e0: intercanviar experi\u00e8ncies amb nois i noies de la seva edat d&#8217;una nacionalitat diferent, con\u00e8ixer un altre pa\u00eds i una altra cultura, crear vincles i&#8230;en definitiva, viure aquesta experi\u00e8ncia.\u00a0<\/span><\/h5>\n<p>&nbsp;<\/p>\n<h4 style=\"text-align: center;\"><span style=\"color: #000000;\"><b><strong>En definitiva, pretenem que el nostre alumnat visqui experi\u00e8ncies inoblidables!!<\/strong><\/b><\/span><\/h4>\n<p>&nbsp;<\/p>\n","protected":false},"excerpt":{"rendered":"<p>A m\u00e9s a m\u00e9s de les mobilitats Erasmus + i l&#8217;intercanvi amb Alemanya, realitzem intercanvis amb Fran\u00e7a, intercanvis presencials o epistolars.<br \/>\nCom que ells estudien espanyol i nosaltres franc\u00e8s, tant per ells com per nosaltres \u00e9s una oportunitat per practicar els dos idiomes.<\/p>\n<p>INTERCANVI EPISTOLAR CURS 25\/26<\/p>\n<p>2n&hellip;  <a href=\"https:\/\/agora.xtec.cat\/inseugenixammar\/projectes\/programa-dintercanvis\/\" title=\"Read Intercanvis a Fran\u00e7a\">Llegeix m\u00e9s\u00bb<\/a><\/p>\n","protected":false},"author":1,"featured_media":0,"parent":1007,"menu_order":30,"comment_status":"closed","ping_status":"closed","template":"page-templates\/side-menu.php","meta":{"_bbp_topic_count":0,"_bbp_reply_count":0,"_bbp_total_topic_count":0,"_bbp_total_reply_count":0,"_bbp_voice_count":0,"_bbp_anonymous_reply_count":0,"_bbp_topic_count_hidden":0,"_bbp_reply_count_hidden":0,"_bbp_forum_subforum_count":0,"footnotes":""},"class_list":["post-2947","page","type-page","status-publish","hentry"],"post_mailing_queue_ids":[],"_links":{"self":[{"href":"https:\/\/agora.xtec.cat\/inseugenixammar\/wp-json\/wp\/v2\/pages\/2947","targetHints":{"allow":["GET"]}}],"collection":[{"href":"https:\/\/agora.xtec.cat\/inseugenixammar\/wp-json\/wp\/v2\/pages"}],"about":[{"href":"https:\/\/agora.xtec.cat\/inseugenixammar\/wp-json\/wp\/v2\/types\/page"}],"author":[{"embeddable":true,"href":"https:\/\/agora.xtec.cat\/inseugenixammar\/wp-json\/wp\/v2\/users\/1"}],"replies":[{"embeddable":true,"href":"https:\/\/agora.xtec.cat\/inseugenixammar\/wp-json\/wp\/v2\/comments?post=2947"}],"version-history":[{"count":6,"href":"https:\/\/agora.xtec.cat\/inseugenixammar\/wp-json\/wp\/v2\/pages\/2947\/revisions"}],"predecessor-version":[{"id":4000,"href":"https:\/\/agora.xtec.cat\/inseugenixammar\/wp-json\/wp\/v2\/pages\/2947\/revisions\/4000"}],"up":[{"embeddable":true,"href":"https:\/\/agora.xtec.cat\/inseugenixammar\/wp-json\/wp\/v2\/pages\/1007"}],"wp:attachment":[{"href":"https:\/\/agora.xtec.cat\/inseugenixammar\/wp-json\/wp\/v2\/media?parent=2947"}],"curies":[{"name":"wp","href":"https:\/\/api.w.org\/{rel}","templated":true}]}}