{"id":2794,"date":"2023-09-28T08:42:46","date_gmt":"2023-09-28T06:42:46","guid":{"rendered":"https:\/\/agora.xtec.cat\/inseugenixammar\/?page_id=2794"},"modified":"2023-10-10T10:49:59","modified_gmt":"2023-10-10T08:49:59","slug":"lametlla-jove","status":"publish","type":"page","link":"https:\/\/agora.xtec.cat\/inseugenixammar\/serveis\/lametlla-jove\/","title":{"rendered":"L&#8217;Ametlla jove"},"content":{"rendered":"<p>&nbsp;<\/p>\n<table style=\"border-collapse: collapse; width: 100%;\">\n<tbody>\n<tr>\n<td style=\"width: 100%;\"><a href=\"https:\/\/agora.xtec.cat\/inseugenixammar\/wp-content\/uploads\/usu2541\/2023\/09\/Ametlla-Jove-portada-1.png\"><img loading=\"lazy\" decoding=\"async\" class=\"size-full wp-image-2810 aligncenter\" src=\"https:\/\/agora.xtec.cat\/inseugenixammar\/wp-content\/uploads\/usu2541\/2023\/09\/Ametlla-Jove-portada-1.png\" alt=\"\" width=\"531\" height=\"351\" srcset=\"https:\/\/agora.xtec.cat\/inseugenixammar\/wp-content\/uploads\/usu2541\/2023\/09\/Ametlla-Jove-portada-1.png 531w, https:\/\/agora.xtec.cat\/inseugenixammar\/wp-content\/uploads\/usu2541\/2023\/09\/Ametlla-Jove-portada-1-300x198.png 300w\" sizes=\"auto, (max-width: 531px) 100vw, 531px\" \/><\/a><\/td>\n<\/tr>\n<tr>\n<td style=\"width: 100%;\"><a href=\"https:\/\/agora.xtec.cat\/inseugenixammar\/wp-content\/uploads\/usu2541\/2023\/09\/siadis.png\"><img loading=\"lazy\" decoding=\"async\" class=\"size-full wp-image-2807 aligncenter\" src=\"https:\/\/agora.xtec.cat\/inseugenixammar\/wp-content\/uploads\/usu2541\/2023\/09\/siadis.png\" alt=\"\" width=\"907\" height=\"623\" srcset=\"https:\/\/agora.xtec.cat\/inseugenixammar\/wp-content\/uploads\/usu2541\/2023\/09\/siadis.png 907w, https:\/\/agora.xtec.cat\/inseugenixammar\/wp-content\/uploads\/usu2541\/2023\/09\/siadis-300x206.png 300w, https:\/\/agora.xtec.cat\/inseugenixammar\/wp-content\/uploads\/usu2541\/2023\/09\/siadis-768x528.png 768w\" sizes=\"auto, (max-width: 907px) 100vw, 907px\" \/><\/a><\/td>\n<\/tr>\n<tr>\n<td style=\"width: 100%;\">\n<h4><a href=\"https:\/\/agora.xtec.cat\/inseugenixammar\/wp-content\/uploads\/usu2541\/2023\/09\/orientacio.png\"><img loading=\"lazy\" decoding=\"async\" class=\"size-full wp-image-2808 aligncenter\" src=\"https:\/\/agora.xtec.cat\/inseugenixammar\/wp-content\/uploads\/usu2541\/2023\/09\/orientacio.png\" alt=\"\" width=\"905\" height=\"638\" srcset=\"https:\/\/agora.xtec.cat\/inseugenixammar\/wp-content\/uploads\/usu2541\/2023\/09\/orientacio.png 905w, https:\/\/agora.xtec.cat\/inseugenixammar\/wp-content\/uploads\/usu2541\/2023\/09\/orientacio-300x211.png 300w, https:\/\/agora.xtec.cat\/inseugenixammar\/wp-content\/uploads\/usu2541\/2023\/09\/orientacio-768x541.png 768w\" sizes=\"auto, (max-width: 905px) 100vw, 905px\" \/><\/a><\/h4>\n<div><\/div>\n<h5 style=\"text-align: center;\"><span style=\"color: #000000;\"><strong>CONTACTES<\/strong><\/span><\/h5>\n<div style=\"text-align: center;\"><span style=\"color: #800080;\"><em><strong>N\u00faria &#8211; Escolta Jove (acompanyament emocional): <span style=\"color: #0000ff;\"><a style=\"color: #0000ff;\" href=\"mailto:martinan@ametlla.cat\" target=\"_blank\" rel=\"noopener\">martinan@ametlla.cat<\/a><\/span><\/strong><\/em><\/span><\/div>\n<div style=\"text-align: center;\"><span style=\"color: #800080;\"><em><strong>Carla &#8211; Pla C17 (drogues, pantalles, afectivitat i sexualitat): <span style=\"color: #0000ff;\"><a style=\"color: #0000ff;\" href=\"mailto:carla@c17.cat\" target=\"_blank\" rel=\"noopener\">siadis@c17.cat<\/a><\/span><\/strong><\/em><\/span><\/div>\n<div style=\"text-align: center;\"><span style=\"color: #800080;\"><em><strong>Mireia &#8211; Nits Joves (oci alternatiu i participaci\u00f3): <span style=\"color: #0000ff;\"><a style=\"color: #0000ff;\" href=\"mailto:xiulet.nitsjoves@gmail.com\" target=\"_blank\" rel=\"noopener\">xiulet.nitsjoves@gmail.com<\/a><\/span><\/strong><\/em><\/span><\/div>\n<div style=\"text-align: center;\"><span style=\"color: #800080;\"><em><strong>Irene &#8211; Servei d&#8217;Orientaci\u00f3 Juvenil (treball, educaci\u00f3, formaci\u00f3 i emancipaci\u00f3 juvenil) <span style=\"color: #0000ff;\"><a style=\"color: #0000ff;\" href=\"mailto:treball2.vallesoriental@oficinajove.cat\" target=\"_blank\" rel=\"noopener\">treball2.vallesoriental@<wbr \/>oficinajove.cat<\/a><\/span><\/strong><\/em><\/span><\/div>\n<\/td>\n<\/tr>\n<\/tbody>\n<\/table>\n<p>&nbsp;<\/p>\n<p>&nbsp;<\/p>\n<p>&nbsp;<\/p>\n","protected":false},"excerpt":{"rendered":"<p>&nbsp;<\/p>\n<p><a href=\"https:\/\/agora.xtec.cat\/inseugenixammar\/wp-content\/uploads\/usu2541\/2023\/09\/Ametlla-Jove-portada-1.png\"><\/a><\/p>\n<p><a href=\"https:\/\/agora.xtec.cat\/inseugenixammar\/wp-content\/uploads\/usu2541\/2023\/09\/siadis.png\"><\/a><\/p>\n<p><a href=\"https:\/\/agora.xtec.cat\/inseugenixammar\/wp-content\/uploads\/usu2541\/2023\/09\/orientacio.png\"><\/a><\/p>\n<p>CONTACTES<br \/>\nN\u00faria &#8211; Escolta Jove (acompanyament emocional): <a style=\"color: #0000ff;\" href=\"mailto:martinan@ametlla.cat\" target=\"_blank\" rel=\"noopener\">martinan@ametlla.cat<\/a><br \/>\nCarla &#8211; Pla C17 (drogues, pantalles, afectivitat i sexualitat): <a style=\"color: #0000ff;\" href=\"mailto:carla@c17.cat\" target=\"_blank\" rel=\"noopener\">siadis@c17.cat<\/a><br \/>\nMireia &#8211; Nits Joves (oci alternatiu i participaci\u00f3): <a style=\"color: #0000ff;\" href=\"mailto:xiulet.nitsjoves@gmail.com\" target=\"_blank\" rel=\"noopener\">xiulet.nitsjoves@gmail.com<\/a><br \/>\nIrene &#8211; Servei d&#8217;Orientaci\u00f3&hellip;  <a href=\"https:\/\/agora.xtec.cat\/inseugenixammar\/serveis\/lametlla-jove\/\" title=\"Read L&#8217;Ametlla jove\">Llegeix m\u00e9s\u00bb<\/a><\/p>\n","protected":false},"author":1,"featured_media":0,"parent":63,"menu_order":60,"comment_status":"closed","ping_status":"closed","template":"page-templates\/side-menu.php","meta":{"_bbp_topic_count":0,"_bbp_reply_count":0,"_bbp_total_topic_count":0,"_bbp_total_reply_count":0,"_bbp_voice_count":0,"_bbp_anonymous_reply_count":0,"_bbp_topic_count_hidden":0,"_bbp_reply_count_hidden":0,"_bbp_forum_subforum_count":0,"footnotes":""},"class_list":["post-2794","page","type-page","status-publish","hentry"],"post_mailing_queue_ids":[],"_links":{"self":[{"href":"https:\/\/agora.xtec.cat\/inseugenixammar\/wp-json\/wp\/v2\/pages\/2794","targetHints":{"allow":["GET"]}}],"collection":[{"href":"https:\/\/agora.xtec.cat\/inseugenixammar\/wp-json\/wp\/v2\/pages"}],"about":[{"href":"https:\/\/agora.xtec.cat\/inseugenixammar\/wp-json\/wp\/v2\/types\/page"}],"author":[{"embeddable":true,"href":"https:\/\/agora.xtec.cat\/inseugenixammar\/wp-json\/wp\/v2\/users\/1"}],"replies":[{"embeddable":true,"href":"https:\/\/agora.xtec.cat\/inseugenixammar\/wp-json\/wp\/v2\/comments?post=2794"}],"version-history":[{"count":6,"href":"https:\/\/agora.xtec.cat\/inseugenixammar\/wp-json\/wp\/v2\/pages\/2794\/revisions"}],"predecessor-version":[{"id":2818,"href":"https:\/\/agora.xtec.cat\/inseugenixammar\/wp-json\/wp\/v2\/pages\/2794\/revisions\/2818"}],"up":[{"embeddable":true,"href":"https:\/\/agora.xtec.cat\/inseugenixammar\/wp-json\/wp\/v2\/pages\/63"}],"wp:attachment":[{"href":"https:\/\/agora.xtec.cat\/inseugenixammar\/wp-json\/wp\/v2\/media?parent=2794"}],"curies":[{"name":"wp","href":"https:\/\/api.w.org\/{rel}","templated":true}]}}