{"id":19,"date":"2014-09-17T14:56:56","date_gmt":"2014-09-17T12:56:56","guid":{"rendered":"http:\/\/agora.xtec.cat\/inseugenixammar\/?page_id=19"},"modified":"2024-02-06T23:01:15","modified_gmt":"2024-02-06T22:01:15","slug":"linstitut","status":"publish","type":"page","link":"https:\/\/agora.xtec.cat\/inseugenixammar\/linstitut\/","title":{"rendered":"L&#8217;institut"},"content":{"rendered":"<p style=\"color: #444444; text-align: justify;\">L&#8217;institut Eugeni Xammar \u00e9s un institut d&#8217;ensenyament secundari que t\u00e9 concedides tres l\u00ednies de 1r a 4t d&#8217;ESO i dues l\u00ednies de 1r i de 2n de batxillerat.<\/p>\n<p>En aquest apartat podreu consultar la informaci\u00f3 general del centre. Per poder accedir-hi, cal pr\u00e9mer l&#8217;opci\u00f3 corresponent al men\u00fa lateral.<\/p>\n<p>&nbsp;<\/p>\n","protected":false},"excerpt":{"rendered":"<p>L&#8217;institut Eugeni Xammar \u00e9s un institut d&#8217;ensenyament secundari que t\u00e9 concedides tres l\u00ednies de 1r a 4t d&#8217;ESO i dues l\u00ednies de 1r i de 2n de batxillerat.<br \/>\nEn aquest apartat podreu consultar la informaci\u00f3 general del centre. Per poder accedir-hi, cal pr\u00e9mer l&#8217;opci\u00f3 corresponent al&hellip;  <a href=\"https:\/\/agora.xtec.cat\/inseugenixammar\/linstitut\/\" title=\"Read L&#8217;institut\">Llegeix m\u00e9s\u00bb<\/a><\/p>\n","protected":false},"author":1,"featured_media":0,"parent":0,"menu_order":10,"comment_status":"closed","ping_status":"closed","template":"page-templates\/side-menu.php","meta":{"_bbp_topic_count":0,"_bbp_reply_count":0,"_bbp_total_topic_count":0,"_bbp_total_reply_count":0,"_bbp_voice_count":0,"_bbp_anonymous_reply_count":0,"_bbp_topic_count_hidden":0,"_bbp_reply_count_hidden":0,"_bbp_forum_subforum_count":0,"footnotes":""},"class_list":["post-19","page","type-page","status-publish","hentry"],"post_mailing_queue_ids":[],"_links":{"self":[{"href":"https:\/\/agora.xtec.cat\/inseugenixammar\/wp-json\/wp\/v2\/pages\/19","targetHints":{"allow":["GET"]}}],"collection":[{"href":"https:\/\/agora.xtec.cat\/inseugenixammar\/wp-json\/wp\/v2\/pages"}],"about":[{"href":"https:\/\/agora.xtec.cat\/inseugenixammar\/wp-json\/wp\/v2\/types\/page"}],"author":[{"embeddable":true,"href":"https:\/\/agora.xtec.cat\/inseugenixammar\/wp-json\/wp\/v2\/users\/1"}],"replies":[{"embeddable":true,"href":"https:\/\/agora.xtec.cat\/inseugenixammar\/wp-json\/wp\/v2\/comments?post=19"}],"version-history":[{"count":3,"href":"https:\/\/agora.xtec.cat\/inseugenixammar\/wp-json\/wp\/v2\/pages\/19\/revisions"}],"predecessor-version":[{"id":725,"href":"https:\/\/agora.xtec.cat\/inseugenixammar\/wp-json\/wp\/v2\/pages\/19\/revisions\/725"}],"wp:attachment":[{"href":"https:\/\/agora.xtec.cat\/inseugenixammar\/wp-json\/wp\/v2\/media?parent=19"}],"curies":[{"name":"wp","href":"https:\/\/api.w.org\/{rel}","templated":true}]}}