{"id":1594,"date":"2021-10-17T19:31:00","date_gmt":"2021-10-17T17:31:00","guid":{"rendered":"https:\/\/agora.xtec.cat\/inseugenixammar\/?page_id=1594"},"modified":"2024-08-31T01:03:11","modified_gmt":"2024-08-30T23:03:11","slug":"cultura-digital","status":"publish","type":"page","link":"https:\/\/agora.xtec.cat\/inseugenixammar\/estrategia-digital-de-centre-edc\/cultura-digital\/","title":{"rendered":"CULTURA DIGITAL"},"content":{"rendered":"<p>En aquest apartat es recullen tots els documents del centre que fan refer\u00e8ncia a aspectes de la cultura digital. D&#8217;aquesta manera, es pot tenir una visi\u00f3 completa de l&#8217;assoliment d&#8217;aquesta cultura pel que fa a centre.<\/p>\n<h4><span style=\"color: #ff0000;\"><strong><span style=\"color: #333399;\">PLATAFORMA DIGITAL<\/span><a href=\"https:\/\/agora.xtec.cat\/inseugenixammar\/wp-content\/uploads\/usu2541\/2021\/11\/EDC-GOOGLE-WORKSPACE.png\"><img loading=\"lazy\" decoding=\"async\" class=\" wp-image-1693 alignright\" src=\"https:\/\/agora.xtec.cat\/inseugenixammar\/wp-content\/uploads\/usu2541\/2021\/11\/EDC-GOOGLE-WORKSPACE.png\" alt=\"\" width=\"347\" height=\"129\" srcset=\"https:\/\/agora.xtec.cat\/inseugenixammar\/wp-content\/uploads\/usu2541\/2021\/11\/EDC-GOOGLE-WORKSPACE.png 477w, https:\/\/agora.xtec.cat\/inseugenixammar\/wp-content\/uploads\/usu2541\/2021\/11\/EDC-GOOGLE-WORKSPACE-300x111.png 300w\" sizes=\"auto, (max-width: 347px) 100vw, 347px\" \/><\/a><\/strong><\/span><\/h4>\n<p style=\"text-align: justify;\">El centre disposa d&#8217;un domini G Suite for Education propi. D&#8217;aquesta manera, alumnat, professorat, personal d&#8217;administraci\u00f3 i diferents c\u00e0rrecs\u00a0 disposen d&#8217;un usuari @inseugenixammar.cat.<\/p>\n<h4><span style=\"color: #333399;\"><strong>DOCUMENTACI\u00d3<\/strong><\/span><\/h4>\n<p class=\"CDt4Ke zfr3Q\" dir=\"ltr\">El centre organitza tota la documentaci\u00f3 en unitats compartides. Aquestes unitats es comparteixen exclusivament amb grups, de tal manera que en tot moment es controla qui t\u00e9 acc\u00e9s a la informaci\u00f3.<\/p>\n<p class=\"CDt4Ke zfr3Q\" dir=\"ltr\" style=\"text-align: justify;\">En aquestes carpetes hi ha tota la informaci\u00f3 que necessita el centre. Des de la documentaci\u00f3 oficial (PEC, NOFC, projecte de direcci\u00f3, etc), passant per llistes d&#8217;alumnes, el PAT, fins als informes de seguiment i d&#8217;avaluaci\u00f3 de cada un dels alumnes durant tots els cursos que est\u00e0 al centre.<\/p>\n<p style=\"text-align: justify;\">Per donar a con\u00e8ixer millor la Cultura Digital de Centre a la comunitat educativa, s&#8217;han elaborat 3 documents: el pla d&#8217;acollida digital docent, on cal entrar amb el correu corporatiu, el pla d&#8217;acollida digital de l&#8217;alumnat i les fam\u00edlies i el Pla de comunicaci\u00f3.<\/p>\n<p style=\"text-align: center;\"><a class=\"button normal\" style=\"padding: 1em; font-weight: 400; margin: 0.1em; color: white !important; background-color: #0a038d;\" href=\"https:\/\/agora.xtec.cat\/inseugenixammar\/estrategia-digital-de-centre-edc\/cultura-digital\/pla-acollida-digital-docent\/\" target=\"_blank\" rel=\"noopener noreferrer\">\u00a0 \u00a0 \u00a0Pla d&#8217;acollida digital docent\u00a0 \u00a0 \u00a0<\/a> <a class=\"button normal\" style=\"padding: 1em; font-weight: 400; margin: 0.1em; color: white !important; background-color: #0a038d;\" href=\"https:\/\/agora.xtec.cat\/inseugenixammar\/estrategia-digital-de-centre-edc\/cultura-digital\/pla-acollida-digital-alumnat-i-families\/\" target=\"_blank\" rel=\"noopener noreferrer\">Pla d&#8217;acollida digital alumnat i fam\u00edlies<\/a><\/p>\n<p style=\"text-align: center;\"><a class=\"button normal\" style=\"padding: 1em; font-weight: 400; margin: 0.1em; color: white !important; background-color: #0a038d;\" href=\"https:\/\/agora.xtec.cat\/inseugenixammar\/estrategia-digital-de-centre-edc\/cultura-digital\/pla-de-comunicacio\/\" target=\"_blank\" rel=\"noopener noreferrer\">\u00a0 \u00a0 \u00a0Pla de comunicaci\u00f3\u00a0 \u00a0 \u00a0<\/a><\/p>\n","protected":false},"excerpt":{"rendered":"<p>En aquest apartat es recullen tots els documents del centre que fan refer\u00e8ncia a aspectes de la cultura digital. D&#8217;aquesta manera, es pot tenir una visi\u00f3 completa de l&#8217;assoliment d&#8217;aquesta cultura pel que fa a centre.<br \/>\nPLATAFORMA DIGITAL<a href=\"https:\/\/agora.xtec.cat\/inseugenixammar\/wp-content\/uploads\/usu2541\/2021\/11\/EDC-GOOGLE-WORKSPACE.png\"><\/a><br \/>\nEl centre disposa d&#8217;un domini G Suite for&hellip;  <a href=\"https:\/\/agora.xtec.cat\/inseugenixammar\/estrategia-digital-de-centre-edc\/cultura-digital\/\" title=\"Read CULTURA DIGITAL\">Llegeix m\u00e9s\u00bb<\/a><\/p>\n","protected":false},"author":1,"featured_media":0,"parent":3324,"menu_order":20,"comment_status":"closed","ping_status":"closed","template":"page-templates\/side-menu.php","meta":{"_bbp_topic_count":0,"_bbp_reply_count":0,"_bbp_total_topic_count":0,"_bbp_total_reply_count":0,"_bbp_voice_count":0,"_bbp_anonymous_reply_count":0,"_bbp_topic_count_hidden":0,"_bbp_reply_count_hidden":0,"_bbp_forum_subforum_count":0,"footnotes":""},"class_list":["post-1594","page","type-page","status-publish","hentry"],"post_mailing_queue_ids":[],"_links":{"self":[{"href":"https:\/\/agora.xtec.cat\/inseugenixammar\/wp-json\/wp\/v2\/pages\/1594","targetHints":{"allow":["GET"]}}],"collection":[{"href":"https:\/\/agora.xtec.cat\/inseugenixammar\/wp-json\/wp\/v2\/pages"}],"about":[{"href":"https:\/\/agora.xtec.cat\/inseugenixammar\/wp-json\/wp\/v2\/types\/page"}],"author":[{"embeddable":true,"href":"https:\/\/agora.xtec.cat\/inseugenixammar\/wp-json\/wp\/v2\/users\/1"}],"replies":[{"embeddable":true,"href":"https:\/\/agora.xtec.cat\/inseugenixammar\/wp-json\/wp\/v2\/comments?post=1594"}],"version-history":[{"count":6,"href":"https:\/\/agora.xtec.cat\/inseugenixammar\/wp-json\/wp\/v2\/pages\/1594\/revisions"}],"predecessor-version":[{"id":3477,"href":"https:\/\/agora.xtec.cat\/inseugenixammar\/wp-json\/wp\/v2\/pages\/1594\/revisions\/3477"}],"up":[{"embeddable":true,"href":"https:\/\/agora.xtec.cat\/inseugenixammar\/wp-json\/wp\/v2\/pages\/3324"}],"wp:attachment":[{"href":"https:\/\/agora.xtec.cat\/inseugenixammar\/wp-json\/wp\/v2\/media?parent=1594"}],"curies":[{"name":"wp","href":"https:\/\/api.w.org\/{rel}","templated":true}]}}

<p>En aquest apartat es recullen tots els documents del centre que fan referència a aspectes de la cultura digital. D&#8217;aquesta manera, es pot tenir una visió completa de l&#8217;assoliment d&#8217;aquesta cultura pel que fa a centre.</p>
<h4><span style="color: #ff0000;"><strong><span style="color: #333399;">PLATAFORMA DIGITAL</span><a href="https://agora.xtec.cat/inseugenixammar/wp-content/uploads/usu2541/2021/11/EDC-GOOGLE-WORKSPACE.png"><img loading="lazy" decoding="async" class=" wp-image-1693 alignright" src="https://agora.xtec.cat/inseugenixammar/wp-content/uploads/usu2541/2021/11/EDC-GOOGLE-WORKSPACE.png" alt="" width="347" height="129" srcset="https://agora.xtec.cat/inseugenixammar/wp-content/uploads/usu2541/2021/11/EDC-GOOGLE-WORKSPACE.png 477w, https://agora.xtec.cat/inseugenixammar/wp-content/uploads/usu2541/2021/11/EDC-GOOGLE-WORKSPACE-300x111.png 300w" sizes="auto, (max-width: 347px) 100vw, 347px" /></a></strong></span></h4>
<p style="text-align: justify;">El centre disposa d&#8217;un domini G Suite for Education propi. D&#8217;aquesta manera, alumnat, professorat, personal d&#8217;administració i diferents càrrecs  disposen d&#8217;un usuari @inseugenixammar.cat.</p>
<h4><span style="color: #333399;"><strong>DOCUMENTACIÓ</strong></span></h4>
<p class="CDt4Ke zfr3Q" dir="ltr">El centre organitza tota la documentació en unitats compartides. Aquestes unitats es comparteixen exclusivament amb grups, de tal manera que en tot moment es controla qui té accés a la informació.</p>
<p class="CDt4Ke zfr3Q" dir="ltr" style="text-align: justify;">En aquestes carpetes hi ha tota la informació que necessita el centre. Des de la documentació oficial (PEC, NOFC, projecte de direcció, etc), passant per llistes d&#8217;alumnes, el PAT, fins als informes de seguiment i d&#8217;avaluació de cada un dels alumnes durant tots els cursos que està al centre.</p>
<p style="text-align: justify;">Per donar a conèixer millor la Cultura Digital de Centre a la comunitat educativa, s&#8217;han elaborat 3 documents: el pla d&#8217;acollida digital docent, on cal entrar amb el correu corporatiu, el pla d&#8217;acollida digital de l&#8217;alumnat i les famílies i el Pla de comunicació.</p>
<p style="text-align: center;"><a class="button normal" style="padding: 1em; font-weight: 400; margin: 0.1em; color: white !important; background-color: #0a038d;" href="https://agora.xtec.cat/inseugenixammar/estrategia-digital-de-centre-edc/cultura-digital/pla-acollida-digital-docent/" target="_blank" rel="noopener noreferrer">     Pla d&#8217;acollida digital docent     </a> <a class="button normal" style="padding: 1em; font-weight: 400; margin: 0.1em; color: white !important; background-color: #0a038d;" href="https://agora.xtec.cat/inseugenixammar/estrategia-digital-de-centre-edc/cultura-digital/pla-acollida-digital-alumnat-i-families/" target="_blank" rel="noopener noreferrer">Pla d&#8217;acollida digital alumnat i famílies</a></p>
<p style="text-align: center;"><a class="button normal" style="padding: 1em; font-weight: 400; margin: 0.1em; color: white !important; background-color: #0a038d;" href="https://agora.xtec.cat/inseugenixammar/estrategia-digital-de-centre-edc/cultura-digital/pla-de-comunicacio/" target="_blank" rel="noopener noreferrer">     Pla de comunicació     </a></p>

<p>En aquest apartat es recullen tots els documents del centre que fan referència a aspectes de la cultura digital. D&#8217;aquesta manera, es pot tenir una visió completa de l&#8217;assoliment d&#8217;aquesta cultura pel que fa a centre.<br />
PLATAFORMA DIGITAL<a href="https://agora.xtec.cat/inseugenixammar/wp-content/uploads/usu2541/2021/11/EDC-GOOGLE-WORKSPACE.png"></a><br />
El centre disposa d&#8217;un domini G Suite for&hellip;  <a href="https://agora.xtec.cat/inseugenixammar/estrategia-digital-de-centre-edc/cultura-digital/" title="Read CULTURA DIGITAL">Llegeix més»</a></p>
