{"id":1592,"date":"2021-10-17T19:30:06","date_gmt":"2021-10-17T17:30:06","guid":{"rendered":"https:\/\/agora.xtec.cat\/inseugenixammar\/?page_id=1592"},"modified":"2024-07-12T21:08:52","modified_gmt":"2024-07-12T19:08:52","slug":"part-estrategica","status":"publish","type":"page","link":"https:\/\/agora.xtec.cat\/inseugenixammar\/estrategia-digital-de-centre-edc\/part-estrategica\/","title":{"rendered":"PART ESTRAT\u00c8GICA"},"content":{"rendered":"<p>Seguint les indicacions del document definici\u00f3 de l&#8217;Estrat\u00e8gia Digital de Centre (EDC), s&#8217;ha estructurat aquesta part en 4 fases: Diagnosi, Objectius, Planificaci\u00f3 i Seguiment, i Avaluaci\u00f3 i millora.<\/p>\n<p style=\"text-align: center;\"><a class=\"button normal\" style=\"padding: 1em; font-weight: 400; margin: 0.1em; color: white !important; background-color: #0a038d;\" href=\"https:\/\/agora.xtec.cat\/inseugenixammar\/pla-destrategia-digital-de-centre-p\/part-estrategica\/diagnosi\/\" target=\"_blank\" rel=\"noopener noreferrer\">\u00a0 \u00a0 \u00a0Diagnosi\u00a0\u00a0\u00a0\u00a0\u00a0<\/a> <a class=\"button normal\" style=\"padding: 1em; font-weight: 400; margin: 0.1em; color: white !important; background-color: #0a038d;\" href=\"https:\/\/agora.xtec.cat\/inseugenixammar\/pla-destrategia-digital-de-centre-p\/part-estrategica\/planificacio-i-seguiment\/\" target=\"_blank\" rel=\"noopener noreferrer\">Planificaci\u00f3 i seguiment<\/a><\/p>\n<p style=\"text-align: center;\"><a class=\"button normal\" style=\"padding: 1em; font-weight: 400; margin: 0.1em; color: white !important; background-color: #0a038d;\" href=\"https:\/\/agora.xtec.cat\/inseugenixammar\/pla-destrategia-digital-de-centre-p\/part-estrategica\/objectius\/\" target=\"_blank\" rel=\"noopener noreferrer\">\u00a0 \u00a0 Objectius\u00a0 \u00a0 \u00a0<\/a> <a class=\"button normal\" style=\"padding: 1em; font-weight: 400; margin: 0.1em; color: white !important; background-color: #0a038d;\" href=\"https:\/\/agora.xtec.cat\/inseugenixammar\/pla-destrategia-digital-de-centre-p\/part-estrategica\/avaluacio-i-millora\/\" target=\"_blank\" rel=\"noopener noreferrer\">\u00a0 \u00a0 \u00a0Avaluaci\u00f3 i millora\u00a0 \u00a0 \u00a0<\/a><\/p>\n","protected":false},"excerpt":{"rendered":"<p>Seguint les indicacions del document definici\u00f3 de l&#8217;Estrat\u00e8gia Digital de Centre (EDC), s&#8217;ha estructurat aquesta part en 4 fases: Diagnosi, Objectius, Planificaci\u00f3 i Seguiment, i Avaluaci\u00f3 i millora.<br \/>\n<a class=\"button normal\" style=\"padding: 1em; font-weight: 400; margin: 0.1em; color: white !important; background-color: #0a038d;\" href=\"https:\/\/agora.xtec.cat\/inseugenixammar\/pla-destrategia-digital-de-centre-p\/part-estrategica\/diagnosi\/\" target=\"_blank\" rel=\"noopener noreferrer\">\u00a0&hellip;  <a href=\"https:\/\/agora.xtec.cat\/inseugenixammar\/estrategia-digital-de-centre-edc\/part-estrategica\/\" title=\"Read PART ESTRAT\u00c8GICA\">Llegeix m\u00e9s\u00bb<\/a><\/p>\n","protected":false},"author":1,"featured_media":0,"parent":3324,"menu_order":10,"comment_status":"closed","ping_status":"closed","template":"page-templates\/side-menu.php","meta":{"_bbp_topic_count":0,"_bbp_reply_count":0,"_bbp_total_topic_count":0,"_bbp_total_reply_count":0,"_bbp_voice_count":0,"_bbp_anonymous_reply_count":0,"_bbp_topic_count_hidden":0,"_bbp_reply_count_hidden":0,"_bbp_forum_subforum_count":0,"footnotes":""},"class_list":["post-1592","page","type-page","status-publish","hentry"],"post_mailing_queue_ids":[],"_links":{"self":[{"href":"https:\/\/agora.xtec.cat\/inseugenixammar\/wp-json\/wp\/v2\/pages\/1592","targetHints":{"allow":["GET"]}}],"collection":[{"href":"https:\/\/agora.xtec.cat\/inseugenixammar\/wp-json\/wp\/v2\/pages"}],"about":[{"href":"https:\/\/agora.xtec.cat\/inseugenixammar\/wp-json\/wp\/v2\/types\/page"}],"author":[{"embeddable":true,"href":"https:\/\/agora.xtec.cat\/inseugenixammar\/wp-json\/wp\/v2\/users\/1"}],"replies":[{"embeddable":true,"href":"https:\/\/agora.xtec.cat\/inseugenixammar\/wp-json\/wp\/v2\/comments?post=1592"}],"version-history":[{"count":4,"href":"https:\/\/agora.xtec.cat\/inseugenixammar\/wp-json\/wp\/v2\/pages\/1592\/revisions"}],"predecessor-version":[{"id":3340,"href":"https:\/\/agora.xtec.cat\/inseugenixammar\/wp-json\/wp\/v2\/pages\/1592\/revisions\/3340"}],"up":[{"embeddable":true,"href":"https:\/\/agora.xtec.cat\/inseugenixammar\/wp-json\/wp\/v2\/pages\/3324"}],"wp:attachment":[{"href":"https:\/\/agora.xtec.cat\/inseugenixammar\/wp-json\/wp\/v2\/media?parent=1592"}],"curies":[{"name":"wp","href":"https:\/\/api.w.org\/{rel}","templated":true}]}}

PART ESTRATÈGICA

<p>Seguint les indicacions del document definició de l&#8217;Estratègia Digital de Centre (EDC), s&#8217;ha estructurat aquesta part en 4 fases: Diagnosi, Objectius, Planificació i Seguiment, i Avaluació i millora.</p>
<p style="text-align: center;"><a class="button normal" style="padding: 1em; font-weight: 400; margin: 0.1em; color: white !important; background-color: #0a038d;" href="https://agora.xtec.cat/inseugenixammar/pla-destrategia-digital-de-centre-p/part-estrategica/diagnosi/" target="_blank" rel="noopener noreferrer">     Diagnosi     </a> <a class="button normal" style="padding: 1em; font-weight: 400; margin: 0.1em; color: white !important; background-color: #0a038d;" href="https://agora.xtec.cat/inseugenixammar/pla-destrategia-digital-de-centre-p/part-estrategica/planificacio-i-seguiment/" target="_blank" rel="noopener noreferrer">Planificació i seguiment</a></p>
<p style="text-align: center;"><a class="button normal" style="padding: 1em; font-weight: 400; margin: 0.1em; color: white !important; background-color: #0a038d;" href="https://agora.xtec.cat/inseugenixammar/pla-destrategia-digital-de-centre-p/part-estrategica/objectius/" target="_blank" rel="noopener noreferrer">    Objectius     </a> <a class="button normal" style="padding: 1em; font-weight: 400; margin: 0.1em; color: white !important; background-color: #0a038d;" href="https://agora.xtec.cat/inseugenixammar/pla-destrategia-digital-de-centre-p/part-estrategica/avaluacio-i-millora/" target="_blank" rel="noopener noreferrer">     Avaluació i millora     </a></p>

<p>Seguint les indicacions del document definició de l&#8217;Estratègia Digital de Centre (EDC), s&#8217;ha estructurat aquesta part en 4 fases: Diagnosi, Objectius, Planificació i Seguiment, i Avaluació i millora.<br />
<a class="button normal" style="padding: 1em; font-weight: 400; margin: 0.1em; color: white !important; background-color: #0a038d;" href="https://agora.xtec.cat/inseugenixammar/pla-destrategia-digital-de-centre-p/part-estrategica/diagnosi/" target="_blank" rel="noopener noreferrer"> &hellip;  <a href="https://agora.xtec.cat/inseugenixammar/estrategia-digital-de-centre-edc/part-estrategica/" title="Read PART ESTRATÈGICA">Llegeix més»</a></p>
