{"id":1265,"date":"2021-09-12T00:27:33","date_gmt":"2021-09-11T22:27:33","guid":{"rendered":"https:\/\/agora.xtec.cat\/inseugenixammar\/?page_id=1265"},"modified":"2024-02-04T19:57:03","modified_gmt":"2024-02-04T18:57:03","slug":"el-gust-per-la-lectura","status":"publish","type":"page","link":"https:\/\/agora.xtec.cat\/inseugenixammar\/el-gust-per-la-lectura\/","title":{"rendered":"El gust per la lectura"},"content":{"rendered":"<p style=\"text-align: center;\"><a href=\"http:\/\/xtec.gencat.cat\/ca\/projectes\/lectura\/gustperlalectura\/\" target=\"_blank\" rel=\"noopener\">El gust per la lectura\u00a0\u00e9s una iniciativa del Departament d\u2019Educaci\u00f3 de la Generalitat de Catalunya per a fomentar la lectura competent i cr\u00edtica entre els joves estudiants.<\/a><a href=\"http:\/\/xtec.gencat.cat\/ca\/projectes\/lectura\/gustperlalectura\/materialdidactic\/\"><img loading=\"lazy\" decoding=\"async\" class=\"wp-image-2126 aligncenter\" src=\"https:\/\/agora.xtec.cat\/inseugenixammar\/wp-content\/uploads\/usu2541\/2022\/05\/GUST-LECTURA-LOGO.jpg\" alt=\"\" width=\"460\" height=\"189\" srcset=\"https:\/\/agora.xtec.cat\/inseugenixammar\/wp-content\/uploads\/usu2541\/2022\/05\/GUST-LECTURA-LOGO.jpg 538w, https:\/\/agora.xtec.cat\/inseugenixammar\/wp-content\/uploads\/usu2541\/2022\/05\/GUST-LECTURA-LOGO-300x123.jpg 300w\" sizes=\"auto, (max-width: 460px) 100vw, 460px\" \/><\/a><\/p>\n<div id=\"comp-kng4d51s1\" class=\"_1Q9if\" data-testid=\"richTextElement\">\n<table style=\"border-collapse: collapse; width: 100%;\">\n<tbody>\n<tr>\n<td style=\"width: 33.3333%;\" colspan=\"2\">\n<h2 style=\"text-align: center;\">PARTICIPACI\u00d3 AL CONCURS<\/h2>\n<\/td>\n<\/tr>\n<tr>\n<td style=\"width: 33.3333%;\"><a href=\"https:\/\/agora.xtec.cat\/inseugenixammar\/projectes\/el-gust-per-la-lectura\/xxvii-concurs-el-gust-per-la-lectura\/\" target=\"_blank\" rel=\"noopener\"><img loading=\"lazy\" decoding=\"async\" class=\"wp-image-2124 aligncenter\" src=\"https:\/\/agora.xtec.cat\/inseugenixammar\/wp-content\/uploads\/usu2541\/2022\/05\/Aigues-encantades-906x1024.jpg\" alt=\"\" width=\"288\" height=\"325\" srcset=\"https:\/\/agora.xtec.cat\/inseugenixammar\/wp-content\/uploads\/usu2541\/2022\/05\/Aigues-encantades-906x1024.jpg 906w, https:\/\/agora.xtec.cat\/inseugenixammar\/wp-content\/uploads\/usu2541\/2022\/05\/Aigues-encantades-266x300.jpg 266w, https:\/\/agora.xtec.cat\/inseugenixammar\/wp-content\/uploads\/usu2541\/2022\/05\/Aigues-encantades-768x868.jpg 768w, https:\/\/agora.xtec.cat\/inseugenixammar\/wp-content\/uploads\/usu2541\/2022\/05\/Aigues-encantades-1360x1536.jpg 1360w, https:\/\/agora.xtec.cat\/inseugenixammar\/wp-content\/uploads\/usu2541\/2022\/05\/Aigues-encantades.jpg 1587w\" sizes=\"auto, (max-width: 288px) 100vw, 288px\" \/><\/a><\/td>\n<td style=\"width: 33.3333%;\">\n<h3><span style=\"color: #ff0000;\"><strong>CURS 2021-2022<\/strong><\/span><\/h3>\n<div id=\"comp-kng4d51s1\" class=\"_1Q9if\" data-testid=\"richTextElement\">\n<p class=\"font_8\" style=\"text-align: justify;\">Els alumnes de Llengua catalana de segon de Batxillerat del curs 2021-2022 han participat en la 27a edici\u00f3 d&#8217;aquest concurs centrat en l&#8217;obra Aig\u00fces Encantades, de Joan Puig i Ferreter, lectura prescriptiva per aquest curs.<\/p>\n<p>El resultat de la lectura, estudi i an\u00e0lisi de l&#8217;obra s&#8217;ha realitzat en forma d&#8217;una carta de comiat de l&#8217;hero\u00efna de l&#8217;obra, Cec\u00edlia, als seus pares, adaptant-la al context de l&#8217;\u00e8poca.<\/p>\n<p style=\"text-align: justify;\">Tot i que l&#8217;obra \u00e9s de principis del segle XX, planteja una situaci\u00f3 entre pares i fills que pot ser vigent avui en dia, una noia incompresa que lluita pels seus principis i els seus ideals regeneracionistes de voler canviar la societat a trav\u00e9s del coneixement i el progr\u00e9s cient\u00edfic.<\/p>\n<\/div>\n<\/td>\n<\/tr>\n<tr>\n<td style=\"width: 33.3333%;\"><a href=\"https:\/\/sites.google.com\/xtec.cat\/podcast-laura-2021\/inici?authuser=0\" target=\"_blank\" rel=\"noopener\"><img loading=\"lazy\" decoding=\"async\" class=\"size-full wp-image-1266 aligncenter\" src=\"https:\/\/agora.xtec.cat\/inseugenixammar\/wp-content\/uploads\/usu2541\/2021\/09\/logo-gust-lectura-2n-batx.png\" alt=\"\" width=\"290\" height=\"291\" srcset=\"https:\/\/agora.xtec.cat\/inseugenixammar\/wp-content\/uploads\/usu2541\/2021\/09\/logo-gust-lectura-2n-batx.png 290w, https:\/\/agora.xtec.cat\/inseugenixammar\/wp-content\/uploads\/usu2541\/2021\/09\/logo-gust-lectura-2n-batx-150x150.png 150w\" sizes=\"auto, (max-width: 290px) 100vw, 290px\" \/><\/a><\/td>\n<td style=\"width: 33.3333%;\">\n<h3><span style=\"color: #ff0000;\"><strong>CURS 2020-2021<\/strong><\/span><\/h3>\n<div id=\"comp-kng4d51s1\" class=\"_1Q9if\" data-testid=\"richTextElement\">\n<p class=\"font_8\" style=\"text-align: justify;\">Els alumnes de Literatura catalana de segon de Batxillerat del curs 2020-2021 han participat en la 26a edici\u00f3 d\u2019aquest concurs centrat en l\u2019obra de\u00a0Laura a la ciutat dels sants, de Miquel Llor.<\/p>\n<p class=\"font_8\" style=\"text-align: justify;\">El resultat de la lectura, estudi i an\u00e0lisi de l\u2019obra s\u2019ha realitzat en forma de Podcast radiof\u00f2nic. Dels 13 programes enregistrats i editats pels alumnes com a treball de s\u00edntesi, tres van ser seleccionats per presentar-los al concurs. Si cliqueu\u00a0<a href=\"https:\/\/sites.google.com\/xtec.cat\/podcast-laura-2021\/\" target=\"_blank\" rel=\"noopener\">aqu\u00ed<\/a> podreu sentir els treballs fets pels alumnes, tres dels quals han estat seleccionats per participar al concurs, on han obtingut el 2n premi. Felicitats!!!<\/p>\n<\/div>\n<\/td>\n<\/tr>\n<\/tbody>\n<\/table>\n<p class=\"font_8\"><span class=\"wixGuard\">\u200b<\/span><\/p>\n<\/div>\n<div id=\"comp-kng4h22p\" class=\"XUUsC _2S73V\" title=\"\"><\/div>\n","protected":false},"excerpt":{"rendered":"<p><a href=\"http:\/\/xtec.gencat.cat\/ca\/projectes\/lectura\/gustperlalectura\/\" target=\"_blank\" rel=\"noopener\">El gust per la lectura\u00a0\u00e9s una iniciativa del Departament d\u2019Educaci\u00f3 de la Generalitat de Catalunya per a fomentar la lectura competent i cr\u00edtica entre els joves estudiants.<\/a><a href=\"http:\/\/xtec.gencat.cat\/ca\/projectes\/lectura\/gustperlalectura\/materialdidactic\/\"><\/a><\/p>\n<p>PARTICIPACI\u00d3 AL CONCURS<\/p>\n<p><a href=\"https:\/\/agora.xtec.cat\/inseugenixammar\/projectes\/el-gust-per-la-lectura\/xxvii-concurs-el-gust-per-la-lectura\/\" target=\"_blank\" rel=\"noopener\"><\/a><\/p>\n<p>CURS 2021-2022<\/p>\n<p>Els alumnes de Llengua catalana de segon de Batxillerat&hellip;  <a href=\"https:\/\/agora.xtec.cat\/inseugenixammar\/el-gust-per-la-lectura\/\" title=\"Read El gust per la lectura\">Llegeix m\u00e9s\u00bb<\/a><\/p>\n","protected":false},"author":1,"featured_media":0,"parent":0,"menu_order":0,"comment_status":"closed","ping_status":"closed","template":"page-templates\/side-menu.php","meta":{"_bbp_topic_count":0,"_bbp_reply_count":0,"_bbp_total_topic_count":0,"_bbp_total_reply_count":0,"_bbp_voice_count":0,"_bbp_anonymous_reply_count":0,"_bbp_topic_count_hidden":0,"_bbp_reply_count_hidden":0,"_bbp_forum_subforum_count":0,"footnotes":""},"class_list":["post-1265","page","type-page","status-publish","hentry"],"post_mailing_queue_ids":[],"_links":{"self":[{"href":"https:\/\/agora.xtec.cat\/inseugenixammar\/wp-json\/wp\/v2\/pages\/1265","targetHints":{"allow":["GET"]}}],"collection":[{"href":"https:\/\/agora.xtec.cat\/inseugenixammar\/wp-json\/wp\/v2\/pages"}],"about":[{"href":"https:\/\/agora.xtec.cat\/inseugenixammar\/wp-json\/wp\/v2\/types\/page"}],"author":[{"embeddable":true,"href":"https:\/\/agora.xtec.cat\/inseugenixammar\/wp-json\/wp\/v2\/users\/1"}],"replies":[{"embeddable":true,"href":"https:\/\/agora.xtec.cat\/inseugenixammar\/wp-json\/wp\/v2\/comments?post=1265"}],"version-history":[{"count":2,"href":"https:\/\/agora.xtec.cat\/inseugenixammar\/wp-json\/wp\/v2\/pages\/1265\/revisions"}],"predecessor-version":[{"id":2141,"href":"https:\/\/agora.xtec.cat\/inseugenixammar\/wp-json\/wp\/v2\/pages\/1265\/revisions\/2141"}],"wp:attachment":[{"href":"https:\/\/agora.xtec.cat\/inseugenixammar\/wp-json\/wp\/v2\/media?parent=1265"}],"curies":[{"name":"wp","href":"https:\/\/api.w.org\/{rel}","templated":true}]}}