{"id":32,"date":"2014-09-18T12:31:33","date_gmt":"2014-09-18T10:31:33","guid":{"rendered":"http:\/\/agora.xtec.cat\/insesturo-roquetes\/?page_id=32"},"modified":"2025-07-11T12:11:59","modified_gmt":"2025-07-11T10:11:59","slug":"calendari-del-curs","status":"publish","type":"page","link":"https:\/\/agora.xtec.cat\/insesturo-roquetes\/elcentre\/calendari-del-curs\/","title":{"rendered":"Calendari del curs 2025-2026"},"content":{"rendered":"<p>&nbsp;<\/p>\n<p class=\"western\" lang=\"es-ES-u-co-trad\">En compliment de l\u2019ORDRE EDU\/104\/2025, de 6 de maig, per la qual s\u2019estableix el calendari escolar del curs 2025-2026 per als centres educatius no universitaris de Catalunya, aquest queda fixat de la manera seg\u00fcent:<\/p>\n<p><a href=\"https:\/\/agora.xtec.cat\/insesturo-roquetes\/wp-content\/uploads\/usu1203\/2025\/07\/CALENDARI-ESCOLAR-2025-2026.pdf\" target=\"_blank\" rel=\"noopener\">Calendari Escolar curs 2025 &#8211; 2026<\/a><\/p>\n<h1><a href=\"https:\/\/agora.xtec.cat\/insesturo-roquetes\/wp-content\/uploads\/usu1203\/2025\/07\/CALENDARI-ESCOLAR-2025-2026.pdf\" target=\"_blank\" rel=\"noopener\"><img loading=\"lazy\" decoding=\"async\" class=\"alignnone size-large wp-image-19504\" src=\"https:\/\/agora.xtec.cat\/insesturo-roquetes\/wp-content\/uploads\/usu1203\/2025\/07\/CALENDARI-ESCOLAR-2025-2026_page-0001-724x1024.jpg\" alt=\"\" width=\"724\" height=\"1024\" srcset=\"https:\/\/agora.xtec.cat\/insesturo-roquetes\/wp-content\/uploads\/usu1203\/2025\/07\/CALENDARI-ESCOLAR-2025-2026_page-0001-724x1024.jpg 724w, https:\/\/agora.xtec.cat\/insesturo-roquetes\/wp-content\/uploads\/usu1203\/2025\/07\/CALENDARI-ESCOLAR-2025-2026_page-0001-354x500.jpg 354w, https:\/\/agora.xtec.cat\/insesturo-roquetes\/wp-content\/uploads\/usu1203\/2025\/07\/CALENDARI-ESCOLAR-2025-2026_page-0001-768x1086.jpg 768w, https:\/\/agora.xtec.cat\/insesturo-roquetes\/wp-content\/uploads\/usu1203\/2025\/07\/CALENDARI-ESCOLAR-2025-2026_page-0001-1086x1536.jpg 1086w, https:\/\/agora.xtec.cat\/insesturo-roquetes\/wp-content\/uploads\/usu1203\/2025\/07\/CALENDARI-ESCOLAR-2025-2026_page-0001.jpg 1241w\" sizes=\"auto, (max-width: 724px) 100vw, 724px\" \/><\/a><\/h1>\n<p class=\"western\" lang=\"es-ES-u-co-trad\"><b>Primer trimestre<\/b><\/p>\n<p class=\"western\" lang=\"es-ES-u-co-trad\">Dilluns, 8 a dimecres 10 de setembre \u2013 Inici gradual de I3<\/p>\n<p class=\"western\" lang=\"es-ES-u-co-trad\">Dilluns, 8 de setembre \u2013 Inici de les classes de Prim\u00e0ria<\/p>\n<p class=\"western\" lang=\"es-ES-u-co-trad\">Dilluns, 8 de setembre \u2013 Presentaci\u00f3 dels alumnes de Secund\u00e0ria<\/p>\n<p class=\"western\" lang=\"es-ES-u-co-trad\">Dimarts, 9 de setembre \u2013 Inici de les classes de Secund\u00e0ria<\/p>\n<p class=\"western\" lang=\"es-ES-u-co-trad\">Dijous, 11 de setembre \u2013 Diada de Catalunya<\/p>\n<p class=\"western\" lang=\"es-ES-u-co-trad\">Dimecres, 24 de setembre \u2013 Festa local de Barcelona<\/p>\n<p class=\"western\" lang=\"es-ES-u-co-trad\">Divendres, 10 d\u2019octubre \u2013 Festa de lliure disposici\u00f3 (1a)<\/p>\n<p class=\"western\" lang=\"es-ES-u-co-trad\">Di<span style=\"font-family: Arial, serif;\"><span style=\"font-size: medium;\"><span lang=\"es-ES-u-co-trad\">ssabte,<\/span><\/span><\/span> 1 de novembre \u2013 Festa de Tots Sants<\/p>\n<p class=\"western\" lang=\"es-ES-u-co-trad\">Dilluns, 3 de novembre \u2013 Festa de lliure disposici\u00f3 (2a)<\/p>\n<p class=\"western\" lang=\"es-ES-u-co-trad\">D<span style=\"font-family: Arial, serif;\"><span style=\"font-size: medium;\"><span lang=\"es-ES-u-co-trad\">illuns,<\/span><\/span><\/span> 8 de desembre \u2013 Festa de la <span style=\"font-family: Arial, serif;\"><span style=\"font-size: medium;\"><span lang=\"es-ES-u-co-trad\">Purissima<\/span><\/span><\/span><\/p>\n<p class=\"western\" lang=\"es-ES-u-co-trad\">Divendres, 19 de desembre \u2013 Darrer dia de classe del primer trimestre. Jornada compactada<\/p>\n<p class=\"western\" lang=\"es-ES-u-co-trad\"><b>Vacances de Nadal: del 20 de desembre de 2025 al 7 de gener de 2026 (ambd\u00f3s inclosos)<\/b><\/p>\n<p class=\"western\" lang=\"es-ES-u-co-trad\"><b>Segon trimestre<\/b><\/p>\n<p class=\"western\" lang=\"es-ES-u-co-trad\">Dijous, 8 de gener \u2013 Inici de classes del segon trimestre<\/p>\n<p class=\"western\" lang=\"es-ES-u-co-trad\">Dilluns,16 de febrer \u2013 Festa de lliure disposici\u00f3 (3a)<\/p>\n<p class=\"western\" lang=\"es-ES-u-co-trad\">Divendres, 27 de mar\u00e7 \u2013 Darrer dia de classe del segon trimestre<\/p>\n<p class=\"western\" lang=\"es-ES-u-co-trad\"><b>Vacances de Setmana Santa: del 28 de mar\u00e7 al 6 d\u2019abril de 2026 (ambd\u00f3s inclosos)<\/b><\/p>\n<p class=\"western\" lang=\"es-ES-u-co-trad\"><b>Tercer trimestre<\/b><\/p>\n<p class=\"western\" lang=\"es-ES-u-co-trad\">Dimarts, 7 d\u2019abril \u2013 Inici de les classes del tercer trimestre<\/p>\n<p class=\"western\" lang=\"es-ES-u-co-trad\">Divendres, 1 de maig \u2013 Festa del treball<\/p>\n<p class=\"western\" lang=\"es-ES-u-co-trad\">Divendres, 22 de maig \u2013 Festa de lliure disposici\u00f3 (4a)<\/p>\n<p class=\"western\" lang=\"es-ES-u-co-trad\">Dilluns, 25 de maig \u2013 Festa local de Barcelona<\/p>\n<p class=\"western\" lang=\"es-ES-u-co-trad\"><b>Jornada compactada a Infantil, Prim\u00e0ria i Secund\u00e0ria: 8 de juny a 19 de juny<\/b><\/p>\n<p class=\"western\" lang=\"es-ES-u-co-trad\">Divendres, 19 de juny \u2013 \u00daltim dia del curs a infantil, prim\u00e0ria i secund\u00e0ria<\/p>\n<p>Prim\u00e0ria: Carrer Alc\u00e1ntara 22-34, Tel: 933546504, Secund\u00e0ria: Carrer Artesania, 81-83 08042 Barcelona Tel: 932809105 ,\u00a0 Correu electr\u00f2nic : a8072292@xtec.cat<\/p>\n<p>&nbsp;<\/p>\n","protected":false},"excerpt":{"rendered":"<p>&nbsp; En compliment de l\u2019ORDRE EDU\/104\/2025, de 6 de maig, per la qual s\u2019estableix el calendari escolar del curs 2025-2026 per als centres educatius no universitaris de Catalunya, aquest queda fixat de la manera seg\u00fcent: Calendari Escolar curs 2025 &#8211; 2026 Primer trimestre Dilluns, 8 a dimecres 10 de setembre \u2013 Inici gradual de I3 [&hellip;]<\/p>\n","protected":false},"author":2,"featured_media":0,"parent":22,"menu_order":60,"comment_status":"closed","ping_status":"closed","template":"page-templates\/side-menu.php","meta":{"_bbp_topic_count":0,"_bbp_reply_count":0,"_bbp_total_topic_count":0,"_bbp_total_reply_count":0,"_bbp_voice_count":0,"_bbp_anonymous_reply_count":0,"_bbp_topic_count_hidden":0,"_bbp_reply_count_hidden":0,"_bbp_forum_subforum_count":0,"site-sidebar-layout":"default","site-content-layout":"","ast-site-content-layout":"","site-content-style":"default","site-sidebar-style":"default","ast-global-header-display":"","ast-banner-title-visibility":"","ast-main-header-display":"","ast-hfb-above-header-display":"","ast-hfb-below-header-display":"","ast-hfb-mobile-header-display":"","site-post-title":"","ast-breadcrumbs-content":"","ast-featured-img":"","footer-sml-layout":"","theme-transparent-header-meta":"","adv-header-id-meta":"","stick-header-meta":"","header-above-stick-meta":"","header-main-stick-meta":"","header-below-stick-meta":"","astra-migrate-meta-layouts":"default","ast-page-background-enabled":"default","ast-page-background-meta":{"desktop":{"background-color":"var(--ast-global-color-4)","background-image":"","background-repeat":"repeat","background-position":"center center","background-size":"auto","background-attachment":"scroll","background-type":"","background-media":"","overlay-type":"","overlay-color":"","overlay-opacity":"","overlay-gradient":""},"tablet":{"background-color":"","background-image":"","background-repeat":"repeat","background-position":"center center","background-size":"auto","background-attachment":"scroll","background-type":"","background-media":"","overlay-type":"","overlay-color":"","overlay-opacity":"","overlay-gradient":""},"mobile":{"background-color":"","background-image":"","background-repeat":"repeat","background-position":"center center","background-size":"auto","background-attachment":"scroll","background-type":"","background-media":"","overlay-type":"","overlay-color":"","overlay-opacity":"","overlay-gradient":""}},"ast-content-background-meta":{"desktop":{"background-color":"var(--ast-global-color-5)","background-image":"","background-repeat":"repeat","background-position":"center center","background-size":"auto","background-attachment":"scroll","background-type":"","background-media":"","overlay-type":"","overlay-color":"","overlay-opacity":"","overlay-gradient":""},"tablet":{"background-color":"var(--ast-global-color-5)","background-image":"","background-repeat":"repeat","background-position":"center center","background-size":"auto","background-attachment":"scroll","background-type":"","background-media":"","overlay-type":"","overlay-color":"","overlay-opacity":"","overlay-gradient":""},"mobile":{"background-color":"var(--ast-global-color-5)","background-image":"","background-repeat":"repeat","background-position":"center center","background-size":"auto","background-attachment":"scroll","background-type":"","background-media":"","overlay-type":"","overlay-color":"","overlay-opacity":"","overlay-gradient":""}},"footnotes":""},"class_list":["post-32","page","type-page","status-publish","hentry"],"post_mailing_queue_ids":[],"_links":{"self":[{"href":"https:\/\/agora.xtec.cat\/insesturo-roquetes\/wp-json\/wp\/v2\/pages\/32","targetHints":{"allow":["GET"]}}],"collection":[{"href":"https:\/\/agora.xtec.cat\/insesturo-roquetes\/wp-json\/wp\/v2\/pages"}],"about":[{"href":"https:\/\/agora.xtec.cat\/insesturo-roquetes\/wp-json\/wp\/v2\/types\/page"}],"author":[{"embeddable":true,"href":"https:\/\/agora.xtec.cat\/insesturo-roquetes\/wp-json\/wp\/v2\/users\/2"}],"replies":[{"embeddable":true,"href":"https:\/\/agora.xtec.cat\/insesturo-roquetes\/wp-json\/wp\/v2\/comments?post=32"}],"version-history":[{"count":8,"href":"https:\/\/agora.xtec.cat\/insesturo-roquetes\/wp-json\/wp\/v2\/pages\/32\/revisions"}],"predecessor-version":[{"id":19507,"href":"https:\/\/agora.xtec.cat\/insesturo-roquetes\/wp-json\/wp\/v2\/pages\/32\/revisions\/19507"}],"up":[{"embeddable":true,"href":"https:\/\/agora.xtec.cat\/insesturo-roquetes\/wp-json\/wp\/v2\/pages\/22"}],"wp:attachment":[{"href":"https:\/\/agora.xtec.cat\/insesturo-roquetes\/wp-json\/wp\/v2\/media?parent=32"}],"curies":[{"name":"wp","href":"https:\/\/api.w.org\/{rel}","templated":true}]}}