{"id":28,"date":"2014-09-18T12:29:35","date_gmt":"2014-09-18T12:29:35","guid":{"rendered":"http:\/\/agora.xtec.cat\/insesturo-roquetes\/?page_id=28"},"modified":"2025-11-28T12:17:35","modified_gmt":"2025-11-28T11:17:35","slug":"consell-escolar","status":"publish","type":"page","link":"https:\/\/agora.xtec.cat\/insesturo-roquetes\/elcentre\/consell-escolar\/","title":{"rendered":"Consell escolar"},"content":{"rendered":"<h2>Constitu\u00eft oficialment el 27 de novembre de 2025<\/h2>\n<h3>JUNTA DIRECTIVA<\/h3>\n<table style=\"height: 138px; width: 58.977%;\" width=\"482\">\n<tbody>\n<tr>\n<td style=\"border-color: #ffffff; width: 54.7826%;\">\n<h6><span style=\"font-size: 16px;\"><strong>Directora:<\/strong><\/span><\/h6>\n<h6><span style=\"font-size: 16px;\"> <strong>Secretari:<\/strong><\/span><\/h6>\n<h6><span style=\"font-size: 16px;\"><strong>Cap d&#8217;Estudis Prim\u00e0ria:<\/strong><\/span><\/h6>\n<h6><span style=\"font-size: 16px;\"><strong>Cap d&#8217;Estudis Secund\u00e0ria:<\/strong><\/span><\/h6>\n<\/td>\n<td style=\"border-color: #ffffff; width: 42.5995%;\">\n<h6><span style=\"font-size: 16px;\">S\u00f2nia Rubio P\u00e9rez<\/span><\/h6>\n<h6><span style=\"font-size: 16px;\"> Albito Becerra Sant\u00edn<\/span><\/h6>\n<h6><span style=\"font-size: 16px;\">Carol Gea Camp\u00e0<\/span><\/h6>\n<h6><span style=\"font-size: 16px;\">Marta Ribas Bruguer<br \/>\n<\/span><\/h6>\n<\/td>\n<\/tr>\n<\/tbody>\n<\/table>\n<h3>SECTOR DE DOCENTS D&#8217;INFANTIL I PRIM\u00c0RIA<\/h3>\n<h6>Denisse. Mart\u00ednez Fern\u00e1ndez<\/h6>\n<h6>Marta Rius Mir<\/h6>\n<h6>L\u00eddia Bonet Cabiscol<\/h6>\n<h6>Patricia Alguacil Montero<\/h6>\n<p>&nbsp;<\/p>\n<h3>SECTOR DE DOCENTS DE SECUND\u00c0RIA<\/h3>\n<h6>Paula Martorell Basco<\/h6>\n<h6>Jordi Forcadell Gu\u00e0rdia<\/h6>\n<h6>Ares Dalmau Miss\u00e9<\/h6>\n<h6>Anna Soriano Jorba<\/h6>\n<p>&nbsp;<\/p>\n<h3>SECTOR DE FAM\u00cdLIES D&#8217;INFANTIL I PRIM\u00c0RIA<\/h3>\n<h6>Jennyfer Nieto Rosende<\/h6>\n<h6>Sanae Elmakrini<\/h6>\n<h6>Maria Iovanovic Marino<\/h6>\n<p>&nbsp;<\/p>\n<h3>SECTOR FAM\u00cdLIES DE SECUND\u00c0RIA<\/h3>\n<h6>Belen Garc\u00eda G\u00f3mez<\/h6>\n<h6>Cristina Mart\u00edn Mol\u00edn<\/h6>\n<p>&nbsp;<\/p>\n<h3>SECTOR D&#8217;ALUMNES<\/h3>\n<h6>Daniel Mart\u00ednez Vel\u00e1squez<\/h6>\n<h6>Joel Llamas Nieto<\/h6>\n<p>&nbsp;<\/p>\n<h3>REPRESENTANT DE L&#8217;AFA<\/h3>\n<h6>Elisabeth Trias Argudo<\/h6>\n<p>&nbsp;<\/p>\n<h3>SECTOR DEL PAS<\/h3>\n<h6>S\u00f2nia L\u00f3pez Mediavilla<\/h6>\n<p>&nbsp;<\/p>\n<h3>REPRESENTANT DE L&#8217;AJUNTAMENT<\/h3>\n<h6>Montserrat Ros Molina<\/h6>\n<h6><\/h6>\n<p>&nbsp;<\/p>\n<p>&nbsp;<\/p>\n","protected":false},"excerpt":{"rendered":"<p>Constitu\u00eft oficialment el 27 de novembre de 2025 JUNTA DIRECTIVA Directora: Secretari: Cap d&#8217;Estudis Prim\u00e0ria: Cap d&#8217;Estudis Secund\u00e0ria: S\u00f2nia Rubio P\u00e9rez Albito Becerra Sant\u00edn Carol Gea Camp\u00e0 Marta Ribas Bruguer SECTOR DE DOCENTS D&#8217;INFANTIL I PRIM\u00c0RIA Denisse. Mart\u00ednez Fern\u00e1ndez Marta Rius Mir L\u00eddia Bonet Cabiscol Patricia Alguacil Montero &nbsp; SECTOR DE DOCENTS DE SECUND\u00c0RIA Paula [&hellip;]<\/p>\n","protected":false},"author":2,"featured_media":0,"parent":22,"menu_order":30,"comment_status":"closed","ping_status":"closed","template":"page-templates\/side-menu.php","meta":{"_bbp_topic_count":0,"_bbp_reply_count":0,"_bbp_total_topic_count":0,"_bbp_total_reply_count":0,"_bbp_voice_count":0,"_bbp_anonymous_reply_count":0,"_bbp_topic_count_hidden":0,"_bbp_reply_count_hidden":0,"_bbp_forum_subforum_count":0,"site-sidebar-layout":"left-sidebar","site-content-layout":"","ast-site-content-layout":"default","site-content-style":"default","site-sidebar-style":"default","ast-global-header-display":"","ast-banner-title-visibility":"","ast-main-header-display":"","ast-hfb-above-header-display":"","ast-hfb-below-header-display":"","ast-hfb-mobile-header-display":"","site-post-title":"","ast-breadcrumbs-content":"","ast-featured-img":"","footer-sml-layout":"","theme-transparent-header-meta":"","adv-header-id-meta":"","stick-header-meta":"","header-above-stick-meta":"","header-main-stick-meta":"","header-below-stick-meta":"","astra-migrate-meta-layouts":"set","ast-page-background-enabled":"default","ast-page-background-meta":{"desktop":{"background-color":"var(--ast-global-color-4)","background-image":"","background-repeat":"repeat","background-position":"center center","background-size":"auto","background-attachment":"scroll","background-type":"","background-media":"","overlay-type":"","overlay-color":"","overlay-opacity":"","overlay-gradient":""},"tablet":{"background-color":"","background-image":"","background-repeat":"repeat","background-position":"center center","background-size":"auto","background-attachment":"scroll","background-type":"","background-media":"","overlay-type":"","overlay-color":"","overlay-opacity":"","overlay-gradient":""},"mobile":{"background-color":"","background-image":"","background-repeat":"repeat","background-position":"center center","background-size":"auto","background-attachment":"scroll","background-type":"","background-media":"","overlay-type":"","overlay-color":"","overlay-opacity":"","overlay-gradient":""}},"ast-content-background-meta":{"desktop":{"background-color":"var(--ast-global-color-5)","background-image":"","background-repeat":"repeat","background-position":"center center","background-size":"auto","background-attachment":"scroll","background-type":"","background-media":"","overlay-type":"","overlay-color":"","overlay-opacity":"","overlay-gradient":""},"tablet":{"background-color":"var(--ast-global-color-5)","background-image":"","background-repeat":"repeat","background-position":"center center","background-size":"auto","background-attachment":"scroll","background-type":"","background-media":"","overlay-type":"","overlay-color":"","overlay-opacity":"","overlay-gradient":""},"mobile":{"background-color":"var(--ast-global-color-5)","background-image":"","background-repeat":"repeat","background-position":"center center","background-size":"auto","background-attachment":"scroll","background-type":"","background-media":"","overlay-type":"","overlay-color":"","overlay-opacity":"","overlay-gradient":""}},"footnotes":""},"class_list":["post-28","page","type-page","status-publish","hentry"],"post_mailing_queue_ids":[],"_links":{"self":[{"href":"https:\/\/agora.xtec.cat\/insesturo-roquetes\/wp-json\/wp\/v2\/pages\/28","targetHints":{"allow":["GET"]}}],"collection":[{"href":"https:\/\/agora.xtec.cat\/insesturo-roquetes\/wp-json\/wp\/v2\/pages"}],"about":[{"href":"https:\/\/agora.xtec.cat\/insesturo-roquetes\/wp-json\/wp\/v2\/types\/page"}],"author":[{"embeddable":true,"href":"https:\/\/agora.xtec.cat\/insesturo-roquetes\/wp-json\/wp\/v2\/users\/2"}],"replies":[{"embeddable":true,"href":"https:\/\/agora.xtec.cat\/insesturo-roquetes\/wp-json\/wp\/v2\/comments?post=28"}],"version-history":[{"count":8,"href":"https:\/\/agora.xtec.cat\/insesturo-roquetes\/wp-json\/wp\/v2\/pages\/28\/revisions"}],"predecessor-version":[{"id":19585,"href":"https:\/\/agora.xtec.cat\/insesturo-roquetes\/wp-json\/wp\/v2\/pages\/28\/revisions\/19585"}],"up":[{"embeddable":true,"href":"https:\/\/agora.xtec.cat\/insesturo-roquetes\/wp-json\/wp\/v2\/pages\/22"}],"wp:attachment":[{"href":"https:\/\/agora.xtec.cat\/insesturo-roquetes\/wp-json\/wp\/v2\/media?parent=28"}],"curies":[{"name":"wp","href":"https:\/\/api.w.org\/{rel}","templated":true}]}}