{"id":24,"date":"2014-09-18T12:23:15","date_gmt":"2014-09-18T11:23:15","guid":{"rendered":"http:\/\/agora.xtec.cat\/insesturo-roquetes\/?page_id=24"},"modified":"2023-05-18T18:52:27","modified_gmt":"2023-05-18T16:52:27","slug":"on-som","status":"publish","type":"page","link":"https:\/\/agora.xtec.cat\/insesturo-roquetes\/elcentre\/on-som\/","title":{"rendered":"On som"},"content":{"rendered":"<h2><span style=\"color: #003366;\">Institut escola Tur\u00f3 de Roquetes<\/span><\/h2>\n<p>&nbsp;<\/p>\n<p><img loading=\"lazy\" decoding=\"async\" class=\" alignleft wp-image-274\" src=\"http:\/\/agora.xtec.cat\/insesturo-roquetes\/wp-content\/uploads\/usu1203\/2014\/09\/MapaAssenyalat2-478x500.jpg\" alt=\"MapaAssenyalat2\" width=\"388\" height=\"406\" srcset=\"https:\/\/agora.xtec.cat\/insesturo-roquetes\/wp-content\/uploads\/usu1203\/2014\/09\/MapaAssenyalat2-478x500.jpg 478w, https:\/\/agora.xtec.cat\/insesturo-roquetes\/wp-content\/uploads\/usu1203\/2014\/09\/MapaAssenyalat2.jpg 573w\" sizes=\"auto, (max-width: 388px) 100vw, 388px\" \/><\/p>\n<p>&nbsp;<\/p>\n<p><span style=\"font-family: arial, helvetica, sans-serif; font-size: 16px;\"><strong>Edifici Prim\u00e0ria<\/strong><br \/>\nC\/Alc\u00e0ntara, 22<br \/>\n08042 &#8211; Barcelona<br \/>\nTel\u00e8fon: 933546504<\/span><\/p>\n<p><span style=\"font-family: arial, helvetica, sans-serif; font-size: 16px;\"><strong>Edifici Secund\u00e0ria<\/strong><br \/>\nCarrer de l&#8217;Artesania, 81-85<br \/>\n08042 &#8211; Barcelona<br \/>\nTel\u00e8fon 932809105<\/span><\/p>\n<p><span style=\"font-family: arial, helvetica, sans-serif; font-size: 16px;\"><strong>Correu electr\u00f2nic<\/strong>:<br \/>\na8072292@xtec.cat<br \/>\n<\/span><\/p>\n<p>&nbsp;<\/p>\n<p>&nbsp;<\/p>\n<p><iframe loading=\"lazy\" style=\"border: 0;\" src=\"https:\/\/www.google.com\/maps\/embed?pb=!1m10!1m8!1m3!1d2054.4962630806904!2d2.1733964011701046!3d41.447162083060476!3m2!1i1024!2i768!4f13.1!5e0!3m2!1sca!2sus!4v1443386847225\" width=\"600\" height=\"450\" frameborder=\"0\" allowfullscreen=\"allowfullscreen\"><\/iframe><\/p>\n<p><strong>Com arribar-hi:<\/strong><\/p>\n<p><strong>Metro:<\/strong> Estaci\u00f3 <em>Roquetes<\/em>\u00a0de la l\u00ednia verda<br \/>\n<strong>Bus:<\/strong> L\u00ednies 11, 27, 32, 127<\/p>\n<p>&nbsp;<\/p>\n","protected":false},"excerpt":{"rendered":"<p>Institut escola Tur\u00f3 de Roquetes &nbsp; &nbsp; Edifici Prim\u00e0ria C\/Alc\u00e0ntara, 22 08042 &#8211; Barcelona Tel\u00e8fon: 933546504 Edifici Secund\u00e0ria Carrer de l&#8217;Artesania, 81-85 08042 &#8211; Barcelona Tel\u00e8fon 932809105 Correu electr\u00f2nic: a8072292@xtec.cat &nbsp; &nbsp; Com arribar-hi: Metro: Estaci\u00f3 Roquetes\u00a0de la l\u00ednia verda Bus: L\u00ednies 11, 27, 32, 127 &nbsp;<\/p>\n","protected":false},"author":6,"featured_media":0,"parent":22,"menu_order":10,"comment_status":"closed","ping_status":"closed","template":"page-templates\/side-menu.php","meta":{"_bbp_topic_count":0,"_bbp_reply_count":0,"_bbp_total_topic_count":0,"_bbp_total_reply_count":0,"_bbp_voice_count":0,"_bbp_anonymous_reply_count":0,"_bbp_topic_count_hidden":0,"_bbp_reply_count_hidden":0,"_bbp_forum_subforum_count":0,"site-sidebar-layout":"left-sidebar","site-content-layout":"","ast-site-content-layout":"default","site-content-style":"default","site-sidebar-style":"default","ast-global-header-display":"","ast-banner-title-visibility":"","ast-main-header-display":"","ast-hfb-above-header-display":"","ast-hfb-below-header-display":"","ast-hfb-mobile-header-display":"","site-post-title":"","ast-breadcrumbs-content":"","ast-featured-img":"","footer-sml-layout":"","theme-transparent-header-meta":"","adv-header-id-meta":"","stick-header-meta":"","header-above-stick-meta":"","header-main-stick-meta":"","header-below-stick-meta":"","astra-migrate-meta-layouts":"set","ast-page-background-enabled":"default","ast-page-background-meta":{"desktop":{"background-color":"var(--ast-global-color-4)","background-image":"","background-repeat":"repeat","background-position":"center center","background-size":"auto","background-attachment":"scroll","background-type":"","background-media":"","overlay-type":"","overlay-color":"","overlay-opacity":"","overlay-gradient":""},"tablet":{"background-color":"","background-image":"","background-repeat":"repeat","background-position":"center center","background-size":"auto","background-attachment":"scroll","background-type":"","background-media":"","overlay-type":"","overlay-color":"","overlay-opacity":"","overlay-gradient":""},"mobile":{"background-color":"","background-image":"","background-repeat":"repeat","background-position":"center center","background-size":"auto","background-attachment":"scroll","background-type":"","background-media":"","overlay-type":"","overlay-color":"","overlay-opacity":"","overlay-gradient":""}},"ast-content-background-meta":{"desktop":{"background-color":"var(--ast-global-color-5)","background-image":"","background-repeat":"repeat","background-position":"center center","background-size":"auto","background-attachment":"scroll","background-type":"","background-media":"","overlay-type":"","overlay-color":"","overlay-opacity":"","overlay-gradient":""},"tablet":{"background-color":"var(--ast-global-color-5)","background-image":"","background-repeat":"repeat","background-position":"center center","background-size":"auto","background-attachment":"scroll","background-type":"","background-media":"","overlay-type":"","overlay-color":"","overlay-opacity":"","overlay-gradient":""},"mobile":{"background-color":"var(--ast-global-color-5)","background-image":"","background-repeat":"repeat","background-position":"center center","background-size":"auto","background-attachment":"scroll","background-type":"","background-media":"","overlay-type":"","overlay-color":"","overlay-opacity":"","overlay-gradient":""}},"footnotes":""},"class_list":["post-24","page","type-page","status-publish","hentry"],"post_mailing_queue_ids":[],"_links":{"self":[{"href":"https:\/\/agora.xtec.cat\/insesturo-roquetes\/wp-json\/wp\/v2\/pages\/24","targetHints":{"allow":["GET"]}}],"collection":[{"href":"https:\/\/agora.xtec.cat\/insesturo-roquetes\/wp-json\/wp\/v2\/pages"}],"about":[{"href":"https:\/\/agora.xtec.cat\/insesturo-roquetes\/wp-json\/wp\/v2\/types\/page"}],"author":[{"embeddable":true,"href":"https:\/\/agora.xtec.cat\/insesturo-roquetes\/wp-json\/wp\/v2\/users\/6"}],"replies":[{"embeddable":true,"href":"https:\/\/agora.xtec.cat\/insesturo-roquetes\/wp-json\/wp\/v2\/comments?post=24"}],"version-history":[{"count":4,"href":"https:\/\/agora.xtec.cat\/insesturo-roquetes\/wp-json\/wp\/v2\/pages\/24\/revisions"}],"predecessor-version":[{"id":6663,"href":"https:\/\/agora.xtec.cat\/insesturo-roquetes\/wp-json\/wp\/v2\/pages\/24\/revisions\/6663"}],"up":[{"embeddable":true,"href":"https:\/\/agora.xtec.cat\/insesturo-roquetes\/wp-json\/wp\/v2\/pages\/22"}],"wp:attachment":[{"href":"https:\/\/agora.xtec.cat\/insesturo-roquetes\/wp-json\/wp\/v2\/media?parent=24"}],"curies":[{"name":"wp","href":"https:\/\/api.w.org\/{rel}","templated":true}]}}