{"id":81,"date":"2014-09-18T10:38:05","date_gmt":"2014-09-18T10:38:05","guid":{"rendered":"http:\/\/agora.xtec.cat\/insermessenda\/\/?page_id=81"},"modified":"2026-03-06T08:14:25","modified_gmt":"2026-03-06T07:14:25","slug":"secretaria","status":"publish","type":"page","link":"https:\/\/agora.xtec.cat\/insermessenda\/secretaria\/","title":{"rendered":"Secretaria"},"content":{"rendered":"<div class=\"proyectos-press-container centrado cols-3\">\n<div class=\"proyecto-press-rect\"><a href=\"https:\/\/agora.xtec.cat\/insermessenda\/secretaria\/matricula-eso-i-batxillerat\/\" target=\"_blank\" rel=\"noopener\"><br \/>\n<img decoding=\"async\" class=\"proyecto-press-img\" src=\"https:\/\/agora.xtec.cat\/insermessenda\/wp-content\/uploads\/usu76\/2025\/12\/boton-generico-para-efecto-press.svg\" alt=\"ESO\" \/><br \/>\n<\/a><br \/>\n<span class=\"proyecto-press-text\">MATR\u00cdCULA ESO I BATXILLERAT<\/span><\/div>\n<div class=\"proyecto-press-rect\"><a href=\"https:\/\/agora.xtec.cat\/insermessenda\/secretaria\/preinscripcio-batxillerat\/\" target=\"_blank\" rel=\"noopener\"><br \/>\n<img decoding=\"async\" class=\"proyecto-press-img\" src=\"https:\/\/agora.xtec.cat\/insermessenda\/wp-content\/uploads\/usu76\/2025\/12\/boton-generico-para-efecto-press.svg\" alt=\"\" \/><br \/>\n<\/a><br \/>\n<span class=\"proyecto-press-text\">PREINSCRIPCI\u00d3 BATXILLERAT<\/span><\/div>\n<div class=\"proyecto-press-rect\"><a href=\"https:\/\/agora.xtec.cat\/insermessenda\/secretaria\/preinscripcio_eso\/\" target=\"_blank\" rel=\"noopener\"><br \/>\n<img decoding=\"async\" class=\"proyecto-press-img\" src=\"https:\/\/agora.xtec.cat\/insermessenda\/wp-content\/uploads\/usu76\/2025\/12\/boton-generico-para-efecto-press.svg\" alt=\"\" \/><br \/>\n<\/a><br \/>\n<span class=\"proyecto-press-text\">PREINSCRIPCI\u00d3 ESO<\/span><\/div>\n<div class=\"proyecto-press-rect\"><a href=\"https:\/\/drive.google.com\/open?id=1VJPiYVWDsMEM9Z5YYc_kaN7_V0lWNzhb&#038;usp=drive_fs\" target=\"_blank\" rel=\"noopener\"><br \/>\n<img decoding=\"async\" class=\"proyecto-press-img\" src=\"https:\/\/agora.xtec.cat\/insermessenda\/wp-content\/uploads\/usu76\/2025\/12\/boton-generico-para-efecto-press.svg\" alt=\"\" \/><br \/>\n<\/a><br \/>\n<span class=\"proyecto-press-text\">RESOLUCI\u00d3 BEQUES<\/span><\/div>\n<div class=\"proyecto-press-rect\"><a href=\"https:\/\/agora.xtec.cat\/insermessenda\/secretaria\/llibres-i-material\/\" target=\"_blank\" rel=\"noopener\"><br \/>\n<img decoding=\"async\" class=\"proyecto-press-img\" src=\"https:\/\/agora.xtec.cat\/insermessenda\/wp-content\/uploads\/usu76\/2025\/12\/boton-generico-para-efecto-press.svg\" alt=\"\" \/><br \/>\n<\/a><br \/>\n<span class=\"proyecto-press-text\">LLISTA DE LLIBRES I MATERIAL<\/span><\/div>\n<div class=\"proyecto-press-rect\"><a href=\"https:\/\/agora.xtec.cat\/insermessenda\/guia-families\/\" target=\"_blank\" rel=\"noopener\"><br \/>\n<img decoding=\"async\" class=\"proyecto-press-img\" src=\"https:\/\/agora.xtec.cat\/insermessenda\/wp-content\/uploads\/usu76\/2025\/12\/boton-generico-para-efecto-press.svg\" alt=\"\" \/><br \/>\n<\/a><br \/>\n<span class=\"proyecto-press-text\">GUIA FAM\u00cdLIES<\/span><\/div>\n<div class=\"proyecto-press-rect\"><a href=\"https:\/\/agora.xtec.cat\/insermessenda\/secretaria\/admesos-optativa-i-modalitat-batxillerat\/\" target=\"_blank\" rel=\"noopener\"><br \/>\n<img decoding=\"async\" class=\"proyecto-press-img\" src=\"https:\/\/agora.xtec.cat\/insermessenda\/wp-content\/uploads\/usu76\/2025\/12\/boton-generico-para-efecto-press.svg\" alt=\"\" \/><br \/>\n<\/a><br \/>\n<span class=\"proyecto-press-text\">ADMESOS OPTATIVA I MODALITAT<\/span><\/div>\n<div class=\"proyecto-press-rect\"><a href=\"https:\/\/agora.xtec.cat\/insermessenda\/secretaria\/proves-per-obtenir-el-graduat-en-eso\/\" target=\"_blank\" rel=\"noopener\"><br \/>\n<img decoding=\"async\" class=\"proyecto-press-img\" src=\"https:\/\/agora.xtec.cat\/insermessenda\/wp-content\/uploads\/usu76\/2025\/12\/boton-generico-para-efecto-press.svg\" alt=\"\" \/><br \/>\n<\/a><br \/>\n<span class=\"proyecto-press-text\">PROVES PER OBTENIR EL GRAUAT EN ESO<\/span><\/div>\n<div class=\"proyecto-press-rect\"><a href=\"https:\/\/agora.xtec.cat\/insermessenda\/secretaria\/convalidacions\/\" target=\"_blank\" rel=\"noopener\"><br \/>\n<img decoding=\"async\" class=\"proyecto-press-img\" src=\"https:\/\/agora.xtec.cat\/insermessenda\/wp-content\/uploads\/usu76\/2025\/12\/boton-generico-para-efecto-press.svg\" alt=\"\" \/><br \/>\n<\/a><br \/>\n<span class=\"proyecto-press-text\">CONVALIDACIONS<\/span><\/div>\n<div class=\"proyecto-press-rect\"><a href=\"https:\/\/agora.xtec.cat\/insermessenda\/secretaria\/contractacio-publica\/\" target=\"_blank\" rel=\"noopener\"><br \/>\n<img decoding=\"async\" class=\"proyecto-press-img\" src=\"https:\/\/agora.xtec.cat\/insermessenda\/wp-content\/uploads\/usu76\/2025\/12\/boton-generico-para-efecto-press.svg\" alt=\"\" \/><br \/>\n<\/a><br \/>\n<span class=\"proyecto-press-text\">CONTRACTACI\u00d3 P\u00daBLICA<\/span><\/div>\n<div class=\"proyecto-press-rect\"><a href=\"https:\/\/agora.xtec.cat\/insermessenda\/secretaria\/oferta-inicial-de-places\/\" target=\"_blank\" rel=\"noopener\"><br \/>\n<img decoding=\"async\" class=\"proyecto-press-img\" src=\"https:\/\/agora.xtec.cat\/insermessenda\/wp-content\/uploads\/usu76\/2025\/12\/boton-generico-para-efecto-press.svg\" alt=\"\" \/><br \/>\n<\/a><br \/>\n<span class=\"proyecto-press-text\">OFERTA INICAL DE PLACES<\/span><\/div>\n<div class=\"proyecto-press-rect\"><a href=\"https:\/\/agora.xtec.cat\/insermessenda\/wp-content\/uploads\/usu76\/2024\/01\/Justificant-faltes-i-retards-1.pdf\" target=\"_blank\" rel=\"noopener\"><br \/>\n<img decoding=\"async\" class=\"proyecto-press-img\" src=\"https:\/\/agora.xtec.cat\/insermessenda\/wp-content\/uploads\/usu76\/2025\/12\/boton-generico-para-efecto-press.svg\" alt=\"\" \/><br \/>\n<\/a><br \/>\n<span class=\"proyecto-press-text\">JUSTIFICANT DE FALTES I RETARDS<\/span><\/div>\n<div class=\"proyecto-press-rect\"><a href=\"https:\/\/agora.xtec.cat\/insermessenda\/wp-content\/uploads\/usu76\/2025\/06\/Sol.licitud-generica.pdf\" target=\"_blank\" rel=\"noopener\"><br \/>\n<img decoding=\"async\" class=\"proyecto-press-img\" src=\"https:\/\/agora.xtec.cat\/insermessenda\/wp-content\/uploads\/usu76\/2025\/12\/boton-generico-para-efecto-press.svg\" alt=\"\" \/><br \/>\n<\/a><br \/>\n<span class=\"proyecto-press-text\">SOL\u00b7LICITUD GEN\u00c8RICA<\/span><\/div>\n<\/div>\n","protected":false},"excerpt":{"rendered":"<p>MATR\u00cdCULA ESO I BATXILLERAT PREINSCRIPCI\u00d3 BATXILLERAT PREINSCRIPCI\u00d3 ESO RESOLUCI\u00d3 BEQUES LLISTA DE LLIBRES I MATERIAL GUIA FAM\u00cdLIES ADMESOS OPTATIVA I MODALITAT PROVES PER OBTENIR EL GRAUAT EN ESO CONVALIDACIONS CONTRACTACI\u00d3 P\u00daBLICA OFERTA INICAL DE PLACES JUSTIFICANT DE FALTES I RETARDS SOL\u00b7LICITUD GEN\u00c8RICA<\/p>\n","protected":false},"author":1,"featured_media":0,"parent":0,"menu_order":10,"comment_status":"closed","ping_status":"closed","template":"","meta":{"_bbp_topic_count":0,"_bbp_reply_count":0,"_bbp_total_topic_count":0,"_bbp_total_reply_count":0,"_bbp_voice_count":0,"_bbp_anonymous_reply_count":0,"_bbp_topic_count_hidden":0,"_bbp_reply_count_hidden":0,"_bbp_forum_subforum_count":0,"site-sidebar-layout":"default","site-content-layout":"","ast-site-content-layout":"default","site-content-style":"default","site-sidebar-style":"default","ast-global-header-display":"","ast-banner-title-visibility":"","ast-main-header-display":"","ast-hfb-above-header-display":"","ast-hfb-below-header-display":"","ast-hfb-mobile-header-display":"","site-post-title":"","ast-breadcrumbs-content":"","ast-featured-img":"","footer-sml-layout":"","theme-transparent-header-meta":"","adv-header-id-meta":"","stick-header-meta":"","header-above-stick-meta":"","header-main-stick-meta":"","header-below-stick-meta":"","astra-migrate-meta-layouts":"set","ast-page-background-enabled":"default","ast-page-background-meta":{"desktop":{"background-color":"var(--ast-global-color-4)","background-image":"","background-repeat":"repeat","background-position":"center center","background-size":"auto","background-attachment":"scroll","background-type":"","background-media":"","overlay-type":"","overlay-color":"","overlay-opacity":"","overlay-gradient":""},"tablet":{"background-color":"","background-image":"","background-repeat":"repeat","background-position":"center center","background-size":"auto","background-attachment":"scroll","background-type":"","background-media":"","overlay-type":"","overlay-color":"","overlay-opacity":"","overlay-gradient":""},"mobile":{"background-color":"","background-image":"","background-repeat":"repeat","background-position":"center center","background-size":"auto","background-attachment":"scroll","background-type":"","background-media":"","overlay-type":"","overlay-color":"","overlay-opacity":"","overlay-gradient":""}},"ast-content-background-meta":{"desktop":{"background-color":"var(--ast-global-color-5)","background-image":"","background-repeat":"repeat","background-position":"center center","background-size":"auto","background-attachment":"scroll","background-type":"","background-media":"","overlay-type":"","overlay-color":"","overlay-opacity":"","overlay-gradient":""},"tablet":{"background-color":"var(--ast-global-color-5)","background-image":"","background-repeat":"repeat","background-position":"center center","background-size":"auto","background-attachment":"scroll","background-type":"","background-media":"","overlay-type":"","overlay-color":"","overlay-opacity":"","overlay-gradient":""},"mobile":{"background-color":"var(--ast-global-color-5)","background-image":"","background-repeat":"repeat","background-position":"center center","background-size":"auto","background-attachment":"scroll","background-type":"","background-media":"","overlay-type":"","overlay-color":"","overlay-opacity":"","overlay-gradient":""}},"footnotes":""},"class_list":["post-81","page","type-page","status-publish","hentry"],"post_mailing_queue_ids":[],"_links":{"self":[{"href":"https:\/\/agora.xtec.cat\/insermessenda\/wp-json\/wp\/v2\/pages\/81","targetHints":{"allow":["GET"]}}],"collection":[{"href":"https:\/\/agora.xtec.cat\/insermessenda\/wp-json\/wp\/v2\/pages"}],"about":[{"href":"https:\/\/agora.xtec.cat\/insermessenda\/wp-json\/wp\/v2\/types\/page"}],"author":[{"embeddable":true,"href":"https:\/\/agora.xtec.cat\/insermessenda\/wp-json\/wp\/v2\/users\/1"}],"replies":[{"embeddable":true,"href":"https:\/\/agora.xtec.cat\/insermessenda\/wp-json\/wp\/v2\/comments?post=81"}],"version-history":[{"count":6,"href":"https:\/\/agora.xtec.cat\/insermessenda\/wp-json\/wp\/v2\/pages\/81\/revisions"}],"predecessor-version":[{"id":21816,"href":"https:\/\/agora.xtec.cat\/insermessenda\/wp-json\/wp\/v2\/pages\/81\/revisions\/21816"}],"wp:attachment":[{"href":"https:\/\/agora.xtec.cat\/insermessenda\/wp-json\/wp\/v2\/media?parent=81"}],"curies":[{"name":"wp","href":"https:\/\/api.w.org\/{rel}","templated":true}]}}