{"id":782,"date":"2016-05-21T08:45:41","date_gmt":"2016-05-21T07:45:41","guid":{"rendered":"http:\/\/agora.xtec.cat\/inselstresturons\/?page_id=782"},"modified":"2024-10-25T18:54:19","modified_gmt":"2024-10-25T16:54:19","slug":"atencio-a-la-diversitat-2","status":"publish","type":"page","link":"https:\/\/agora.xtec.cat\/inselstresturons\/projecte-educatiu\/atencio-a-la-diversitat-2\/","title":{"rendered":"Atenci\u00f3 a la diversitat"},"content":{"rendered":"<p><span style=\"color: #000000;\">L&#8217;Institut Els Tres Turons \u00e9s un <strong>centre inclusiu<\/strong> que vetlla perqu\u00e8 tot l&#8217;alumnat pugui aprendre a l&#8217;aula ordin\u00e0ria, malgrat que presenti dificultats o caracter\u00edstiques especials. Potenciem <\/span><span style=\"color: #000000;\">el treball cooperatiu<\/span><span style=\"color: #000000; font-family: inherit; font-size: 1em;\"> i els projectes dins de les mat\u00e8ries, i tamb\u00e9 els projectes transversals trimestrals.<\/span><\/p>\n<h5><span style=\"color: #000000;\">PLANS INDIVIDUALITZATS<\/span><\/h5>\n<p>Se segueixen plans individualitzats metodol\u00f2gics i\/o curriculars segons les necessitats de cada alumne\/a. Tot i que hi ha uns est\u00e0ndards, es valoren les necessitats de cada persona per seguir la manera de treballar m\u00e9s escaient<span style=\"font-family: inherit; font-size: 1em;\"> i els coneixements a adquirir en cada cas.\u00a0<\/span><\/p>\n<h5><span style=\"color: #000000;\">ALTES CAPACITATS<\/span><\/h5>\n<p><span style=\"color: #000000;\">L&#8217;alumnat amb altes capacitats t\u00e9 un seguiment per part dels psicopedagogs del centre, que es preocupen per atendre les seves necessitats, tant acad\u00e8miques com personals. <\/span><\/p>\n<h5><span style=\"color: #800000;\"><span style=\"color: #0000ff;\"><a style=\"color: #0000ff;\" href=\"https:\/\/agora.xtec.cat\/inselstresturons\/projectes\/atencio-a-la-diversitat-2\/siei\/\">SIEI<\/a> <\/span><span style=\"color: #000000;\">(Suport intensiu a l&#8217;educaci\u00f3 inclusiva)<\/span><\/span><\/h5>\n<p>Grup redu\u00eft d&#8217;alumnes amb el suport d&#8217;orientadors pedag\u00f2gics i d&#8217;un professional d&#8217;educaci\u00f3 especial. Realitza el m\u00e0xim d&#8217;hores possible dins l&#8217;aula, amb acompanyament. Es personalitza cada necessitat.<\/p>\n<h5><span style=\"color: #000000;\">TDAH, DISL\u00c8XIA I ALTRES<\/span><\/h5>\n<p>Es parteix de les recomanacions est\u00e0ndards del Departament i es personalitza si s&#8217;escau.<\/p>\n<h5><span style=\"color: #000000;\"><a style=\"color: #000000;\" href=\"https:\/\/agora.xtec.cat\/inselstresturons\/projecte-educatiu\/atencio-a-la-diversitat-2\/aula-dacollida\/\">AULA D&#8217;ACOLLIDA<\/a><\/span><\/h5>\n<p><span style=\"color: #000000;\">Els alumnes nouvinguts reben un suport a l&#8217;Aula d&#8217;Acollida. A les seves classes d&#8217;acollida, aprenen la llengua catalana i un munt de coses relacionades tant amb el nostre poble com amb les nostres tradicions. Al llarg del curs realitzen activitats que els ajuden a socialitzar-se i a descobrir all\u00f2 que ens \u00e9s propi.<\/span><\/p>\n<h5><span style=\"color: #0000ff;\"><a style=\"color: #0000ff;\" href=\"https:\/\/agora.xtec.cat\/inselstresturons\/aula-oberta\/\">AULA OBERTA<\/a><\/span><\/h5>\n<p><span style=\"color: #000000;\">Aquesta \u00e9s una opci\u00f3 per alumnat de 3r i 4t d&#8217;ESO que requereix un curr\u00edculum diversificat i que treballa l&#8217;assoliment de les compet\u00e8ncies a nivell d&#8217;\u00e0mbits, combinant l&#8217;aprenentatge a l&#8217;aula amb tasques laborals a diferents entitats de l&#8217;entorn.<\/span><\/p>\n<p>&nbsp;<\/p>\n<p>&nbsp;<\/p>\n<p style=\"text-align: center;\">\n","protected":false},"excerpt":{"rendered":"<p>L&#8217;Institut Els Tres Turons \u00e9s un centre inclusiu que vetlla perqu\u00e8 tot l&#8217;alumnat pugui aprendre a l&#8217;aula ordin\u00e0ria, malgrat que presenti dificultats o caracter\u00edstiques especials. Potenciem el treball cooperatiu i els projectes dins de les mat\u00e8ries, i tamb\u00e9 els projectes transversals trimestrals.<br \/>\nPLANS INDIVIDUALITZATS<br \/>\nSe segueixen plans&hellip;  <a href=\"https:\/\/agora.xtec.cat\/inselstresturons\/projecte-educatiu\/atencio-a-la-diversitat-2\/\" title=\"Read Atenci\u00f3 a la diversitat\">Llegeix m\u00e9s\u00bb<\/a><\/p>\n","protected":false},"author":1,"featured_media":0,"parent":57,"menu_order":2,"comment_status":"closed","ping_status":"closed","template":"page-templates\/side-menu.php","meta":{"_bbp_topic_count":0,"_bbp_reply_count":0,"_bbp_total_topic_count":0,"_bbp_total_reply_count":0,"_bbp_voice_count":0,"_bbp_anonymous_reply_count":0,"_bbp_topic_count_hidden":0,"_bbp_reply_count_hidden":0,"_bbp_forum_subforum_count":0,"footnotes":""},"class_list":["post-782","page","type-page","status-publish","hentry"],"post_mailing_queue_ids":[],"_links":{"self":[{"href":"https:\/\/agora.xtec.cat\/inselstresturons\/wp-json\/wp\/v2\/pages\/782","targetHints":{"allow":["GET"]}}],"collection":[{"href":"https:\/\/agora.xtec.cat\/inselstresturons\/wp-json\/wp\/v2\/pages"}],"about":[{"href":"https:\/\/agora.xtec.cat\/inselstresturons\/wp-json\/wp\/v2\/types\/page"}],"author":[{"embeddable":true,"href":"https:\/\/agora.xtec.cat\/inselstresturons\/wp-json\/wp\/v2\/users\/1"}],"replies":[{"embeddable":true,"href":"https:\/\/agora.xtec.cat\/inselstresturons\/wp-json\/wp\/v2\/comments?post=782"}],"version-history":[{"count":7,"href":"https:\/\/agora.xtec.cat\/inselstresturons\/wp-json\/wp\/v2\/pages\/782\/revisions"}],"predecessor-version":[{"id":11060,"href":"https:\/\/agora.xtec.cat\/inselstresturons\/wp-json\/wp\/v2\/pages\/782\/revisions\/11060"}],"up":[{"embeddable":true,"href":"https:\/\/agora.xtec.cat\/inselstresturons\/wp-json\/wp\/v2\/pages\/57"}],"wp:attachment":[{"href":"https:\/\/agora.xtec.cat\/inselstresturons\/wp-json\/wp\/v2\/media?parent=782"}],"curies":[{"name":"wp","href":"https:\/\/api.w.org\/{rel}","templated":true}]}}