{"id":7207,"date":"2022-02-20T09:07:28","date_gmt":"2022-02-20T08:07:28","guid":{"rendered":"https:\/\/agora.xtec.cat\/inselstresturons\/?page_id=7207"},"modified":"2026-03-13T17:23:42","modified_gmt":"2026-03-13T16:23:42","slug":"qui-som","status":"publish","type":"page","link":"https:\/\/agora.xtec.cat\/inselstresturons\/linstitut\/qui-som\/","title":{"rendered":"Qui som i qu\u00e8 fem"},"content":{"rendered":"<p>Som un centre educatiu p\u00fablic on s&#8217;imparteix secund\u00e0ria, batxillerat, CFGM i PTT.\u00a0 Pots consultar <a href=\"https:\/\/agora.xtec.cat\/inselstresturons\/estudisdelcentre\/.\">els nostres estudis.<\/a><\/p>\n<p><iframe loading=\"lazy\" title=\"Portes obertes Institut Els Tres Turons\" src=\"https:\/\/www.youtube.com\/embed\/FKnm_QAENNk?feature=oembed\" width=\"500\" height=\"281\" frameborder=\"0\" allowfullscreen=\"allowfullscreen\" data-mce-fragment=\"1\"><\/iframe><\/p>\n<p><strong>Vols veure les nostres instal\u00b7lacions?<\/strong><\/p>\n<ul>\n<li><a href=\"https:\/\/agora.xtec.cat\/inselstresturons\/linstitut\/instal%c2%b7lacions\/\">Mira les instal\u00b7lacions clicant aqu\u00ed<\/a><\/li>\n<\/ul>\n<p><strong>Vols con\u00e8ixer l\u2019AFA de l\u2019institut?<\/strong><\/p>\n<p>M\u00e9s informaci\u00f3 clicant aqu\u00ed:<\/p>\n<p><a href=\"https:\/\/agora.xtec.cat\/inselstresturons\/categoria\/linstitut\/afa\/\"><img loading=\"lazy\" decoding=\"async\" class=\"wp-image-5695 alignleft\" src=\"https:\/\/agora.xtec.cat\/inselstresturons\/wp-content\/uploads\/usu1101\/2021\/02\/AFA-logo-provisional-1024x1024.jpg\" sizes=\"auto, (max-width: 71px) 100vw, 71px\" srcset=\"https:\/\/agora.xtec.cat\/inselstresturons\/wp-content\/uploads\/usu1101\/2021\/02\/AFA-logo-provisional-1024x1024.jpg 1024w, https:\/\/agora.xtec.cat\/inselstresturons\/wp-content\/uploads\/usu1101\/2021\/02\/AFA-logo-provisional-150x150.jpg 150w, https:\/\/agora.xtec.cat\/inselstresturons\/wp-content\/uploads\/usu1101\/2021\/02\/AFA-logo-provisional-300x300.jpg 300w, https:\/\/agora.xtec.cat\/inselstresturons\/wp-content\/uploads\/usu1101\/2021\/02\/AFA-logo-provisional-768x768.jpg 768w, https:\/\/agora.xtec.cat\/inselstresturons\/wp-content\/uploads\/usu1101\/2021\/02\/AFA-logo-provisional.jpg 1080w\" alt=\"\" width=\"71\" height=\"71\" \/><\/a><\/p>\n<p>&nbsp;<\/p>\n<p>&nbsp;<\/p>\n<p><strong>Vols con\u00e8ixer el nostre Instagram o el nostre canal de Youtube?<\/strong>\u00a0Clica\u2019ls.<\/p>\n<p><a href=\"https:\/\/www.instagram.com\/elstresturons\/\"><img loading=\"lazy\" decoding=\"async\" class=\"wp-image-5242 alignleft\" src=\"https:\/\/agora.xtec.cat\/inselstresturons\/wp-content\/uploads\/usu1101\/2020\/12\/instagram2.jpg\" sizes=\"auto, (max-width: 66px) 100vw, 66px\" srcset=\"https:\/\/agora.xtec.cat\/inselstresturons\/wp-content\/uploads\/usu1101\/2020\/12\/instagram2.jpg 225w, https:\/\/agora.xtec.cat\/inselstresturons\/wp-content\/uploads\/usu1101\/2020\/12\/instagram2-150x150.jpg 150w\" alt=\"\" width=\"113\" height=\"113\" \/><\/a><\/p>\n<p><a href=\"https:\/\/www.youtube.com\/channel\/UC8eT8H_9JT7afAkoF-_5Ekw\/videos?view_as=subscriber\"><img loading=\"lazy\" decoding=\"async\" class=\"\" src=\"https:\/\/agora.xtec.cat\/inselstresturons\/wp-content\/uploads\/usu1101\/2019\/10\/IMG_20191008_162627-1024x536.jpg\" width=\"156\" height=\"82\" \/><img loading=\"lazy\" decoding=\"async\" class=\"wp-image-7214 alignnone\" src=\"https:\/\/agora.xtec.cat\/inselstresturons\/wp-content\/uploads\/usu1101\/2022\/02\/insta-VIP2.jpg\" alt=\"\" width=\"149\" height=\"137\" srcset=\"https:\/\/agora.xtec.cat\/inselstresturons\/wp-content\/uploads\/usu1101\/2022\/02\/insta-VIP2.jpg 585w, https:\/\/agora.xtec.cat\/inselstresturons\/wp-content\/uploads\/usu1101\/2022\/02\/insta-VIP2-300x275.jpg 300w\" sizes=\"auto, (max-width: 149px) 100vw, 149px\" \/><\/a><\/p>\n<p><strong>Vols veure alguns v\u00eddeos de les nostres activitats?<\/strong><\/p>\n<ul>\n<li><a href=\"https:\/\/sites.google.com\/elstresturons.cat\/poesiadibuixada\">Poesia dibuixada<\/a>. Llengua catalana<\/li>\n<li><a href=\"https:\/\/www.youtube.com\/watch?v=m-wKEInCMA4\">El dia Pi de les Matem\u00e0tiques. <\/a>Activitat de 1r d\u2019ESO i 6\u00e8 de prim\u00e0ria<\/li>\n<li><a href=\"https:\/\/www.youtube.com\/watch?v=53_dp_X9IYo&amp;t=157s\">English Morning.\u00a0<\/a>Activitat de 3r d\u2019ESO i 5\u00e8 de prim\u00e0ria<\/li>\n<li><a href=\"https:\/\/www.youtube.com\/watch?v=9OHQrPsbEXk\">Educaci\u00f3 emocional 1r d\u2019ESO<\/a><\/li>\n<li><a href=\"https:\/\/www.youtube.com\/watch?v=Kkwv7VCJ3r4\">Pr\u00e0ctiques 1r d\u2019ESO<\/a>. Tecnologia<\/li>\n<li><a href=\"https:\/\/www.youtube.com\/watch?v=WNYOY5cd4DM\">Dia mundial de la Filosofia<\/a><\/li>\n<li><a href=\"https:\/\/www.youtube.com\/watch?v=q9Wuo6qg_PU\">L\u2019aula d\u2019acollida<\/a><\/li>\n<li><a href=\"https:\/\/www.youtube.com\/watch?v=C-DacwjRMuA\">Stop Motion. La Covid.<\/a><\/li>\n<li><a href=\"https:\/\/www.youtube.com\/watch?v=YwSWTp7s-sQ\">Els esports que practiquem<\/a>. Educaci\u00f3 f\u00edsica<\/li>\n<li><a href=\"https:\/\/i.ytimg.com\/an_webp\/GD2AGMX-MwQ\/mqdefault_6s.webp?du=3000&amp;sqp=CIjX-IAG&amp;rs=AOn4CLB6tIkRNk2G5zv0SHP-4iaROoUxkA\">Expliquem contes a P4.\u00a0<\/a>Activitat oral de llengua catalana<\/li>\n<li><a href=\"https:\/\/i.ytimg.com\/an_webp\/RZkqp0O2j6o\/mqdefault_6s.webp?du=3000&amp;sqp=CNSv-IAG&amp;rs=AOn4CLBC_GD84JUGcXRijWo1CtWvwZ6UgQ\">Di NO al ciberacoso.\u00a0<\/a>Llengua castellana<\/li>\n<li><a href=\"https:\/\/www.youtube.com\/watch?v=WirCD5nCWhk\">Els accents diacr\u00edtics.\u00a0<\/a>Llengua catalana<\/li>\n<li><a href=\"https:\/\/youtu.be\/gQLxUFSLzpo\">L\u2019assemblea de l\u2019ONU.<\/a>\u00a0Ci\u00e8ncies socials<\/li>\n<li><a href=\"https:\/\/i.ytimg.com\/an_webp\/heRcW2JeJNY\/mqdefault_6s.webp?du=3000&amp;sqp=CITf-IAG&amp;rs=AOn4CLCrrHf-DLAiiXc0ZtK8i0ncC6911w\">No a la viol\u00e8ncia de g\u00e8nere.\u00a0<\/a>Llengua castellana<\/li>\n<li><a href=\"https:\/\/i9.ytimg.com\/vi_webp\/r37OuKkNyP4\/mqdefault.webp?time=1612594200000&amp;sqp=CJj4-IAG&amp;rs=AOn4CLBj6QFn6riDTSWBFGsTd9djch10GA\">Terra baixa<\/a>.\u00a0Lectura dramatizada en llengua catalana<\/li>\n<li><a href=\"https:\/\/www.youtube.com\/watch?v=DMZDwuGZHbQ\">Concurs Picalletres.\u00a0<\/a>Concurs de llengua catalana<\/li>\n<li><a href=\"https:\/\/youtu.be\/JBlJiBsBeAY\">Llibres d\u2019artista.<\/a>\u00a0Educaci\u00f3 visual i pl\u00e0stica<\/li>\n<\/ul>\n","protected":false},"excerpt":{"rendered":"<p>Som un centre educatiu p\u00fablic on s&#8217;imparteix secund\u00e0ria, batxillerat, CFGM i PTT.\u00a0 Pots consultar <a href=\"https:\/\/agora.xtec.cat\/inselstresturons\/estudisdelcentre\/.\">els nostres estudis.<\/a><\/p>\n<p>Vols veure les nostres instal\u00b7lacions?<\/p>\n<ul>\n<li><a href=\"https:\/\/agora.xtec.cat\/inselstresturons\/linstitut\/instal%c2%b7lacions\/\">Mira les instal\u00b7lacions clicant aqu\u00ed<\/a><\/li>\n<\/ul>\n<p>Vols con\u00e8ixer l\u2019AFA de l\u2019institut?<br \/>\nM\u00e9s informaci\u00f3 clicant aqu\u00ed:<br \/>\n<a href=\"https:\/\/agora.xtec.cat\/inselstresturons\/categoria\/linstitut\/afa\/\"><\/a><br \/>\n&nbsp;<br \/>\n&nbsp;<br \/>\nVols con\u00e8ixer el nostre Instagram o el nostre canal de Youtube?\u00a0Clica\u2019ls.<br \/>\n<a&hellip;  <a href=\"https:\/\/agora.xtec.cat\/inselstresturons\/linstitut\/qui-som\/\" title=\"Read Qui som i qu\u00e8 fem\">Llegeix m\u00e9s\u00bb<\/a><\/p>\n","protected":false},"author":1,"featured_media":0,"parent":19,"menu_order":2,"comment_status":"closed","ping_status":"closed","template":"page-templates\/side-menu.php","meta":{"_bbp_topic_count":0,"_bbp_reply_count":0,"_bbp_total_topic_count":0,"_bbp_total_reply_count":0,"_bbp_voice_count":0,"_bbp_anonymous_reply_count":0,"_bbp_topic_count_hidden":0,"_bbp_reply_count_hidden":0,"_bbp_forum_subforum_count":0,"footnotes":""},"class_list":["post-7207","page","type-page","status-publish","hentry"],"post_mailing_queue_ids":[],"_links":{"self":[{"href":"https:\/\/agora.xtec.cat\/inselstresturons\/wp-json\/wp\/v2\/pages\/7207","targetHints":{"allow":["GET"]}}],"collection":[{"href":"https:\/\/agora.xtec.cat\/inselstresturons\/wp-json\/wp\/v2\/pages"}],"about":[{"href":"https:\/\/agora.xtec.cat\/inselstresturons\/wp-json\/wp\/v2\/types\/page"}],"author":[{"embeddable":true,"href":"https:\/\/agora.xtec.cat\/inselstresturons\/wp-json\/wp\/v2\/users\/1"}],"replies":[{"embeddable":true,"href":"https:\/\/agora.xtec.cat\/inselstresturons\/wp-json\/wp\/v2\/comments?post=7207"}],"version-history":[{"count":5,"href":"https:\/\/agora.xtec.cat\/inselstresturons\/wp-json\/wp\/v2\/pages\/7207\/revisions"}],"predecessor-version":[{"id":12580,"href":"https:\/\/agora.xtec.cat\/inselstresturons\/wp-json\/wp\/v2\/pages\/7207\/revisions\/12580"}],"up":[{"embeddable":true,"href":"https:\/\/agora.xtec.cat\/inselstresturons\/wp-json\/wp\/v2\/pages\/19"}],"wp:attachment":[{"href":"https:\/\/agora.xtec.cat\/inselstresturons\/wp-json\/wp\/v2\/media?parent=7207"}],"curies":[{"name":"wp","href":"https:\/\/api.w.org\/{rel}","templated":true}]}}