{"id":6502,"date":"2021-09-18T07:40:43","date_gmt":"2021-09-18T05:40:43","guid":{"rendered":"https:\/\/agora.xtec.cat\/inselstresturons\/?page_id=6502"},"modified":"2022-03-02T17:31:32","modified_gmt":"2022-03-02T16:31:32","slug":"astronomia-3r-deso","status":"publish","type":"page","link":"https:\/\/agora.xtec.cat\/inselstresturons\/projecte-educatiu\/la-materia-dastronomia\/astronomia-3r-deso\/","title":{"rendered":"Astronomia 3r d&#8217;ESO"},"content":{"rendered":"<p>L&#8217;assignatura d&#8217;astronomia preveu una traject\u00f2ria curricular de 1r a 3r d&#8217;ESO, de manera que aquells alumnes que tinguin inter\u00e8s en la mat\u00e8ria puguin cursar-la de forma continuada. Tamb\u00e9 es contempla l&#8217;opci\u00f3 de realitzar l&#8217;assignatura de forma puntual, nom\u00e9s un o dos dels cursos en qu\u00e8 s&#8217;ofereix. Aix\u00ed doncs, els continguts de cada curs s\u00f3n complementaris entre si, per\u00f2 tamb\u00e9 es poden estudiar de forma independent. Durant el curs es fa una visita a l&#8217;observatori astron\u00f2mic del centre, en qu\u00e8 els alumnes poden gaudir d&#8217;una observaci\u00f3 nocturna des del telescopi de l&#8217;institut.<\/p>\n<p>L&#8217;objectiu de 3r d&#8217;ESO \u00e9s fer un rep\u00e0s de la hist\u00f2ria de l&#8217;astronomia, des de la Prehist\u00f2ria fins a la carrera espacial del segle XX que va portar la humanitat a la Lluna. Amb aquesta idea en ment, s&#8217;examinen les cultures de l&#8217;antiguitat i les seves observacions del cel, posant especial inter\u00e8s en les teories dels pensadors grecs. Despr\u00e9s de veure la concepci\u00f3 de l&#8217;univers que tenien els pobles precolombins, s&#8217;estudien els descobriments i les teories dels astr\u00f2noms de l&#8217;Edat Moderna i l&#8217;Edat Contempor\u00e0nia. A mesura que s&#8217;avanca en el temps (i en el temari), es van vinculant aquests descobriments amb la informaci\u00f3 que es t\u00e9 avui en dia dels diversos fen\u00f2mens celestes. L&#8217;objectiu \u00e9s anar m\u00e9s enll\u00e0 del Sistema Solar, i explorar altres elements com ara les gal\u00e0xies, els c\u00famuls o les nebuloses. I \u00e9s que aquests coneixements faciliten una millor comprensi\u00f3 de l&#8217;univers.<\/p>\n","protected":false},"excerpt":{"rendered":"<p>L&#8217;assignatura d&#8217;astronomia preveu una traject\u00f2ria curricular de 1r a 3r d&#8217;ESO, de manera que aquells alumnes que tinguin inter\u00e8s en la mat\u00e8ria puguin cursar-la de forma continuada. Tamb\u00e9 es contempla l&#8217;opci\u00f3 de realitzar l&#8217;assignatura de forma puntual, nom\u00e9s un o dos dels cursos en qu\u00e8&hellip;  <a href=\"https:\/\/agora.xtec.cat\/inselstresturons\/projecte-educatiu\/la-materia-dastronomia\/astronomia-3r-deso\/\" title=\"Read Astronomia 3r d&#8217;ESO\">Llegeix m\u00e9s\u00bb<\/a><\/p>\n","protected":false},"author":1,"featured_media":0,"parent":6496,"menu_order":3,"comment_status":"closed","ping_status":"closed","template":"page-templates\/side-menu.php","meta":{"_bbp_topic_count":0,"_bbp_reply_count":0,"_bbp_total_topic_count":0,"_bbp_total_reply_count":0,"_bbp_voice_count":0,"_bbp_anonymous_reply_count":0,"_bbp_topic_count_hidden":0,"_bbp_reply_count_hidden":0,"_bbp_forum_subforum_count":0,"footnotes":""},"class_list":["post-6502","page","type-page","status-publish","hentry"],"post_mailing_queue_ids":[],"_links":{"self":[{"href":"https:\/\/agora.xtec.cat\/inselstresturons\/wp-json\/wp\/v2\/pages\/6502","targetHints":{"allow":["GET"]}}],"collection":[{"href":"https:\/\/agora.xtec.cat\/inselstresturons\/wp-json\/wp\/v2\/pages"}],"about":[{"href":"https:\/\/agora.xtec.cat\/inselstresturons\/wp-json\/wp\/v2\/types\/page"}],"author":[{"embeddable":true,"href":"https:\/\/agora.xtec.cat\/inselstresturons\/wp-json\/wp\/v2\/users\/1"}],"replies":[{"embeddable":true,"href":"https:\/\/agora.xtec.cat\/inselstresturons\/wp-json\/wp\/v2\/comments?post=6502"}],"version-history":[{"count":2,"href":"https:\/\/agora.xtec.cat\/inselstresturons\/wp-json\/wp\/v2\/pages\/6502\/revisions"}],"predecessor-version":[{"id":7342,"href":"https:\/\/agora.xtec.cat\/inselstresturons\/wp-json\/wp\/v2\/pages\/6502\/revisions\/7342"}],"up":[{"embeddable":true,"href":"https:\/\/agora.xtec.cat\/inselstresturons\/wp-json\/wp\/v2\/pages\/6496"}],"wp:attachment":[{"href":"https:\/\/agora.xtec.cat\/inselstresturons\/wp-json\/wp\/v2\/media?parent=6502"}],"curies":[{"name":"wp","href":"https:\/\/api.w.org\/{rel}","templated":true}]}}

<p>L&#8217;assignatura d&#8217;astronomia preveu una trajectòria curricular de 1r a 3r d&#8217;ESO, de manera que aquells alumnes que tinguin interès en la matèria puguin cursar-la de forma continuada. També es contempla l&#8217;opció de realitzar l&#8217;assignatura de forma puntual, només un o dos dels cursos en què s&#8217;ofereix. Així doncs, els continguts de cada curs són complementaris entre si, però també es poden estudiar de forma independent. Durant el curs es fa una visita a l&#8217;observatori astronòmic del centre, en què els alumnes poden gaudir d&#8217;una observació nocturna des del telescopi de l&#8217;institut.</p>
<p>L&#8217;objectiu de 3r d&#8217;ESO és fer un repàs de la història de l&#8217;astronomia, des de la Prehistòria fins a la carrera espacial del segle XX que va portar la humanitat a la Lluna. Amb aquesta idea en ment, s&#8217;examinen les cultures de l&#8217;antiguitat i les seves observacions del cel, posant especial interès en les teories dels pensadors grecs. Després de veure la concepció de l&#8217;univers que tenien els pobles precolombins, s&#8217;estudien els descobriments i les teories dels astrònoms de l&#8217;Edat Moderna i l&#8217;Edat Contemporània. A mesura que s&#8217;avanca en el temps (i en el temari), es van vinculant aquests descobriments amb la informació que es té avui en dia dels diversos fenòmens celestes. L&#8217;objectiu és anar més enllà del Sistema Solar, i explorar altres elements com ara les galàxies, els cúmuls o les nebuloses. I és que aquests coneixements faciliten una millor comprensió de l&#8217;univers.</p>

<p>L&#8217;assignatura d&#8217;astronomia preveu una trajectòria curricular de 1r a 3r d&#8217;ESO, de manera que aquells alumnes que tinguin interès en la matèria puguin cursar-la de forma continuada. També es contempla l&#8217;opció de realitzar l&#8217;assignatura de forma puntual, només un o dos dels cursos en què&hellip;  <a href="https://agora.xtec.cat/inselstresturons/projecte-educatiu/la-materia-dastronomia/astronomia-3r-deso/" title="Read Astronomia 3r d&#8217;ESO">Llegeix més»</a></p>
