{"id":6498,"date":"2021-09-18T07:39:52","date_gmt":"2021-09-18T05:39:52","guid":{"rendered":"https:\/\/agora.xtec.cat\/inselstresturons\/?page_id=6498"},"modified":"2022-02-20T18:16:57","modified_gmt":"2022-02-20T17:16:57","slug":"astronomia-1r-deso","status":"publish","type":"page","link":"https:\/\/agora.xtec.cat\/inselstresturons\/projecte-educatiu\/la-materia-dastronomia\/astronomia-1r-deso\/","title":{"rendered":"Astronomia 1r d&#8217;ESO"},"content":{"rendered":"<p>Benvinguts\/des a l&#8217;assignatura optativa &#8220;Projecte d&#8217;astronomia&#8221; de 1r d&#8217;ESO!<\/p>\n<p>Aquest trimestre aprendrem moltes coses&#8230; Ens hi acompanyeu?<\/p>\n<h6>Presentaci\u00f3<\/h6>\n<p dir=\"ltr\">Parlar d&#8217;astronomia \u00e9s com iniciar un viatge en molts aspectes: un viatge en la hist\u00f2ria de la ci\u00e8ncia i la humanitat, un viatge en el pensament i la filosofia, un viatge a la nostra visi\u00f3 i forma d&#8217;entendre l&#8217;Univers, un viatge als l\u00edmits de la ci\u00e8ncia, un viatge a les grans q\u00fcestions que, encara avui, es formula l&#8217;\u00e9sser hum\u00e0. Vist aix\u00ed, aquest viatge pot arribar a semblar tant vertigin\u00f3s com un salt al buit! La ci\u00e8ncia sempre ha tingut grans reptes i necessita gent valenta que pugui afrontar-los. No hem de tenir por de fer-nos preguntes que encara no tenen resposta. Per\u00f2 tot all\u00f2 que \u00e9s gran, t\u00e9 els seus or\u00edgens en all\u00f2 m\u00e9s petit i senzill. \u00c9s per aix\u00f2 que hem de comen\u00e7ar l&#8217;astronomia per all\u00f2 que tenim m\u00e9s a prop, per all\u00f2 m\u00e9s simple: sortir i mirar enlaire! La ci\u00e8ncia m\u00e9s gran, neix a partir de les observacions m\u00e9s simples, bo i fent-nos preguntes que mirarem de respondre.<\/p>\n<p dir=\"ltr\">Aquest trimestre estudiarem com veiem els astres des de la Terra: sobretot el Sol, la Lluna i les estrelles. Recollirem dades sobre la Lluna que ens permetran saber perqu\u00e8 la veiem aix\u00ed. Estudiarem els eclipsis, uns fen\u00f2mens tant espectaculars com dif\u00edcils de preveure. Mirarem si cada nit veiem les mateixes estrelles des de casa nostra. Parlarem d&#8217;astronomia, per\u00f2 tamb\u00e9 de mitologia i d&#8217;astrologia, perqu\u00e8 hem de saber que no tot \u00e9s ci\u00e8ncia en aquesta vida. Farem un petit planetari a l&#8217;aula, que ens permetr\u00e0 investigar, en primera persona, el moviment de la Terra al voltant del Sol aix\u00ed com el moviment de la Lluna al voltant de la Terra. La cirereta del past\u00eds ser\u00e0 poder fer una observaci\u00f3 des del telescopi que tenim al centre, una experi\u00e8ncia a l&#8217;abast de poca gent i que ens deixar\u00e0 amb la boca ben oberta!<\/p>\n<h6 dir=\"ltr\">Objectius<\/h6>\n<p dir=\"ltr\">Els objectius d&#8217;aprenentatge per aquest curs s\u00f3n:<\/p>\n<ol>\n<li dir=\"ltr\" aria-level=\"1\">\n<p dir=\"ltr\" role=\"presentation\">Descriure el moviment del Sol en el cel des de les nostres contrades al llarg del dia i de l&#8217;any, fent servir un sistema de coordenades esf\u00e8riques senzill (azimut i altura).<\/p>\n<\/li>\n<li dir=\"ltr\" aria-level=\"1\">\n<p dir=\"ltr\" role=\"presentation\">Relacionar el moviment del Sol amb el pas del dia i la nit i el pas de les estacions.<\/p>\n<\/li>\n<li dir=\"ltr\" aria-level=\"1\">\n<p dir=\"ltr\" role=\"presentation\">Descriure el moviment de la Lluna vist des de la Terra i com varia la posici\u00f3 relativa en el cel entre el Sol i la Lluna.<\/p>\n<\/li>\n<li dir=\"ltr\" aria-level=\"1\">\n<p dir=\"ltr\" role=\"presentation\">Explicar les fases de la Lluna a partir del seu moviment en el cel i de la posici\u00f3 relativa amb el Sol. Deduir la forma de la Lluna a partir d&#8217;aquestes observacions.<\/p>\n<\/li>\n<li dir=\"ltr\" aria-level=\"1\">\n<p dir=\"ltr\" role=\"presentation\">Explicar els eclipsis de Sol i de Lluna a un nivell elemental a partir de la posici\u00f3 relativa dels dos astres en el cel. Deduir la forma de la Terra a partir dels eclipsis de Lluna.<\/p>\n<\/li>\n<li dir=\"ltr\" aria-level=\"1\">\n<p dir=\"ltr\" role=\"presentation\">Descriure el moviment de les estrelles fixes en el cel.<\/p>\n<\/li>\n<li dir=\"ltr\" aria-level=\"1\">\n<p dir=\"ltr\" role=\"presentation\">Relacionar el moviment del Sol respecte de les estrelles fixes per descriure el canvi que observem en les estrelles que es poden veure de nit al llarg de l&#8217;any.<\/p>\n<\/li>\n<li dir=\"ltr\" aria-level=\"1\">\n<p dir=\"ltr\" role=\"presentation\">Explicar el concepte d&#8217;ecl\u00edptica. Recon\u00e8ixer les constel\u00b7lacions del zod\u00edac i con\u00e8ixer l&#8217;origen de l&#8217;astrologia.<\/p>\n<\/li>\n<li dir=\"ltr\" aria-level=\"1\">\n<p dir=\"ltr\" role=\"presentation\">Recon\u00e8ixer les constel\u00b7lacions, asterismes i estrelles m\u00e9s importants en el nostre cel nocturn i con\u00e8ixer les explicacions mitol\u00f2giques que van apar\u00e8ixer en diferents cultures.<\/p>\n<\/li>\n<li>Integrar aquests coneixements en un model de comprensi\u00f3 superior de l&#8217;Univers, el model helioc\u00e8ntric, participant en la creaci\u00f3 d&#8217;aquest model a l&#8217;aula amb l&#8217;elaboraci\u00f3 in situ d&#8217;un petit planetari vivent.<\/li>\n<\/ol>\n\r\n\t<div class=\"slideshow_container slideshow_container_style-light\" style=\"height: 600px; \" data-slideshow-id=\"7241\" data-style-name=\"style-light\" data-style-version=\"2.3.1\" >\r\n\r\n\t\t\t\t\t<div class=\"slideshow_loading_icon\"><\/div>\r\n\t\t\r\n\t\t<div class=\"slideshow_content\" style=\"display: none;\">\r\n\r\n\t\t\t<div class=\"slideshow_view\">\r\n\t\t\t\t<div class=\"slideshow_slide slideshow_slide_image\">\r\n\t\t\t\t\t\t\t\t\t\t\t<img src=\"https:\/\/agora.xtec.cat\/inselstresturons\/wp-content\/uploads\/usu1101\/2021\/11\/20211028_133021-2-scaled.jpg\" alt=\"20211028_133021 (2)\" width=\"2560\" height=\"1952\" \/>\r\n\t\t\t\t\t\t\t\t\t\t<div class=\"slideshow_description_box slideshow_transparent\">\r\n\t\t\t\t\t\t<div class=\"slideshow_title\">20211028_133021 (2)<\/div>\t\t\t\t\t\t\t\t\t\t\t<\/div>\r\n\t\t\t\t<\/div>\r\n\r\n\t\t\t\t\t\t<div style=\"clear: both;\"><\/div><\/div><div class=\"slideshow_view\">\r\n\t\t\t\t<div class=\"slideshow_slide slideshow_slide_image\">\r\n\t\t\t\t\t\t\t\t\t\t\t<img src=\"https:\/\/agora.xtec.cat\/inselstresturons\/wp-content\/uploads\/usu1101\/2022\/02\/exposicions-3.jpg\" alt=\"exposicions 3\" width=\"702\" height=\"394\" \/>\r\n\t\t\t\t\t\t\t\t\t\t<div class=\"slideshow_description_box slideshow_transparent\">\r\n\t\t\t\t\t\t<div class=\"slideshow_title\">exposicions 3<\/div>\t\t\t\t\t\t\t\t\t\t\t<\/div>\r\n\t\t\t\t<\/div>\r\n\r\n\t\t\t\t\t\t<div style=\"clear: both;\"><\/div><\/div><div class=\"slideshow_view\">\r\n\t\t\t\t<div class=\"slideshow_slide slideshow_slide_image\">\r\n\t\t\t\t\t\t\t\t\t\t\t<img src=\"https:\/\/agora.xtec.cat\/inselstresturons\/wp-content\/uploads\/usu1101\/2022\/02\/grup.jpg\" alt=\"grup\" width=\"775\" height=\"518\" \/>\r\n\t\t\t\t\t\t\t\t\t\t<div class=\"slideshow_description_box slideshow_transparent\">\r\n\t\t\t\t\t\t<div class=\"slideshow_title\">grup<\/div>\t\t\t\t\t\t\t\t\t\t\t<\/div>\r\n\t\t\t\t<\/div>\r\n\r\n\t\t\t\t\t\t<div style=\"clear: both;\"><\/div><\/div><div class=\"slideshow_view\">\r\n\t\t\t\t<div class=\"slideshow_slide slideshow_slide_image\">\r\n\t\t\t\t\t\t\t\t\t\t\t<img src=\"https:\/\/agora.xtec.cat\/inselstresturons\/wp-content\/uploads\/usu1101\/2022\/02\/exposicions-2.jpg\" alt=\"exposicions 2\" width=\"554\" height=\"416\" \/>\r\n\t\t\t\t\t\t\t\t\t\t<div class=\"slideshow_description_box slideshow_transparent\">\r\n\t\t\t\t\t\t<div class=\"slideshow_title\">exposicions 2<\/div>\t\t\t\t\t\t\t\t\t\t\t<\/div>\r\n\t\t\t\t<\/div>\r\n\r\n\t\t\t\t\t\t<div style=\"clear: both;\"><\/div><\/div><div class=\"slideshow_view\">\r\n\t\t\t\t<div class=\"slideshow_slide slideshow_slide_image\">\r\n\t\t\t\t\t\t\t\t\t\t\t<img src=\"https:\/\/agora.xtec.cat\/inselstresturons\/wp-content\/uploads\/usu1101\/2022\/02\/exposicions1.jpg\" alt=\"exposicions1\" width=\"686\" height=\"452\" \/>\r\n\t\t\t\t\t\t\t\t\t\t<div class=\"slideshow_description_box slideshow_transparent\">\r\n\t\t\t\t\t\t<div class=\"slideshow_title\">exposicions1<\/div>\t\t\t\t\t\t\t\t\t\t\t<\/div>\r\n\t\t\t\t<\/div>\r\n\r\n\t\t\t\t\t\t<div style=\"clear: both;\"><\/div><\/div>\r\n\t\t<\/div>\r\n\r\n\t\t<div class=\"slideshow_controlPanel slideshow_transparent\" style=\"display: none;\"><ul><li class=\"slideshow_togglePlay\" data-play-text=\"Visualitza\" data-pause-text=\"Pausa\"><\/li><\/ul><\/div>\r\n\r\n\t\t<div class=\"slideshow_button slideshow_previous slideshow_transparent\" role=\"button\" data-previous-text=\"Anterior\" style=\"display: none;\"><\/div>\r\n\t\t<div class=\"slideshow_button slideshow_next slideshow_transparent\" role=\"button\" data-next-text=\"Seg\u00fcent\" style=\"display: none;\"><\/div>\r\n\r\n\t\t<div class=\"slideshow_pagination\" style=\"display: none;\" data-go-to-text=\"V\u00e9s a la diapositiva\"><div class=\"slideshow_pagination_center\"><\/div><\/div>\r\n\r\n\t\t<!-- WordPress Slideshow Version 2.3.1 -->\r\n\r\n\t\t\t<\/div>\r\n\r\n\n","protected":false},"excerpt":{"rendered":"<p>Benvinguts\/des a l&#8217;assignatura optativa &#8220;Projecte d&#8217;astronomia&#8221; de 1r d&#8217;ESO!<br \/>\nAquest trimestre aprendrem moltes coses&#8230; Ens hi acompanyeu?<br \/>\nPresentaci\u00f3<br \/>\nParlar d&#8217;astronomia \u00e9s com iniciar un viatge en molts aspectes: un viatge en la hist\u00f2ria de la ci\u00e8ncia i la humanitat, un viatge en el pensament i la filosofia, un&hellip;  <a href=\"https:\/\/agora.xtec.cat\/inselstresturons\/projecte-educatiu\/la-materia-dastronomia\/astronomia-1r-deso\/\" title=\"Read Astronomia 1r d&#8217;ESO\">Llegeix m\u00e9s\u00bb<\/a><\/p>\n","protected":false},"author":1,"featured_media":0,"parent":6496,"menu_order":1,"comment_status":"closed","ping_status":"closed","template":"page-templates\/side-menu.php","meta":{"_bbp_topic_count":0,"_bbp_reply_count":0,"_bbp_total_topic_count":0,"_bbp_total_reply_count":0,"_bbp_voice_count":0,"_bbp_anonymous_reply_count":0,"_bbp_topic_count_hidden":0,"_bbp_reply_count_hidden":0,"_bbp_forum_subforum_count":0,"footnotes":""},"class_list":["post-6498","page","type-page","status-publish","hentry"],"post_mailing_queue_ids":[],"_links":{"self":[{"href":"https:\/\/agora.xtec.cat\/inselstresturons\/wp-json\/wp\/v2\/pages\/6498","targetHints":{"allow":["GET"]}}],"collection":[{"href":"https:\/\/agora.xtec.cat\/inselstresturons\/wp-json\/wp\/v2\/pages"}],"about":[{"href":"https:\/\/agora.xtec.cat\/inselstresturons\/wp-json\/wp\/v2\/types\/page"}],"author":[{"embeddable":true,"href":"https:\/\/agora.xtec.cat\/inselstresturons\/wp-json\/wp\/v2\/users\/1"}],"replies":[{"embeddable":true,"href":"https:\/\/agora.xtec.cat\/inselstresturons\/wp-json\/wp\/v2\/comments?post=6498"}],"version-history":[{"count":3,"href":"https:\/\/agora.xtec.cat\/inselstresturons\/wp-json\/wp\/v2\/pages\/6498\/revisions"}],"predecessor-version":[{"id":7246,"href":"https:\/\/agora.xtec.cat\/inselstresturons\/wp-json\/wp\/v2\/pages\/6498\/revisions\/7246"}],"up":[{"embeddable":true,"href":"https:\/\/agora.xtec.cat\/inselstresturons\/wp-json\/wp\/v2\/pages\/6496"}],"wp:attachment":[{"href":"https:\/\/agora.xtec.cat\/inselstresturons\/wp-json\/wp\/v2\/media?parent=6498"}],"curies":[{"name":"wp","href":"https:\/\/api.w.org\/{rel}","templated":true}]}}

<p>Benvinguts/des a l&#8217;assignatura optativa &#8220;Projecte d&#8217;astronomia&#8221; de 1r d&#8217;ESO!</p>
<p>Aquest trimestre aprendrem moltes coses&#8230; Ens hi acompanyeu?</p>
<h6>Presentació</h6>
<p dir="ltr">Parlar d&#8217;astronomia és com iniciar un viatge en molts aspectes: un viatge en la història de la ciència i la humanitat, un viatge en el pensament i la filosofia, un viatge a la nostra visió i forma d&#8217;entendre l&#8217;Univers, un viatge als límits de la ciència, un viatge a les grans qüestions que, encara avui, es formula l&#8217;ésser humà. Vist així, aquest viatge pot arribar a semblar tant vertiginós com un salt al buit! La ciència sempre ha tingut grans reptes i necessita gent valenta que pugui afrontar-los. No hem de tenir por de fer-nos preguntes que encara no tenen resposta. Però tot allò que és gran, té els seus orígens en allò més petit i senzill. És per això que hem de començar l&#8217;astronomia per allò que tenim més a prop, per allò més simple: sortir i mirar enlaire! La ciència més gran, neix a partir de les observacions més simples, bo i fent-nos preguntes que mirarem de respondre.</p>
<p dir="ltr">Aquest trimestre estudiarem com veiem els astres des de la Terra: sobretot el Sol, la Lluna i les estrelles. Recollirem dades sobre la Lluna que ens permetran saber perquè la veiem així. Estudiarem els eclipsis, uns fenòmens tant espectaculars com difícils de preveure. Mirarem si cada nit veiem les mateixes estrelles des de casa nostra. Parlarem d&#8217;astronomia, però també de mitologia i d&#8217;astrologia, perquè hem de saber que no tot és ciència en aquesta vida. Farem un petit planetari a l&#8217;aula, que ens permetrà investigar, en primera persona, el moviment de la Terra al voltant del Sol així com el moviment de la Lluna al voltant de la Terra. La cirereta del pastís serà poder fer una observació des del telescopi que tenim al centre, una experiència a l&#8217;abast de poca gent i que ens deixarà amb la boca ben oberta!</p>
<h6 dir="ltr">Objectius</h6>
<p dir="ltr">Els objectius d&#8217;aprenentatge per aquest curs són:</p>
<ol>
<li dir="ltr" aria-level="1">
<p dir="ltr" role="presentation">Descriure el moviment del Sol en el cel des de les nostres contrades al llarg del dia i de l&#8217;any, fent servir un sistema de coordenades esfèriques senzill (azimut i altura).</p>
</li>
<li dir="ltr" aria-level="1">
<p dir="ltr" role="presentation">Relacionar el moviment del Sol amb el pas del dia i la nit i el pas de les estacions.</p>
</li>
<li dir="ltr" aria-level="1">
<p dir="ltr" role="presentation">Descriure el moviment de la Lluna vist des de la Terra i com varia la posició relativa en el cel entre el Sol i la Lluna.</p>
</li>
<li dir="ltr" aria-level="1">
<p dir="ltr" role="presentation">Explicar les fases de la Lluna a partir del seu moviment en el cel i de la posició relativa amb el Sol. Deduir la forma de la Lluna a partir d&#8217;aquestes observacions.</p>
</li>
<li dir="ltr" aria-level="1">
<p dir="ltr" role="presentation">Explicar els eclipsis de Sol i de Lluna a un nivell elemental a partir de la posició relativa dels dos astres en el cel. Deduir la forma de la Terra a partir dels eclipsis de Lluna.</p>
</li>
<li dir="ltr" aria-level="1">
<p dir="ltr" role="presentation">Descriure el moviment de les estrelles fixes en el cel.</p>
</li>
<li dir="ltr" aria-level="1">
<p dir="ltr" role="presentation">Relacionar el moviment del Sol respecte de les estrelles fixes per descriure el canvi que observem en les estrelles que es poden veure de nit al llarg de l&#8217;any.</p>
</li>
<li dir="ltr" aria-level="1">
<p dir="ltr" role="presentation">Explicar el concepte d&#8217;eclíptica. Reconèixer les constel·lacions del zodíac i conèixer l&#8217;origen de l&#8217;astrologia.</p>
</li>
<li dir="ltr" aria-level="1">
<p dir="ltr" role="presentation">Reconèixer les constel·lacions, asterismes i estrelles més importants en el nostre cel nocturn i conèixer les explicacions mitològiques que van aparèixer en diferents cultures.</p>
</li>
<li>Integrar aquests coneixements en un model de comprensió superior de l&#8217;Univers, el model heliocèntric, participant en la creació d&#8217;aquest model a l&#8217;aula amb l&#8217;elaboració in situ d&#8217;un petit planetari vivent.</li>
</ol>

	<div class="slideshow_container slideshow_container_style-light" style="height: 600px; " data-slideshow-id="7241" data-style-name="style-light" data-style-version="2.3.1" >

					<div class="slideshow_loading_icon"></div>
		
		<div class="slideshow_content" style="display: none;">

			<div class="slideshow_view">
				<div class="slideshow_slide slideshow_slide_image">
											<img src="https://agora.xtec.cat/inselstresturons/wp-content/uploads/usu1101/2021/11/20211028_133021-2-scaled.jpg" alt="20211028_133021 (2)" width="2560" height="1952" />
										<div class="slideshow_description_box slideshow_transparent">
						<div class="slideshow_title">20211028_133021 (2)</div>											</div>
				</div>

						<div style="clear: both;"></div></div><div class="slideshow_view">
				<div class="slideshow_slide slideshow_slide_image">
											<img src="https://agora.xtec.cat/inselstresturons/wp-content/uploads/usu1101/2022/02/exposicions-3.jpg" alt="exposicions 3" width="702" height="394" />
										<div class="slideshow_description_box slideshow_transparent">
						<div class="slideshow_title">exposicions 3</div>											</div>
				</div>

						<div style="clear: both;"></div></div><div class="slideshow_view">
				<div class="slideshow_slide slideshow_slide_image">
											<img src="https://agora.xtec.cat/inselstresturons/wp-content/uploads/usu1101/2022/02/grup.jpg" alt="grup" width="775" height="518" />
										<div class="slideshow_description_box slideshow_transparent">
						<div class="slideshow_title">grup</div>											</div>
				</div>

						<div style="clear: both;"></div></div><div class="slideshow_view">
				<div class="slideshow_slide slideshow_slide_image">
											<img src="https://agora.xtec.cat/inselstresturons/wp-content/uploads/usu1101/2022/02/exposicions-2.jpg" alt="exposicions 2" width="554" height="416" />
										<div class="slideshow_description_box slideshow_transparent">
						<div class="slideshow_title">exposicions 2</div>											</div>
				</div>

						<div style="clear: both;"></div></div><div class="slideshow_view">
				<div class="slideshow_slide slideshow_slide_image">
											<img src="https://agora.xtec.cat/inselstresturons/wp-content/uploads/usu1101/2022/02/exposicions1.jpg" alt="exposicions1" width="686" height="452" />
										<div class="slideshow_description_box slideshow_transparent">
						<div class="slideshow_title">exposicions1</div>											</div>
				</div>

						<div style="clear: both;"></div></div>
		</div>

		<div class="slideshow_controlPanel slideshow_transparent" style="display: none;"><ul><li class="slideshow_togglePlay" data-play-text="Visualitza" data-pause-text="Pausa"></li></ul></div>

		<div class="slideshow_button slideshow_previous slideshow_transparent" role="button" data-previous-text="Anterior" style="display: none;"></div>
		<div class="slideshow_button slideshow_next slideshow_transparent" role="button" data-next-text="Següent" style="display: none;"></div>

		<div class="slideshow_pagination" style="display: none;" data-go-to-text="Vés a la diapositiva"><div class="slideshow_pagination_center"></div></div>

		<!-- WordPress Slideshow Version 2.3.1 -->

			</div>

<p>Benvinguts/des a l&#8217;assignatura optativa &#8220;Projecte d&#8217;astronomia&#8221; de 1r d&#8217;ESO!<br />
Aquest trimestre aprendrem moltes coses&#8230; Ens hi acompanyeu?<br />
Presentació<br />
Parlar d&#8217;astronomia és com iniciar un viatge en molts aspectes: un viatge en la història de la ciència i la humanitat, un viatge en el pensament i la filosofia, un&hellip;  <a href="https://agora.xtec.cat/inselstresturons/projecte-educatiu/la-materia-dastronomia/astronomia-1r-deso/" title="Read Astronomia 1r d&#8217;ESO">Llegeix més»</a></p>
