{"id":6450,"date":"2021-09-17T11:55:30","date_gmt":"2021-09-17T09:55:30","guid":{"rendered":"https:\/\/agora.xtec.cat\/inselstresturons\/?page_id=6450"},"modified":"2023-11-07T06:52:14","modified_gmt":"2023-11-07T05:52:14","slug":"observatori-2017-2018","status":"publish","type":"page","link":"https:\/\/agora.xtec.cat\/inselstresturons\/projecte-educatiu\/l_observatori\/observatori-2017-2018\/","title":{"rendered":"Observatori 2017-2018"},"content":{"rendered":"<p><img loading=\"lazy\" decoding=\"async\" class=\"aligncenter wp-image-2327\" src=\"https:\/\/agora.xtec.cat\/inselstresturons\/wp-content\/uploads\/usu1101\/2017\/12\/Bon-any-FELICITACI\u00d3.jpg\" alt=\"\" width=\"587\" height=\"330\" srcset=\"https:\/\/agora.xtec.cat\/inselstresturons\/wp-content\/uploads\/usu1101\/2017\/12\/Bon-any-FELICITACI\u00d3.jpg 807w, https:\/\/agora.xtec.cat\/inselstresturons\/wp-content\/uploads\/usu1101\/2017\/12\/Bon-any-FELICITACI\u00d3-300x169.jpg 300w, https:\/\/agora.xtec.cat\/inselstresturons\/wp-content\/uploads\/usu1101\/2017\/12\/Bon-any-FELICITACI\u00d3-768x432.jpg 768w\" sizes=\"auto, (max-width: 587px) 100vw, 587px\" \/><\/p>\n<p>Aquest curs hem treballat LES ESTRELLES amb els alumnes de 1r d\u2019ESO des de diversos punts de vista: a Biologia hem conegut l&#8217;Univers (l&#8217;origen de les estrelles, de qu\u00e8 estan fetes, com ens donen vida&#8230;) i hem fet maquetes del sistema solar, a Tecnologia hem muntat un planisferi, a Humanitats hem conegut l&#8217;univers a trav\u00e9s del cinema, hem treballat la mitologia i hem muntat un <em>scape room<\/em>. Professors: Carles Amat, Leire Sales, Maira Planells, Tom\u00e0s Valero, Gabriel Saez.<\/p>\n<p>Us deixem el v\u00eddeo en qu\u00e8 alguns dels alumnes ens expliquen qu\u00e8 han fet:<\/p>\n<p style=\"font-family: 'Helvetica Neue', Helvetica, Helvetica, Arial, sans-serif; font-size: 16px;\"><a href=\"https:\/\/drive.google.com\/file\/d\/1weB7os3HMAcueKuWEINad_VoxqfKsD4y\/view?usp=sharing\"><img loading=\"lazy\" decoding=\"async\" class=\"aligncenter wp-image-6478\" src=\"https:\/\/agora.xtec.cat\/inselstresturons\/wp-content\/uploads\/usu1101\/2021\/09\/astronomia-17-18.jpg\" alt=\"\" width=\"612\" height=\"345\" srcset=\"https:\/\/agora.xtec.cat\/inselstresturons\/wp-content\/uploads\/usu1101\/2021\/09\/astronomia-17-18.jpg 1269w, https:\/\/agora.xtec.cat\/inselstresturons\/wp-content\/uploads\/usu1101\/2021\/09\/astronomia-17-18-300x169.jpg 300w, https:\/\/agora.xtec.cat\/inselstresturons\/wp-content\/uploads\/usu1101\/2021\/09\/astronomia-17-18-1024x577.jpg 1024w, https:\/\/agora.xtec.cat\/inselstresturons\/wp-content\/uploads\/usu1101\/2021\/09\/astronomia-17-18-768x433.jpg 768w\" sizes=\"auto, (max-width: 612px) 100vw, 612px\" \/><\/a><\/p>\n<p>El projecte de l\u2019Univers dins l&#8217;\u00e0mbit de les Ci\u00e8ncies Naturals consistia a fer una maqueta sobre l\u2019heliocentrisme, el geocentrisme, el Sistema Solar, les gal\u00e0xies i el Big Bang. Es poden veure els diferents aspectes treballats en les teories de l\u2019Univers. Han presentat aquestes maquetes als companys amb una exposici\u00f3 oral. Ha estat un treball creatiu on cada alumne decidia el tipus de material i forma de representar el tema escollit. Cal felicitar-los pel gran inter\u00e8s, entusiasme i participaci\u00f3. El resultat de les maquetes ha estat excel\u00b7lent i molt enriquidor. Aquesta exposici\u00f3 es podr\u00e0 veure al vest\u00edbul del institut. Professores: Na\u00eds Vall\u00e8s i Elena Lago.<\/p>\n<p><img loading=\"lazy\" decoding=\"async\" class=\"aligncenter size-full wp-image-2257\" src=\"https:\/\/agora.xtec.cat\/inselstresturons\/wp-content\/uploads\/usu1101\/2017\/11\/astronomia-4.jpg\" alt=\"\" width=\"419\" height=\"207\" srcset=\"https:\/\/agora.xtec.cat\/inselstresturons\/wp-content\/uploads\/usu1101\/2017\/11\/astronomia-4.jpg 419w, https:\/\/agora.xtec.cat\/inselstresturons\/wp-content\/uploads\/usu1101\/2017\/11\/astronomia-4-300x148.jpg 300w\" sizes=\"auto, (max-width: 419px) 100vw, 419px\" \/><\/p>\n<p><img loading=\"lazy\" decoding=\"async\" class=\"aligncenter wp-image-2258\" src=\"https:\/\/agora.xtec.cat\/inselstresturons\/wp-content\/uploads\/usu1101\/2017\/11\/geocentrisme.jpg\" alt=\"\" width=\"418\" height=\"254\" srcset=\"https:\/\/agora.xtec.cat\/inselstresturons\/wp-content\/uploads\/usu1101\/2017\/11\/geocentrisme.jpg 383w, https:\/\/agora.xtec.cat\/inselstresturons\/wp-content\/uploads\/usu1101\/2017\/11\/geocentrisme-300x183.jpg 300w\" sizes=\"auto, (max-width: 418px) 100vw, 418px\" \/><\/p>\n<p><img loading=\"lazy\" decoding=\"async\" class=\"aligncenter size-full wp-image-2259\" src=\"https:\/\/agora.xtec.cat\/inselstresturons\/wp-content\/uploads\/usu1101\/2017\/11\/heliocentrisme.jpg\" alt=\"\" width=\"420\" height=\"269\" srcset=\"https:\/\/agora.xtec.cat\/inselstresturons\/wp-content\/uploads\/usu1101\/2017\/11\/heliocentrisme.jpg 420w, https:\/\/agora.xtec.cat\/inselstresturons\/wp-content\/uploads\/usu1101\/2017\/11\/heliocentrisme-300x192.jpg 300w\" sizes=\"auto, (max-width: 420px) 100vw, 420px\" \/><\/p>\n<p><img loading=\"lazy\" decoding=\"async\" class=\"aligncenter size-full wp-image-2256\" src=\"https:\/\/agora.xtec.cat\/inselstresturons\/wp-content\/uploads\/usu1101\/2017\/11\/sistema-solar.jpg\" alt=\"\" width=\"419\" height=\"223\" srcset=\"https:\/\/agora.xtec.cat\/inselstresturons\/wp-content\/uploads\/usu1101\/2017\/11\/sistema-solar.jpg 419w, https:\/\/agora.xtec.cat\/inselstresturons\/wp-content\/uploads\/usu1101\/2017\/11\/sistema-solar-300x160.jpg 300w\" sizes=\"auto, (max-width: 419px) 100vw, 419px\" \/><\/p>\n<p>Hem pogut gaudir de l&#8217;exposici\u00f3 sobre L&#8217;Univers que han pogut anar a veure molts grups classe tant de la mat\u00e8ria de Ci\u00e8ncies socials com de Ci\u00e8ncies naturals com dels Projectes d\u2019Astronomia de 1r d\u2019ESO.<\/p>\n<p><img loading=\"lazy\" decoding=\"async\" class=\"aligncenter wp-image-2173\" src=\"https:\/\/agora.xtec.cat\/inselstresturons\/wp-content\/uploads\/usu1101\/2017\/10\/astron-20170922_150145.jpg\" alt=\"\" width=\"962\" height=\"541\" srcset=\"https:\/\/agora.xtec.cat\/inselstresturons\/wp-content\/uploads\/usu1101\/2017\/10\/astron-20170922_150145.jpg 1280w, https:\/\/agora.xtec.cat\/inselstresturons\/wp-content\/uploads\/usu1101\/2017\/10\/astron-20170922_150145-300x169.jpg 300w, https:\/\/agora.xtec.cat\/inselstresturons\/wp-content\/uploads\/usu1101\/2017\/10\/astron-20170922_150145-768x432.jpg 768w, https:\/\/agora.xtec.cat\/inselstresturons\/wp-content\/uploads\/usu1101\/2017\/10\/astron-20170922_150145-1024x576.jpg 1024w\" sizes=\"auto, (max-width: 962px) 100vw, 962px\" \/><\/p>\n<p><img loading=\"lazy\" decoding=\"async\" class=\"aligncenter wp-image-2172\" src=\"https:\/\/agora.xtec.cat\/inselstresturons\/wp-content\/uploads\/usu1101\/2017\/10\/astron-20170922_150214.jpg\" alt=\"\" width=\"957\" height=\"539\" srcset=\"https:\/\/agora.xtec.cat\/inselstresturons\/wp-content\/uploads\/usu1101\/2017\/10\/astron-20170922_150214.jpg 1280w, https:\/\/agora.xtec.cat\/inselstresturons\/wp-content\/uploads\/usu1101\/2017\/10\/astron-20170922_150214-300x169.jpg 300w, https:\/\/agora.xtec.cat\/inselstresturons\/wp-content\/uploads\/usu1101\/2017\/10\/astron-20170922_150214-768x432.jpg 768w, https:\/\/agora.xtec.cat\/inselstresturons\/wp-content\/uploads\/usu1101\/2017\/10\/astron-20170922_150214-1024x576.jpg 1024w\" sizes=\"auto, (max-width: 957px) 100vw, 957px\" \/><\/p>\n<p><img loading=\"lazy\" decoding=\"async\" class=\"aligncenter wp-image-2171\" src=\"https:\/\/agora.xtec.cat\/inselstresturons\/wp-content\/uploads\/usu1101\/2017\/10\/astron-20170922_150206.jpg\" alt=\"\" width=\"955\" height=\"537\" srcset=\"https:\/\/agora.xtec.cat\/inselstresturons\/wp-content\/uploads\/usu1101\/2017\/10\/astron-20170922_150206.jpg 1280w, https:\/\/agora.xtec.cat\/inselstresturons\/wp-content\/uploads\/usu1101\/2017\/10\/astron-20170922_150206-300x169.jpg 300w, https:\/\/agora.xtec.cat\/inselstresturons\/wp-content\/uploads\/usu1101\/2017\/10\/astron-20170922_150206-768x432.jpg 768w, https:\/\/agora.xtec.cat\/inselstresturons\/wp-content\/uploads\/usu1101\/2017\/10\/astron-20170922_150206-1024x576.jpg 1024w\" sizes=\"auto, (max-width: 955px) 100vw, 955px\" \/><\/p>\n<p><img loading=\"lazy\" decoding=\"async\" class=\"aligncenter wp-image-2170\" src=\"https:\/\/agora.xtec.cat\/inselstresturons\/wp-content\/uploads\/usu1101\/2017\/10\/astron-20170922_150153.jpg\" alt=\"\" width=\"948\" height=\"533\" srcset=\"https:\/\/agora.xtec.cat\/inselstresturons\/wp-content\/uploads\/usu1101\/2017\/10\/astron-20170922_150153.jpg 1280w, https:\/\/agora.xtec.cat\/inselstresturons\/wp-content\/uploads\/usu1101\/2017\/10\/astron-20170922_150153-300x169.jpg 300w, https:\/\/agora.xtec.cat\/inselstresturons\/wp-content\/uploads\/usu1101\/2017\/10\/astron-20170922_150153-768x432.jpg 768w, https:\/\/agora.xtec.cat\/inselstresturons\/wp-content\/uploads\/usu1101\/2017\/10\/astron-20170922_150153-1024x576.jpg 1024w\" sizes=\"auto, (max-width: 948px) 100vw, 948px\" \/><\/p>\n","protected":false},"excerpt":{"rendered":"<p>Aquest curs hem treballat LES ESTRELLES amb els alumnes de 1r d\u2019ESO des de diversos punts de vista: a Biologia hem conegut l&#8217;Univers (l&#8217;origen de les estrelles, de qu\u00e8 estan fetes, com ens donen vida&#8230;) i hem fet maquetes del sistema solar, a Tecnologia hem&hellip;  <a href=\"https:\/\/agora.xtec.cat\/inselstresturons\/projecte-educatiu\/l_observatori\/observatori-2017-2018\/\" title=\"Read Observatori 2017-2018\">Llegeix m\u00e9s\u00bb<\/a><\/p>\n","protected":false},"author":1,"featured_media":0,"parent":489,"menu_order":13,"comment_status":"closed","ping_status":"closed","template":"page-templates\/side-menu.php","meta":{"_bbp_topic_count":0,"_bbp_reply_count":0,"_bbp_total_topic_count":0,"_bbp_total_reply_count":0,"_bbp_voice_count":0,"_bbp_anonymous_reply_count":0,"_bbp_topic_count_hidden":0,"_bbp_reply_count_hidden":0,"_bbp_forum_subforum_count":0,"footnotes":""},"class_list":["post-6450","page","type-page","status-publish","hentry"],"post_mailing_queue_ids":[],"_links":{"self":[{"href":"https:\/\/agora.xtec.cat\/inselstresturons\/wp-json\/wp\/v2\/pages\/6450","targetHints":{"allow":["GET"]}}],"collection":[{"href":"https:\/\/agora.xtec.cat\/inselstresturons\/wp-json\/wp\/v2\/pages"}],"about":[{"href":"https:\/\/agora.xtec.cat\/inselstresturons\/wp-json\/wp\/v2\/types\/page"}],"author":[{"embeddable":true,"href":"https:\/\/agora.xtec.cat\/inselstresturons\/wp-json\/wp\/v2\/users\/1"}],"replies":[{"embeddable":true,"href":"https:\/\/agora.xtec.cat\/inselstresturons\/wp-json\/wp\/v2\/comments?post=6450"}],"version-history":[{"count":4,"href":"https:\/\/agora.xtec.cat\/inselstresturons\/wp-json\/wp\/v2\/pages\/6450\/revisions"}],"predecessor-version":[{"id":6486,"href":"https:\/\/agora.xtec.cat\/inselstresturons\/wp-json\/wp\/v2\/pages\/6450\/revisions\/6486"}],"up":[{"embeddable":true,"href":"https:\/\/agora.xtec.cat\/inselstresturons\/wp-json\/wp\/v2\/pages\/489"}],"wp:attachment":[{"href":"https:\/\/agora.xtec.cat\/inselstresturons\/wp-json\/wp\/v2\/media?parent=6450"}],"curies":[{"name":"wp","href":"https:\/\/api.w.org\/{rel}","templated":true}]}}