{"id":6408,"date":"2021-09-08T19:08:04","date_gmt":"2021-09-08T17:08:04","guid":{"rendered":"https:\/\/agora.xtec.cat\/inselstresturons\/?page_id=6408"},"modified":"2021-10-06T17:05:54","modified_gmt":"2021-10-06T15:05:54","slug":"els-ptt-pfi","status":"publish","type":"page","link":"https:\/\/agora.xtec.cat\/inselstresturons\/estudisdelcentre\/orientacio-academica\/els-ptt-pfi\/","title":{"rendered":"Els PTT-PFI"},"content":{"rendered":"<h4>Els PFI &#8211; PTT s\u00f3n estudis per als alumnes sense graduat en secund\u00e0ria<\/h4>\n<p>Els\u00a0<strong>programes de formaci\u00f3 i inserci\u00f3 (PFI)<\/strong>, que s\u00f3n\u00a0<strong>voluntaris<\/strong>\u00a0i duren un curs acad\u00e8mic, estan pensats per a\u00a0<strong>joves d\u2019entre 16 i 21 anys<\/strong>\u00a0que han deixat l\u2019educaci\u00f3 secund\u00e0ria obligat\u00f2ria i no segueixen estudis en el sistema educatiu ni participen en cap acci\u00f3 formativa. L\u2019objectiu\u00a0dels PFI \u00e9s proporcionar-los, d\u2019una banda, la possibilitat de\u00a0<strong>tornar al sistema educatiu<\/strong>\u00a0(a la formaci\u00f3 professional) i, de l\u2019altra, l\u2019aprenentatge imprescindible per\u00a0<strong>accedir al mercat de treball<\/strong>.<\/p>\n<p>Cal tenir 16 anys o fer-los l\u2019any natural de la preinscripci\u00f3.<\/p>\n<p>Els PFI s\u2019adscriuen a diferents\u00a0<strong>fam\u00edlies professionals<\/strong>. A l\u2019Institut Els Tres Turons d\u2019Arenys de Mar s&#8217;imparteixen el Pla de Transici\u00f3 al Treball (PTT) d\u2019<strong>Auxiliar de vendes, oficina i atenci\u00f3 al p\u00fablic<\/strong> i d&#8217;<strong>Auxiliar de fusteria i instal\u00b7laci\u00f3 de mobles.<\/strong><\/p>\n<p>M\u00e9s informaci\u00f3 a:<\/p>\n<ul>\n<li><a href=\"https:\/\/sites.google.com\/xtec.cat\/pttarenysdemar\/\">P\u00e0gina web PTT Arenys de Mar<\/a><\/li>\n<li><a href=\"https:\/\/agora.xtec.cat\/inselstresturons\/wp-content\/uploads\/usu1101\/2021\/03\/D%C3%ADptic-difusi%C3%B3-2122-Ptt-Arenys-de-Mar.pdf\">D\u00edptic PTT Arenys de Mar<\/a><\/li>\n<li><a href=\"https:\/\/triaeducativa.gencat.cat\/ca\/fp\/pfi\/\">Triaeducativa<\/a><\/li>\n<\/ul>\n","protected":false},"excerpt":{"rendered":"<p>Els PFI &#8211; PTT s\u00f3n estudis per als alumnes sense graduat en secund\u00e0ria<br \/>\nEls\u00a0programes de formaci\u00f3 i inserci\u00f3 (PFI), que s\u00f3n\u00a0voluntaris\u00a0i duren un curs acad\u00e8mic, estan pensats per a\u00a0joves d\u2019entre 16 i 21 anys\u00a0que han deixat l\u2019educaci\u00f3 secund\u00e0ria obligat\u00f2ria i no segueixen estudis en el sistema&hellip;  <a href=\"https:\/\/agora.xtec.cat\/inselstresturons\/estudisdelcentre\/orientacio-academica\/els-ptt-pfi\/\" title=\"Read Els PTT-PFI\">Llegeix m\u00e9s\u00bb<\/a><\/p>\n","protected":false},"author":1,"featured_media":0,"parent":4436,"menu_order":6,"comment_status":"closed","ping_status":"closed","template":"page-templates\/side-menu.php","meta":{"_bbp_topic_count":0,"_bbp_reply_count":0,"_bbp_total_topic_count":0,"_bbp_total_reply_count":0,"_bbp_voice_count":0,"_bbp_anonymous_reply_count":0,"_bbp_topic_count_hidden":0,"_bbp_reply_count_hidden":0,"_bbp_forum_subforum_count":0,"footnotes":""},"class_list":["post-6408","page","type-page","status-publish","hentry"],"post_mailing_queue_ids":[],"_links":{"self":[{"href":"https:\/\/agora.xtec.cat\/inselstresturons\/wp-json\/wp\/v2\/pages\/6408","targetHints":{"allow":["GET"]}}],"collection":[{"href":"https:\/\/agora.xtec.cat\/inselstresturons\/wp-json\/wp\/v2\/pages"}],"about":[{"href":"https:\/\/agora.xtec.cat\/inselstresturons\/wp-json\/wp\/v2\/types\/page"}],"author":[{"embeddable":true,"href":"https:\/\/agora.xtec.cat\/inselstresturons\/wp-json\/wp\/v2\/users\/1"}],"replies":[{"embeddable":true,"href":"https:\/\/agora.xtec.cat\/inselstresturons\/wp-json\/wp\/v2\/comments?post=6408"}],"version-history":[{"count":3,"href":"https:\/\/agora.xtec.cat\/inselstresturons\/wp-json\/wp\/v2\/pages\/6408\/revisions"}],"predecessor-version":[{"id":6685,"href":"https:\/\/agora.xtec.cat\/inselstresturons\/wp-json\/wp\/v2\/pages\/6408\/revisions\/6685"}],"up":[{"embeddable":true,"href":"https:\/\/agora.xtec.cat\/inselstresturons\/wp-json\/wp\/v2\/pages\/4436"}],"wp:attachment":[{"href":"https:\/\/agora.xtec.cat\/inselstresturons\/wp-json\/wp\/v2\/media?parent=6408"}],"curies":[{"name":"wp","href":"https:\/\/api.w.org\/{rel}","templated":true}]}}

<h4>Els PFI &#8211; PTT són estudis per als alumnes sense graduat en secundària</h4>
<p>Els <strong>programes de formació i inserció (PFI)</strong>, que són <strong>voluntaris</strong> i duren un curs acadèmic, estan pensats per a <strong>joves d’entre 16 i 21 anys</strong> que han deixat l’educació secundària obligatòria i no segueixen estudis en el sistema educatiu ni participen en cap acció formativa. L’objectiu dels PFI és proporcionar-los, d’una banda, la possibilitat de <strong>tornar al sistema educatiu</strong> (a la formació professional) i, de l’altra, l’aprenentatge imprescindible per <strong>accedir al mercat de treball</strong>.</p>
<p>Cal tenir 16 anys o fer-los l’any natural de la preinscripció.</p>
<p>Els PFI s’adscriuen a diferents <strong>famílies professionals</strong>. A l’Institut Els Tres Turons d’Arenys de Mar s&#8217;imparteixen el Pla de Transició al Treball (PTT) d’<strong>Auxiliar de vendes, oficina i atenció al públic</strong> i d&#8217;<strong>Auxiliar de fusteria i instal·lació de mobles.</strong></p>
<p>Més informació a:</p>
<ul>
<li><a href="https://sites.google.com/xtec.cat/pttarenysdemar/">Pàgina web PTT Arenys de Mar</a></li>
<li><a href="https://agora.xtec.cat/inselstresturons/wp-content/uploads/usu1101/2021/03/D%C3%ADptic-difusi%C3%B3-2122-Ptt-Arenys-de-Mar.pdf">Díptic PTT Arenys de Mar</a></li>
<li><a href="https://triaeducativa.gencat.cat/ca/fp/pfi/">Triaeducativa</a></li>
</ul>

<p>Els PFI &#8211; PTT són estudis per als alumnes sense graduat en secundària<br />
Els programes de formació i inserció (PFI), que són voluntaris i duren un curs acadèmic, estan pensats per a joves d’entre 16 i 21 anys que han deixat l’educació secundària obligatòria i no segueixen estudis en el sistema&hellip;  <a href="https://agora.xtec.cat/inselstresturons/estudisdelcentre/orientacio-academica/els-ptt-pfi/" title="Read Els PTT-PFI">Llegeix més»</a></p>
