{"id":57,"date":"2014-09-17T17:01:07","date_gmt":"2014-09-17T17:01:07","guid":{"rendered":"http:\/\/agora.xtec.cat\/inselstresturons\/?page_id=57"},"modified":"2025-10-01T19:24:22","modified_gmt":"2025-10-01T17:24:22","slug":"projecte-educatiu","status":"publish","type":"page","link":"https:\/\/agora.xtec.cat\/inselstresturons\/projecte-educatiu\/","title":{"rendered":"Filosofia de centre"},"content":{"rendered":"<p>A l&#8217;Institut Els Tres Turons apostem per dinamitzar un seguit de mat\u00e8ries, d&#8217;activitats i de projectes que ens fan singulars. S\u00f3n activitats de continu\u00eftat, algunes d&#8217;innovadores i d&#8217;altres de senzillament interessants per a l&#8217;alumnat. Aqu\u00ed us els mostrem. <strong>Cliqueu al men\u00fa el que voleu consultar.<\/strong><\/p>\n<ul>\n<li><a style=\"color: #2795b6;\" href=\"http:\/\/agora.xtec.cat\/inselstresturons\/projectes\/mediacio\/\">Mediaci\u00f3<\/a><\/li>\n<li><a style=\"color: #2795b6;\" href=\"http:\/\/agora.xtec.cat\/inselstresturons\/projectes\/atencio-a-la-diversitat-2\/\">Atenci\u00f3 a la diversitat<\/a><\/li>\n<li><a style=\"color: #2795b6;\" href=\"http:\/\/agora.xtec.cat\/inselstresturons\/projectes\/frances\/\">Franc\u00e8s<\/a><\/li>\n<li><a style=\"color: #2795b6;\" href=\"https:\/\/agora.xtec.cat\/inselstresturons\/projectes\/l_observatori\/\">L&#8217;observatori<\/a><\/li>\n<li><a style=\"color: #2795b6;\" href=\"https:\/\/agora.xtec.cat\/inselstresturons\/projecte-educatiu\/centre-formador\/\">Centre formador<\/a><\/li>\n<li><a href=\"https:\/\/agora.xtec.cat\/inselstresturons\/projecte-educatiu\/steam\/\">STEAM<\/a><\/li>\n<li><a href=\"https:\/\/agora.xtec.cat\/inselstresturons\/projecte-educatiu\/escola-verda\/\">Escola Verda<\/a><\/li>\n<li><a href=\"http:\/\/agora.xtec.cat\/inselstresturons\/projectes\/premis\/\">Premis<\/a><\/li>\n<li><a style=\"color: #2795b6;\" href=\"https:\/\/agora.xtec.cat\/inselstresturons\/projectes\/la-materia-dastronomia\/\">La mat\u00e8ria d&#8217;Astronomia<\/a><\/li>\n<li><a style=\"color: #2795b6;\" href=\"https:\/\/agora.xtec.cat\/inselstresturons\/projecte-educatiu\/projecte-de-recerca\/\">Treball per projectes<\/a>:<\/li>\n<\/ul>\n<ul style=\"list-style-type: circle;\">\n<li><a style=\"color: #2795b6;\" href=\"https:\/\/agora.xtec.cat\/inselstresturons\/projecte-educatiu\/rials\/\">Rials<\/a><\/li>\n<li><a style=\"color: #2795b6;\" href=\"https:\/\/agora.xtec.cat\/inselstresturons\/projecte-educatiu\/poesia-dibuixada\/\">Poesia dibuixada<\/a><\/li>\n<li><a href=\"https:\/\/agora.xtec.cat\/inselstresturons\/projecte-educatiu\/projecte-de-recerca\/hagamos-microteatro\/\">\u00a1Hagamos microteatro!<\/a><\/li>\n<li><a href=\"https:\/\/agora.xtec.cat\/inselstresturons\/projecte-educatiu\/projecte-de-recerca\/projecte-de-3r-deso\/\">Catapultant el coneixement<\/a><\/li>\n<li><a style=\"color: #2795b6;\" href=\"https:\/\/agora.xtec.cat\/inselstresturons\/projecte-educatiu\/radio\/\">El programa de r\u00e0dio Instifonies<\/a>\u00a0\/\u00a0<a style=\"color: #2795b6;\" href=\"https:\/\/www.radioarenys.cat\/programs\/instifonies\">P\u00f2dcasts del programa<\/a><\/li>\n<li><a href=\"https:\/\/agora.xtec.cat\/inselstresturons\/projecte-educatiu\/projecte-de-recerca\/un-passeig-pel-segle-xx\/\">Un passeig pel segle XX<\/a><\/li>\n<\/ul>\n<p>&nbsp;<\/p>\n<p><a style=\"color: #2795b6;\" href=\"http:\/\/agora.xtec.cat\/inselstresturons\/projectes\/implicat\/\">Implica&#8217;t (servei comunitari)<\/a><\/p>\n<p>&nbsp;<\/p>\n<p>&nbsp;<\/p>\n<p><span style=\"font-family: inherit; font-size: 1em;\">Projectes anteriors:<\/span><\/p>\n<ul style=\"list-style-type: square;\">\n<li><a style=\"color: #2795b6;\" href=\"https:\/\/agora.xtec.cat\/inselstresturons\/projecte-educatiu\/un-reto-por-la-ciencia\/\">Un reto por la ciencia<\/a><\/li>\n<li><a style=\"color: #2795b6;\" href=\"https:\/\/agora.xtec.cat\/inselstresturons\/projecte-educatiu\/un-reto-por-la-ciencia\/\">Art<\/a><\/li>\n<li><a style=\"color: #2795b6;\" href=\"http:\/\/agora.xtec.cat\/inselstresturons\/projectes\/gep\/\">Grup Experimental Pluriling\u00fce (GEP)<\/a><\/li>\n<li><a style=\"color: #2795b6;\" href=\"https:\/\/agora.xtec.cat\/inselstresturons\/?page_id=6760&amp;preview=true\">Els Tres Turons a tota vela!<\/a><\/li>\n<li><a style=\"color: #2795b6;\" href=\"http:\/\/agora.xtec.cat\/inselstresturons\/projectes\/oceans\/\">Observadors de mar<\/a><\/li>\n<\/ul>\n<p>&nbsp;<\/p>\n<p>&nbsp;<\/p>\n","protected":false},"excerpt":{"rendered":"<p>A l&#8217;Institut Els Tres Turons apostem per dinamitzar un seguit de mat\u00e8ries, d&#8217;activitats i de projectes que ens fan singulars. S\u00f3n activitats de continu\u00eftat, algunes d&#8217;innovadores i d&#8217;altres de senzillament interessants per a l&#8217;alumnat. Aqu\u00ed us els mostrem. Cliqueu al men\u00fa el que voleu consultar.<\/p>\n<ul>\n<li><a&hellip;  <a href=\"https:\/\/agora.xtec.cat\/inselstresturons\/projecte-educatiu\/\" title=\"Read Filosofia de centre\">Llegeix m\u00e9s\u00bb<\/a><br \/>\n","protected":false},"author":1,"featured_media":0,"parent":0,"menu_order":0,"comment_status":"closed","ping_status":"closed","template":"page-templates\/side-menu.php","meta":{"_bbp_topic_count":0,"_bbp_reply_count":0,"_bbp_total_topic_count":0,"_bbp_total_reply_count":0,"_bbp_voice_count":0,"_bbp_anonymous_reply_count":0,"_bbp_topic_count_hidden":0,"_bbp_reply_count_hidden":0,"_bbp_forum_subforum_count":0,"footnotes":""},"class_list":["post-57","page","type-page","status-publish","hentry"],"post_mailing_queue_ids":[],"_links":{"self":[{"href":"https:\/\/agora.xtec.cat\/inselstresturons\/wp-json\/wp\/v2\/pages\/57","targetHints":{"allow":["GET"]}}],"collection":[{"href":"https:\/\/agora.xtec.cat\/inselstresturons\/wp-json\/wp\/v2\/pages"}],"about":[{"href":"https:\/\/agora.xtec.cat\/inselstresturons\/wp-json\/wp\/v2\/types\/page"}],"author":[{"embeddable":true,"href":"https:\/\/agora.xtec.cat\/inselstresturons\/wp-json\/wp\/v2\/users\/1"}],"replies":[{"embeddable":true,"href":"https:\/\/agora.xtec.cat\/inselstresturons\/wp-json\/wp\/v2\/comments?post=57"}],"version-history":[{"count":7,"href":"https:\/\/agora.xtec.cat\/inselstresturons\/wp-json\/wp\/v2\/pages\/57\/revisions"}],"predecessor-version":[{"id":12057,"href":"https:\/\/agora.xtec.cat\/inselstresturons\/wp-json\/wp\/v2\/pages\/57\/revisions\/12057"}],"wp:attachment":[{"href":"https:\/\/agora.xtec.cat\/inselstresturons\/wp-json\/wp\/v2\/media?parent=57"}],"curies":[{"name":"wp","href":"https:\/\/api.w.org\/{rel}","templated":true}]}}