{"id":5292,"date":"2021-01-24T16:57:28","date_gmt":"2021-01-24T15:57:28","guid":{"rendered":"http:\/\/agora.xtec.cat\/inselstresturons\/?page_id=5292"},"modified":"2026-04-09T12:55:42","modified_gmt":"2026-04-09T10:55:42","slug":"matricula-batxillerat","status":"publish","type":"page","link":"https:\/\/agora.xtec.cat\/inselstresturons\/secretaria-2\/preinscripcio-i-matricula\/matricula-batxillerat\/","title":{"rendered":"Matr\u00edcula Batxillerat"},"content":{"rendered":"<p><strong>MATR\u00cdCULA 2026-2027<\/strong><\/p>\n<p><strong>Dates de matriculaci\u00f3: <\/strong>el per\u00edode de matriculaci\u00f3 de batxillerat per als alumnes preinscrits amb pla\u00e7a assignada \u00e9s del 18 al 30 de juny de 2026, ambd\u00f3s inclosos.<\/p>\n<p>En el cas de l&#8217;alumnat provinent de 4t d&#8217;ESO del nostre centre educatiu, la matr\u00edcula es formalitza quan es fa l&#8217;entrevista per la tria de mat\u00e8ries.<\/p>\n<p>Per fer la matr\u00edcula: <a href=\"https:\/\/preinscripcio.gencat.cat\/ca\/estudis\/batxillerat\/matriculat\/formalitzacio\/\">web de la Generalitat de Catalunya<\/a><\/p>\n<p>No cal dur fotografia perqu\u00e8 es far\u00e0 a l&#8217;institut.<\/p>\n<p>S&#8217;informar\u00e0 dels pagaments per TPV.<\/p>\n<p>L&#8217;alumnat nou al centre haur\u00e0 de dur la seg\u00fcent <strong>documentaci\u00f3<\/strong>:<\/p>\n<ul style=\"list-style-type: circle;\">\n<li>Documentaci\u00f3 acreditativa dels requisits d&#8217;acc\u00e9s: resguard del t\u00edtol d&#8217;ESO<\/li>\n<li>Targeta sanit\u00e0ria<\/li>\n<li>Fotoc\u00f2pia del DNI, NIE o passaport (si es tracta d&#8217;estrangers comunitaris)<\/li>\n<li>Si l&#8217;alumne\/a \u00e9s menor d&#8217;edat, DNI, NIE o Passaport de pare, mare o representant legal.<\/li>\n<li>Fotoc\u00f2pia del llibre de fam\u00edlia<\/li>\n<li>Fotoc\u00f2pia del carnet de fam\u00edlia nombrosa, monoparental, de discapacitat<\/li>\n<\/ul>\n","protected":false},"excerpt":{"rendered":"<p>MATR\u00cdCULA 2026-2027<br \/>\nDates de matriculaci\u00f3: el per\u00edode de matriculaci\u00f3 de batxillerat per als alumnes preinscrits amb pla\u00e7a assignada \u00e9s del 18 al 30 de juny de 2026, ambd\u00f3s inclosos.<br \/>\nEn el cas de l&#8217;alumnat provinent de 4t d&#8217;ESO del nostre centre educatiu, la matr\u00edcula es formalitza quan&hellip;  <a href=\"https:\/\/agora.xtec.cat\/inselstresturons\/secretaria-2\/preinscripcio-i-matricula\/matricula-batxillerat\/\" title=\"Read Matr\u00edcula Batxillerat\">Llegeix m\u00e9s\u00bb<\/a><\/p>\n","protected":false},"author":1,"featured_media":0,"parent":499,"menu_order":6,"comment_status":"closed","ping_status":"closed","template":"page-templates\/side-menu.php","meta":{"_bbp_topic_count":0,"_bbp_reply_count":0,"_bbp_total_topic_count":0,"_bbp_total_reply_count":0,"_bbp_voice_count":0,"_bbp_anonymous_reply_count":0,"_bbp_topic_count_hidden":0,"_bbp_reply_count_hidden":0,"_bbp_forum_subforum_count":0,"footnotes":""},"class_list":["post-5292","page","type-page","status-publish","hentry"],"post_mailing_queue_ids":[],"_links":{"self":[{"href":"https:\/\/agora.xtec.cat\/inselstresturons\/wp-json\/wp\/v2\/pages\/5292","targetHints":{"allow":["GET"]}}],"collection":[{"href":"https:\/\/agora.xtec.cat\/inselstresturons\/wp-json\/wp\/v2\/pages"}],"about":[{"href":"https:\/\/agora.xtec.cat\/inselstresturons\/wp-json\/wp\/v2\/types\/page"}],"author":[{"embeddable":true,"href":"https:\/\/agora.xtec.cat\/inselstresturons\/wp-json\/wp\/v2\/users\/1"}],"replies":[{"embeddable":true,"href":"https:\/\/agora.xtec.cat\/inselstresturons\/wp-json\/wp\/v2\/comments?post=5292"}],"version-history":[{"count":7,"href":"https:\/\/agora.xtec.cat\/inselstresturons\/wp-json\/wp\/v2\/pages\/5292\/revisions"}],"predecessor-version":[{"id":12686,"href":"https:\/\/agora.xtec.cat\/inselstresturons\/wp-json\/wp\/v2\/pages\/5292\/revisions\/12686"}],"up":[{"embeddable":true,"href":"https:\/\/agora.xtec.cat\/inselstresturons\/wp-json\/wp\/v2\/pages\/499"}],"wp:attachment":[{"href":"https:\/\/agora.xtec.cat\/inselstresturons\/wp-json\/wp\/v2\/media?parent=5292"}],"curies":[{"name":"wp","href":"https:\/\/api.w.org\/{rel}","templated":true}]}}

Matrícula Batxillerat

<p><strong>MATRÍCULA 2026-2027</strong></p>
<p><strong>Dates de matriculació: </strong>el període de matriculació de batxillerat per als alumnes preinscrits amb plaça assignada és del 18 al 30 de juny de 2026, ambdós inclosos.</p>
<p>En el cas de l&#8217;alumnat provinent de 4t d&#8217;ESO del nostre centre educatiu, la matrícula es formalitza quan es fa l&#8217;entrevista per la tria de matèries.</p>
<p>Per fer la matrícula: <a href="https://preinscripcio.gencat.cat/ca/estudis/batxillerat/matriculat/formalitzacio/">web de la Generalitat de Catalunya</a></p>
<p>No cal dur fotografia perquè es farà a l&#8217;institut.</p>
<p>S&#8217;informarà dels pagaments per TPV.</p>
<p>L&#8217;alumnat nou al centre haurà de dur la següent <strong>documentació</strong>:</p>
<ul style="list-style-type: circle;">
<li>Documentació acreditativa dels requisits d&#8217;accés: resguard del títol d&#8217;ESO</li>
<li>Targeta sanitària</li>
<li>Fotocòpia del DNI, NIE o passaport (si es tracta d&#8217;estrangers comunitaris)</li>
<li>Si l&#8217;alumne/a és menor d&#8217;edat, DNI, NIE o Passaport de pare, mare o representant legal.</li>
<li>Fotocòpia del llibre de família</li>
<li>Fotocòpia del carnet de família nombrosa, monoparental, de discapacitat</li>
</ul>

<p>MATRÍCULA 2026-2027<br />
Dates de matriculació: el període de matriculació de batxillerat per als alumnes preinscrits amb plaça assignada és del 18 al 30 de juny de 2026, ambdós inclosos.<br />
En el cas de l&#8217;alumnat provinent de 4t d&#8217;ESO del nostre centre educatiu, la matrícula es formalitza quan&hellip;  <a href="https://agora.xtec.cat/inselstresturons/secretaria-2/preinscripcio-i-matricula/matricula-batxillerat/" title="Read Matrícula Batxillerat">Llegeix més»</a></p>
