{"id":5288,"date":"2021-01-24T16:55:40","date_gmt":"2021-01-24T15:55:40","guid":{"rendered":"http:\/\/agora.xtec.cat\/inselstresturons\/?page_id=5288"},"modified":"2026-04-09T12:57:00","modified_gmt":"2026-04-09T10:57:00","slug":"preinscripcio-ptt","status":"publish","type":"page","link":"https:\/\/agora.xtec.cat\/inselstresturons\/secretaria-2\/preinscripcio-i-matricula\/preinscripcio-ptt\/","title":{"rendered":"Preinscripci\u00f3 PFI"},"content":{"rendered":"<h3>PREINSCRIPCI\u00d3 PFI CURS 2026-2027<\/h3>\n<ul>\n<li>Dates de preinscripci\u00f3: del 4 al 13 de maig de 2026.<\/li>\n<li>Consulta la llista amb el barem provisional<\/li>\n<li>Les sol\u00b7licituds s&#8217;han de presentar de manera telem\u00e0tica\u00a0i les persones candidates han de fer una <b>entrevista entre el 4 i el 26 de maig;<\/b> \u00e9s per aix\u00f2 que cal demanar cita pr\u00e8via a l\u2019adre\u00e7a electr\u00f2nica <a href=\"mailto:pttarenysdemar@xtec.cat\" target=\"_blank\" rel=\"noopener\">ptt.arenysdemar@elstresturons.cat<\/a> o al tel\u00e8fon\u00a0<b>937959502<\/b>\u00a0o per whatsapp al tel\u00e8fon\u00a0<b>607016183.<\/b><\/li>\n<li><a href=\"https:\/\/preinscripcio.gencat.cat\/ca\/estudis\/pfi\/preinscriute\/sollicitud\/\">Informaci\u00f3 general sobre la preinscripci\u00f3<\/a><\/li>\n<li><a href=\"https:\/\/agora.xtec.cat\/inselstresturons\/wp-content\/uploads\/usu1101\/2024\/02\/Diptic-difusio-2425-Ptt-Arenys-de-Mar-1-2.pdf\">D\u00edp<span style=\"font-family: inherit; font-size: 1em;\">tic informatiu per a la preinscripci\u00f3 curs 2024-2025<\/span><\/a><\/li>\n<li>Oferta de places al\u00a0<a href=\"http:\/\/mapaescolar.gencat.cat\/\">mapa escolar<\/a>.<\/li>\n<li>Consulta la llista de sol\u00b7licituds que han demanat el centre i l&#8217;ensenyament en primera petici\u00f3 amb la puntuaci\u00f3 resoltes les reclamacions<\/li>\n<li>Consulta la llista de sol\u00b7licituds que han demanat el centre i l&#8217;ensenyament en primera petici\u00f3 ordenada<\/li>\n<li>Consulta la llista d&#8217;alumnes assignats al centre amb indicaci\u00f3 de la primera petici\u00f3 a 04\/07\/2025<\/li>\n<li>Consulta la llista d&#8217;espera del centre<\/li>\n<li>Consulta la llista d&#8217;alumnes preinscrits al centre<\/li>\n<\/ul>\n<p><strong><span style=\"font-family: inherit; font-size: 1em;\">PTT d&#8217;Els Tres Turons:<\/span><\/strong><\/p>\n<ul>\n<li aria-level=\"1\">Auxiliar en Treballs de Fusteria i Instal\u00b7lacions de Mobles<\/li>\n<li aria-level=\"1\">Auxiliar en Comer\u00e7 i Atenci\u00f3 al P\u00fablic<\/li>\n<\/ul>\n<p><strong>Documentaci\u00f3 a presentar<\/strong><\/p>\n<p><span style=\"font-weight: 400;\">Juntament amb la sol\u00b7licitud de preinscripci\u00f3 cal presentar, en tots els casos, la documentaci\u00f3 en fotoc\u00f2pia i original:<\/span><\/p>\n<ul>\n<li style=\"font-weight: 400;\" aria-level=\"1\"><span style=\"font-weight: 400;\">El DNI, NIE o passaport. Si es tracta d\u2019estrangers comunitaris, document d\u2019identitat del pa\u00eds d\u2019origen.<\/span><\/li>\n<li aria-level=\"1\">Certificat d&#8217;estudis o altra documentaci\u00f3 que acrediti el nombre de cursos escolaritzaci\u00f3 a l\u2019ESO i l\u2019\u00faltim curs que s\u2019ha realitzat o que s\u2019est\u00e0 realitzant (es demana a l\u2019institut on fan l\u2019ESO).<\/li>\n<\/ul>\n<p><span style=\"font-weight: 400;\">Si el sol\u00b7licitant \u00e9s menor d\u2019edat tamb\u00e9 ha de presentar:<\/span><\/p>\n<ul>\n<li style=\"font-weight: 400;\" aria-level=\"1\"><span style=\"font-weight: 400;\">El llibre de fam\u00edlia o altres documents relatius a la filiaci\u00f3. Si est\u00e0 en situaci\u00f3 d\u2019acolliment, la resoluci\u00f3 d\u2019acolliment del Departament de Treball, Afers Socials i Fam\u00edlies.<\/span><\/li>\n<li style=\"font-weight: 400;\" aria-level=\"1\"><span style=\"font-weight: 400;\">El DNI del sol\u00b7licitant (pare, mare, tutor\/a o guardador\/a de fet) o, si \u00e9s estranger, de la targeta de resid\u00e8ncia on consta el NIE o del passaport. Si es tracta d\u2019estrangers comunitaris, document d\u2019identitat del pa\u00eds d\u2019origen. De manera extraordin\u00e0ria, i \u00fanicament a efectes de preinscripci\u00f3, les dades d\u2019identificaci\u00f3 o de filiaci\u00f3 de les persones estrangeres es poden acreditar amb la documentaci\u00f3 alternativa que la persona pugui aportar. Tanmateix, la matr\u00edcula estar\u00e0 condicionada a la presentaci\u00f3 de la documentaci\u00f3 identificativa establerta en els par\u00e0grafs anteriors.<\/span><\/li>\n<li style=\"font-weight: 400;\" aria-level=\"1\"><span style=\"font-weight: 400;\">Per acreditar la condici\u00f3 de discapacitat, cal enviar un certificat del Servei de Valoraci\u00f3 i Orientaci\u00f3 a Persones amb Discapacitat (CAD) del Departament de Treball, Afers Socials i Fam\u00edlies o, si n\u2019hi ha, un informe de l\u2019EAP en el qual s\u2019indiqui l\u2019exist\u00e8ncia d\u2019indicis raonables que l\u2019alumne presenta discapacitat.<\/span><\/li>\n<\/ul>\n<p>Documentaci\u00f3 de criteris prioritaris:<\/p>\n<ul>\n<li><b>Proximitat del domicili al lloc on es fa el programa.\u00a0<\/b>Original i c\u00f2pia del DNI de la persona sol\u00b7licitant o de la targeta de resid\u00e8ncia on consta el NIE en el cas de persones estrangeres.<br \/>\nQuan el domicili habitual que s&#8217;al\u00b7lega no coincideix amb el del DNI, amb el de la targeta de resid\u00e8ncia on consta el NIE o es tracta de persones estrangeres sense NIE, s&#8217;acredita amb el certificat o volant municipal de conviv\u00e8ncia de l&#8217;alumne o alumna, on ha de constar que conviu amb la persona sol\u00b7licitant, si s&#8217;escau.<\/li>\n<li><b>Participaci\u00f3 per primera vegada en un programa de formaci\u00f3 i inserci\u00f3<\/b>: s&#8217;acredita marcant la casella corresponent en la sol\u00b7licitud de preinscripci\u00f3 que es presenta signada.<\/li>\n<\/ul>\n<p><strong>Consulta les llistes a la cartellera del centre.<\/strong><\/p>\n<p><span style=\"font-weight: 400;\">Podeu trobar informaci\u00f3 general a la p\u00e0gina web <\/span><a href=\"https:\/\/triaeducativa.gencat.cat\/ca\/inici\"><span style=\"font-weight: 400;\">Estudiar a Catalunya<\/span><\/a><\/p>\n<ul>\n<li style=\"list-style-type: none;\">\n<ul>\n<li><a href=\"https:\/\/agora.xtec.cat\/inselstresturons\/wp-content\/uploads\/usu1101\/2022\/04\/Infografia-PFI-alumnat.pdf\">Com \u00e9s un PFI<\/a><\/li>\n<\/ul>\n<\/li>\n<\/ul>\n<ul>\n<li style=\"list-style-type: none;\"><\/li>\n<\/ul>\n<p><img loading=\"lazy\" decoding=\"async\" class=\"aligncenter size-full wp-image-10272\" src=\"https:\/\/agora.xtec.cat\/inselstresturons\/wp-content\/uploads\/usu1101\/2024\/02\/Diptic-2024.jpg\" alt=\"\" width=\"1044\" height=\"740\" srcset=\"https:\/\/agora.xtec.cat\/inselstresturons\/wp-content\/uploads\/usu1101\/2024\/02\/Diptic-2024.jpg 1044w, https:\/\/agora.xtec.cat\/inselstresturons\/wp-content\/uploads\/usu1101\/2024\/02\/Diptic-2024-300x213.jpg 300w, https:\/\/agora.xtec.cat\/inselstresturons\/wp-content\/uploads\/usu1101\/2024\/02\/Diptic-2024-1024x726.jpg 1024w, https:\/\/agora.xtec.cat\/inselstresturons\/wp-content\/uploads\/usu1101\/2024\/02\/Diptic-2024-768x544.jpg 768w\" sizes=\"auto, (max-width: 1044px) 100vw, 1044px\" \/> <img loading=\"lazy\" decoding=\"async\" class=\"aligncenter size-full wp-image-10400\" src=\"https:\/\/agora.xtec.cat\/inselstresturons\/wp-content\/uploads\/usu1101\/2024\/03\/Diptic-2024-2.jpg\" alt=\"\" width=\"1302\" height=\"923\" srcset=\"https:\/\/agora.xtec.cat\/inselstresturons\/wp-content\/uploads\/usu1101\/2024\/03\/Diptic-2024-2.jpg 1302w, https:\/\/agora.xtec.cat\/inselstresturons\/wp-content\/uploads\/usu1101\/2024\/03\/Diptic-2024-2-300x213.jpg 300w, https:\/\/agora.xtec.cat\/inselstresturons\/wp-content\/uploads\/usu1101\/2024\/03\/Diptic-2024-2-1024x726.jpg 1024w, https:\/\/agora.xtec.cat\/inselstresturons\/wp-content\/uploads\/usu1101\/2024\/03\/Diptic-2024-2-768x544.jpg 768w\" sizes=\"auto, (max-width: 1302px) 100vw, 1302px\" \/><\/p>\n","protected":false},"excerpt":{"rendered":"<p>PREINSCRIPCI\u00d3 PFI CURS 2026-2027<\/p>\n<ul>\n<li>Dates de preinscripci\u00f3: del 4 al 13 de maig de 2026.<\/li>\n<li>Consulta la llista amb el barem provisional<\/li>\n<li>Les sol\u00b7licituds s&#8217;han de presentar de manera telem\u00e0tica\u00a0i les persones candidates han de fer una entrevista entre el 4 i el 26 de maig; \u00e9s per&hellip;  <a href=\"https:\/\/agora.xtec.cat\/inselstresturons\/secretaria-2\/preinscripcio-i-matricula\/preinscripcio-ptt\/\" title=\"Read Preinscripci\u00f3 PFI\">Llegeix m\u00e9s\u00bb<\/a><br \/>\n","protected":false},"author":1,"featured_media":0,"parent":499,"menu_order":5,"comment_status":"closed","ping_status":"closed","template":"page-templates\/side-menu.php","meta":{"_bbp_topic_count":0,"_bbp_reply_count":0,"_bbp_total_topic_count":0,"_bbp_total_reply_count":0,"_bbp_voice_count":0,"_bbp_anonymous_reply_count":0,"_bbp_topic_count_hidden":0,"_bbp_reply_count_hidden":0,"_bbp_forum_subforum_count":0,"footnotes":""},"class_list":["post-5288","page","type-page","status-publish","hentry"],"post_mailing_queue_ids":[],"_links":{"self":[{"href":"https:\/\/agora.xtec.cat\/inselstresturons\/wp-json\/wp\/v2\/pages\/5288","targetHints":{"allow":["GET"]}}],"collection":[{"href":"https:\/\/agora.xtec.cat\/inselstresturons\/wp-json\/wp\/v2\/pages"}],"about":[{"href":"https:\/\/agora.xtec.cat\/inselstresturons\/wp-json\/wp\/v2\/types\/page"}],"author":[{"embeddable":true,"href":"https:\/\/agora.xtec.cat\/inselstresturons\/wp-json\/wp\/v2\/users\/1"}],"replies":[{"embeddable":true,"href":"https:\/\/agora.xtec.cat\/inselstresturons\/wp-json\/wp\/v2\/comments?post=5288"}],"version-history":[{"count":7,"href":"https:\/\/agora.xtec.cat\/inselstresturons\/wp-json\/wp\/v2\/pages\/5288\/revisions"}],"predecessor-version":[{"id":12687,"href":"https:\/\/agora.xtec.cat\/inselstresturons\/wp-json\/wp\/v2\/pages\/5288\/revisions\/12687"}],"up":[{"embeddable":true,"href":"https:\/\/agora.xtec.cat\/inselstresturons\/wp-json\/wp\/v2\/pages\/499"}],"wp:attachment":[{"href":"https:\/\/agora.xtec.cat\/inselstresturons\/wp-json\/wp\/v2\/media?parent=5288"}],"curies":[{"name":"wp","href":"https:\/\/api.w.org\/{rel}","templated":true}]}}