{"id":5286,"date":"2021-01-24T16:55:15","date_gmt":"2021-01-24T15:55:15","guid":{"rendered":"http:\/\/agora.xtec.cat\/inselstresturons\/?page_id=5286"},"modified":"2026-04-09T13:04:31","modified_gmt":"2026-04-09T11:04:31","slug":"preinscripcio-cfgm","status":"publish","type":"page","link":"https:\/\/agora.xtec.cat\/inselstresturons\/secretaria-2\/preinscripcio-i-matricula\/preinscripcio-cfgm\/","title":{"rendered":"Preinscripci\u00f3 CFGM"},"content":{"rendered":"<p><strong>PREINSCRIPCI\u00d3 CURS 2026-2027<\/strong><\/p>\n<div>\n<p dir=\"ltr\" data-smartmail=\"gmail_signature\"><strong style=\"font-family: inherit; font-size: 1em;\">Presentaci\u00f3 de sol\u00b7licituds<\/strong><span style=\"font-family: inherit; font-size: 1em;\">: del 26 de maig a l&#8217;1 de juny de 2026. Presentaci\u00f3 de la documentaci\u00f3 fins al dia 2 de juny.<\/span><\/p>\n<p dir=\"ltr\" data-smartmail=\"gmail_signature\">Presentaci\u00f3 de reclamacions: del 29 de juny al 2 de juliol.<\/p>\n<p dir=\"ltr\" data-smartmail=\"gmail_signature\">1a tanda d&#8217;assignacions. Publicaci\u00f3: 10 de juliol. Confirmaci\u00f3: del 10 al 14 de juliol. Telem\u00e0tica.<\/p>\n<p dir=\"ltr\" data-smartmail=\"gmail_signature\">2a tanda d&#8217;assignacions. Publicaci\u00f3: 24 de juliol. Confirmaci\u00f3: del 24 al 28 de juliol. Telem\u00e0tica.<\/p>\n<p dir=\"ltr\" data-smartmail=\"gmail_signature\"><strong><span style=\"color: #000000;\">S&#8217;HA DE FER PREINSCRIPCI\u00d3 AL 1R CURS DE CICLE FORMATIU ENCARA QUE ES CONTINU\u00cf AL MATEIX CENTRE EDUCATIU<\/span><\/strong><\/p>\n<\/div>\n<ul>\n<li>Consulta el <a href=\"https:\/\/preinscripcio.gencat.cat\/ca\/estudis\/fp-grau-mitja\/informat\/calendari\/\">calendari complet<\/a> a la web de la Generalitat de Catalunya<\/li>\n<li>Enlla\u00e7 per fer la <a href=\"https:\/\/preinscripcio.gencat.cat\/ca\/estudis\/fp-grau-mitja\/preinscriute\/\">preinscripci\u00f3<\/a><\/li>\n<li>Consulta l&#8217;oferta de places al centre, tamb\u00e9 al <a href=\"http:\/\/mapaescolar.gencat.cat\/\">mapa escolar<\/a>.<\/li>\n<li>Consulta la llista de sol\u00b7licituds que han demanat el centre i l&#8217;ensenyament en primera petici\u00f3 amb la puntuaci\u00f3 provisional<\/li>\n<li>Consulta la llista de sol\u00b7licituds que han demanat el centre i l&#8217;ensenyament en primera petici\u00f3 amb la puntuaci\u00f3 resoltes les reclamacions<\/li>\n<\/ul>\n<p><strong style=\"font-family: inherit; font-size: 1em;\">Necessiteu fer una consulta <\/strong>al <a href=\"https:\/\/www.whatsapp.com\/channel\/0029Vb4r4Ew84Om4VTV0dn3E\">canal de WhatsApp de preinscripci\u00f3 a FP<\/a><strong style=\"font-family: inherit; font-size: 1em;\">? <\/strong>(vegeu les instruccions a la part inferior d&#8217;aquesta p\u00e0gina).<\/p>\n<p><strong style=\"font-family: inherit; font-size: 1em;\">Necessiteu cita pr\u00e8via<\/strong><span style=\"font-family: inherit; font-size: 1em;\">? <\/span>Si necessiteu ajut en el proc\u00e9s de preinscripci\u00f3 podeu trucar al tel\u00e8fon 937959603 per fer atenci\u00f3 telef\u00f2nica.<\/p>\n<div>\n<div dir=\"ltr\" data-smartmail=\"gmail_signature\"><\/div>\n<\/div>\n<p><strong>Proc\u00e9s per a alumnat de continu\u00eftat d&#8217;escolaritzaci\u00f3<\/strong><\/p>\n<ol>\n<li>Via 1: Alumnat de 4t d&#8217;ESO (o equivalent a 4t d&#8217;ESO a l&#8217;estranger). Es reserven per a les sol\u00b7licituds que arriben per aquesta via un 80 % de les places.<\/li>\n<li>Via 2: Per qui ha superat un PQPI o un cicle formatiu de grau b\u00e0sic o formaci\u00f3 professional b\u00e0sica. Es reserven per a les sol\u00b7licituds que arriben per aquesta via un 15 % de les places.<\/li>\n<li>Via 3: Per qui accedeix amb el CAM o ha superat la prova d&#8217;acc\u00e9s (incl\u00f2s si n&#8217;est\u00e0 exempt \u2013PFI\u2013 o t\u00e9 altres requisits d&#8217;acc\u00e9s i que durant aquest any fa, com a m\u00e0xim, 18 anys). Es reserven per a les sol\u00b7licituds que arriben per aquesta via un 5 % de les places.<\/li>\n<\/ol>\n<div>\n<div dir=\"ltr\" data-smartmail=\"gmail_signature\"><strong>Consulta d&#8217;oferta de places i de llistes a la cartellera del centre.<\/strong><\/div>\n<div dir=\"ltr\" data-smartmail=\"gmail_signature\"><\/div>\n<\/div>\n<p><strong>Preguntes freq\u00fcents:<\/strong><\/p>\n<ul>\n<li><a style=\"color: #2795b6;\" href=\"https:\/\/www.youtube.com\/watch?v=5DvAVUSNLCQ\" target=\"_blank\" rel=\"noopener\" data-saferedirecturl=\"https:\/\/www.google.com\/url?q=https:\/\/www.youtube.com\/watch?v%3D5DvAVUSNLCQ&amp;source=gmail&amp;ust=1646150410935000&amp;usg=AOvVaw0-EP09_u8CCVlXfWI0shqC\">Com has de fer la preinscripci\u00f3 escolar en l\u00ednia?<\/a><\/li>\n<li><a href=\"https:\/\/www.youtube.com\/watch?v=NF__CTwHy3Y\" target=\"_blank\" rel=\"noopener\" data-saferedirecturl=\"https:\/\/www.google.com\/url?q=https:\/\/www.youtube.com\/watch?v%3DNF__CTwHy3Y&amp;source=gmail&amp;ust=1646150410935000&amp;usg=AOvVaw05_OjyIAlXfXQM2MSmvCn6\">Saps con digitalitzar documents per als tr\u00e0mits en l\u00ednia?<\/a><\/li>\n<li><a href=\"https:\/\/triaeducativa.gencat.cat\/ca\/inici\">Tria educativa. Quins estudis postobligatoris hi ha?\u00a0<\/a><\/li>\n<\/ul>\n<p><strong><span style=\"color: #800000;\" data-teams=\"true\">Sobre el nou canal de WhatsApp Preinscripci\u00f3 FP:<\/span><\/strong><\/p>\n<p><span data-teams=\"true\">El Departament d\u2019Educaci\u00f3 i Formaci\u00f3 Professional \u00a0posa en marxa el canal de WhatsApp <\/span><strong>Preinscripci\u00f3 FP\u00a0<\/strong><a href=\"https:\/\/whatsapp.com\/channel\/0029Vb4r4Ew84Om4VTV0dn3E\"><strong>gen.cat\/whatsappFPO\u200b<\/strong>.\u200b<\/a><\/p>\n<p><strong>Quina informaci\u00f3 s\u2019hi difondr\u00e0?<\/strong><\/p>\n<ul>\n<li>\u200bPublicaci\u00f3 de l&#8217;oferta de places<\/li>\n<li>Inici i final\u00a0del per\u00edode de sol\u00b7licituds, amb enlla\u00e7 al formulari<\/li>\n<li>Recordatoris de requisits i vies d\u2019acc\u00e9s\u200b<\/li>\n<li>Publicaci\u00f3 de llistes provisionals i per\u00edodes de reclamaci\u00f3<\/li>\n<li>Assignacions de places i instruccions per confirmar-les i matricular-se<\/li>\n<li>Publicaci\u00f3 de vacants i com consultar-les<\/li>\n<li>Altres avisos rellevants del proc\u00e9s\u200b<\/li>\n<\/ul>\n<p><strong>Com us podeu subscriure al canal?<\/strong><\/p>\n<p>\u200bAccedint\u00a0al canal. Es pot\u00a0fer\u00a0de tres maneres:<\/p>\n<ol>\n<li>Entrant directament a l\u2019enlla\u00e7:\u00a0<a title=\"https:\/\/whatsapp.com\/channel\/0029vb4r4ew84om4vtv0dn3e\" href=\"https:\/\/whatsapp.com\/channel\/0029Vb4r4Ew84Om4VTV0dn3E\" target=\"_blank\" rel=\"noreferrer noopener\" aria-label=\"Enlla\u00e7 gen.cat\/whatsappFPO\"><strong>gen.cat\/whatsappFPO<\/strong><\/a><\/li>\n<li>Obrint WhatsApp, anant a la pestanya \u2018Actualitzacions\u2019 i, dins de \u2018<strong>Canals<\/strong>\u2019, buscant \u2018<strong>Preinscripci\u00f3FP<\/strong>\u2019.\u00a0 Aleshores cal seleccionar el canal i clicar el bot\u00f3 \u2018Segueix\u2019.<\/li>\n<li>O b\u00e9\u00a0<strong>escanejant\u00a0<\/strong><strong>aquest codi QR<\/strong>.<\/li>\n<\/ol>\n<p><img loading=\"lazy\" decoding=\"async\" class=\"ms-rtePosition-2\" style=\"font-family: inherit; font-size: 1em;\" src=\"https:\/\/espai.educacio.gencat.cat\/Alumnes\/PreinscripcioMatricula\/Preins-FP\/PublishingImages\/qr-watsapp-fp.png\" alt=\"\" width=\"149\" height=\"176\" \/><img decoding=\"async\" src=\"https:\/\/espai.educacio.gencat.cat\/Alumnes\/PreinscripcioMatricula\/Preins-FP\/PublishingImages\" alt=\"\" \/>\u200b\u200b<\/p>\n<p>Si toqueu la <strong>icona de la campana<\/strong> se us activaran les notificacions i rebreu un av\u00eds cada vegada que publiquem un contingut al canal.<\/p>\n<p><span data-teams=\"true\"><strong>Caracter\u00edstiques del canal de WhatsApp\u200b Preinscripci\u00f3 FP<\/strong><br \/>\n<\/span><\/p>\n<ul>\n<li>Canal unidireccional:\u00a0els subscriptors no poden respondre ni reaccionar amb emojis.<\/li>\n<li>Llenguatge:\u00a0informaci\u00f3 clara, \u00e0gil i directa.\u200b<\/li>\n<li>Complementari:\u00a0no substitueix altres canals d\u2019informaci\u00f3 (web, xarxes socials, correu electr\u00f2nic, SMS).<\/li>\n<li>Temporal:\u00a0estar\u00e0 actiu nom\u00e9s durant el per\u00edode de preinscripci\u00f3, de mitjans de maig a principis de setembre de 2025.<\/li>\n<li>Privacitat:\u00a0no es tracten dades personals, excepte les imprescindibles per accedir al canal.<\/li>\n<li>Transpar\u00e8ncia:\u00a0el primer missatge explicar\u00e0 l\u2019objectiu i funcionament del canal; l\u2019\u00faltim, informar\u00e0 del seu tancament.\u200b<\/li>\n<\/ul>\n<p><strong>Per qu\u00e8 s&#8217;ha obert aquest canal?<\/strong><\/p>\n<p><span data-teams=\"true\">El\u00a0<a href=\"https:\/\/preinscripcio.gencat.cat\/ca\/detalls\/noticia\/20250514-whatsapp-preinscripciofp\">canal de WhatsApp\u200b<\/a>\u00a0vol ser una eina complement\u00e0ria per garantir que la informaci\u00f3 essencial arriba a tothom.\u00a0El volum de sol\u00b7licituds als cicles d\u2019FP ha crescut de manera sostinguda els darrers anys. Una part significativa de l\u2019alumnat declara no haver vist a temps els missatges o haver tingut dificultats per seguir el procediment, la qual cosa pot derivar en l\u2019exclusi\u00f3 del proc\u00e9s o en la p\u00e8rdua de la pla\u00e7a assignada. L&#8217;\u00fas est\u00e8s d&#8217;aquest canal entre els joves pot ser un factor clau perqu\u00e8 els nois i noies rebin la informaci\u00f3 en termini.<\/span><\/p>\n<p>&nbsp;<\/p>\n","protected":false},"excerpt":{"rendered":"<p>PREINSCRIPCI\u00d3 CURS 2026-2027<\/p>\n<p>Presentaci\u00f3 de sol\u00b7licituds: del 26 de maig a l&#8217;1 de juny de 2026. Presentaci\u00f3 de la documentaci\u00f3 fins al dia 2 de juny.<br \/>\nPresentaci\u00f3 de reclamacions: del 29 de juny al 2 de juliol.<br \/>\n1a tanda d&#8217;assignacions. Publicaci\u00f3: 10 de juliol. Confirmaci\u00f3: del 10 al&hellip;  <a href=\"https:\/\/agora.xtec.cat\/inselstresturons\/secretaria-2\/preinscripcio-i-matricula\/preinscripcio-cfgm\/\" title=\"Read Preinscripci\u00f3 CFGM\">Llegeix m\u00e9s\u00bb<\/a><\/p>\n","protected":false},"author":1,"featured_media":0,"parent":499,"menu_order":3,"comment_status":"closed","ping_status":"closed","template":"page-templates\/side-menu.php","meta":{"_bbp_topic_count":0,"_bbp_reply_count":0,"_bbp_total_topic_count":0,"_bbp_total_reply_count":0,"_bbp_voice_count":0,"_bbp_anonymous_reply_count":0,"_bbp_topic_count_hidden":0,"_bbp_reply_count_hidden":0,"_bbp_forum_subforum_count":0,"footnotes":""},"class_list":["post-5286","page","type-page","status-publish","hentry"],"post_mailing_queue_ids":[],"_links":{"self":[{"href":"https:\/\/agora.xtec.cat\/inselstresturons\/wp-json\/wp\/v2\/pages\/5286","targetHints":{"allow":["GET"]}}],"collection":[{"href":"https:\/\/agora.xtec.cat\/inselstresturons\/wp-json\/wp\/v2\/pages"}],"about":[{"href":"https:\/\/agora.xtec.cat\/inselstresturons\/wp-json\/wp\/v2\/types\/page"}],"author":[{"embeddable":true,"href":"https:\/\/agora.xtec.cat\/inselstresturons\/wp-json\/wp\/v2\/users\/1"}],"replies":[{"embeddable":true,"href":"https:\/\/agora.xtec.cat\/inselstresturons\/wp-json\/wp\/v2\/comments?post=5286"}],"version-history":[{"count":6,"href":"https:\/\/agora.xtec.cat\/inselstresturons\/wp-json\/wp\/v2\/pages\/5286\/revisions"}],"predecessor-version":[{"id":12689,"href":"https:\/\/agora.xtec.cat\/inselstresturons\/wp-json\/wp\/v2\/pages\/5286\/revisions\/12689"}],"up":[{"embeddable":true,"href":"https:\/\/agora.xtec.cat\/inselstresturons\/wp-json\/wp\/v2\/pages\/499"}],"wp:attachment":[{"href":"https:\/\/agora.xtec.cat\/inselstresturons\/wp-json\/wp\/v2\/media?parent=5286"}],"curies":[{"name":"wp","href":"https:\/\/api.w.org\/{rel}","templated":true}]}}