{"id":506,"date":"2016-04-12T12:19:52","date_gmt":"2016-04-12T11:19:52","guid":{"rendered":"http:\/\/agora.xtec.cat\/inselstresturons\/?page_id=506"},"modified":"2026-01-19T20:10:22","modified_gmt":"2026-01-19T19:10:22","slug":"calendari","status":"publish","type":"page","link":"https:\/\/agora.xtec.cat\/inselstresturons\/calendari\/","title":{"rendered":"Calendaris dels nivells"},"content":{"rendered":"<p>Clica el calendari del nivell educatiu que busques per con\u00e8ixer les activitats avaluatives, els dies festius i les sortides i activitats de centre.<\/p>\n<p>Atenci\u00f3, aquest no \u00e9s un calendari dels deures de la classe.<\/p>\n<p>En la secund\u00e0ria i el batxillerat, davant de cada activitat apareixer\u00e0 el grup classe espec\u00edfic. No hi haur\u00e0 la lletra del grup classe si es tracta d&#8217;una activitat per a tot el nivell.<\/p>\n<ul>\n<li><a href=\"https:\/\/calendar.google.com\/calendar\/embed?src=elstresturons.cat_7uijndl4avvh8kpfli11vv8k1s%40group.calendar.google.com&amp;ctz=Europe%2FMadrid\">Calendari de 1r d&#8217;ESO<\/a><\/li>\n<li><a href=\"https:\/\/calendar.google.com\/calendar\/embed?src=elstresturons.cat_he6lnlj4k0gvb8cv35pjgj9tgo%40group.calendar.google.com&amp;ctz=Europe%2FMadrid\">Calendari de 2n d&#8217;ESO<\/a><\/li>\n<li><a href=\"https:\/\/calendar.google.com\/calendar\/embed?src=elstresturons.cat_1g2mm8nhkguioi00flihh687fs%40group.calendar.google.com&amp;ctz=Europe%2FMadrid\">Calendari de 3r d&#8217;ESO<\/a><\/li>\n<li><a href=\"https:\/\/calendar.google.com\/calendar\/embed?src=elstresturons.cat_b92hahi1te5n76r0aeb6aq19dg%40group.calendar.google.com&amp;ctz=Europe%2FMadrid\">Calendari de 4t d&#8217;ESO<\/a><\/li>\n<li><a href=\"https:\/\/calendar.google.com\/calendar\/embed?src=elstresturons.cat_nifsd8kbd4jqboaun2hicbesm4%40group.calendar.google.com&amp;ctz=Europe%2FMadrid\">Calendari de l&#8217;Aula oberta<\/a><\/li>\n<li><a href=\"https:\/\/calendar.google.com\/calendar\/embed?src=elstresturons.cat_6cagtiiak45b8fud3qh8ds178o%40group.calendar.google.com&amp;ctz=Europe%2FMadrid\">Calendari de 1r de batxillerat<\/a><\/li>\n<li><a href=\"https:\/\/calendar.google.com\/calendar\/embed?src=elstresturons.cat_olcjtp3mbp3h1c2kiokbog08go%40group.calendar.google.com&amp;ctz=Europe%2FMadrid\">Calendari de 2n de batxillerat<\/a><\/li>\n<li><a href=\"https:\/\/calendar.google.com\/calendar\/embed?src=c_12705293c18aa149ea572dccd259ecd33d97a0ee2b246b0776f0aecd4e7f39dd%40group.calendar.google.com&amp;ctz=Europe%2FMadrid\">Calendari de CFGM 1r Manteniment d&#8217;Embarcacions<\/a><\/li>\n<li><a href=\"https:\/\/calendar.google.com\/calendar\/embed?src=c_c75045213432f281c9f960d5e8b2394d44ddfdfe7401d6a6fd63c30cd6fe490b%40group.calendar.google.com&amp;ctz=Europe%2FMadrid\">Calendari de CFGM 2n Manteniment d&#8217;Embarcacions<\/a><\/li>\n<li><a href=\"https:\/\/calendar.google.com\/calendar\/embed?src=c_db9f764a1fb9857fead933c307f87e153ad37f12ece4609ba82fb3c681b9c969%40group.calendar.google.com&amp;ctz=Europe%2FMadrid\">Calendari de CFGM 1r Gesti\u00f3 Administrativa<\/a><\/li>\n<li><a href=\"https:\/\/calendar.google.com\/calendar\/embed?src=c_a31c5b079ab93b8c5cf39f7c05fe8b2ce0726d617318db6306e6e8fe31d4ed88%40group.calendar.google.com&amp;ctz=Europe%2FMadrid\">Calendari de CFGM 2n Gesti\u00f3 Administrativa<\/a><\/li>\n<li><a href=\"https:\/\/calendar.google.com\/calendar\/embed?src=c_750d4540e0198264f9b06598bdd877cc2e2bbfe5bac1b9c99078e2a6654c62ba%40group.calendar.google.com&amp;ctz=Europe%2FMadrid\">Calendari de CFGS 1r Administraci\u00f3 i Finances<\/a><\/li>\n<li><a href=\"https:\/\/calendar.google.com\/calendar\/embed?src=c_58039668aa79fef59a24829e6649ae9eccb48a862277f31ed56e7b268bc92ac0%40group.calendar.google.com&amp;ctz=Europe%2FMadrid\">Calendari de PFI Comer\u00e7<\/a><\/li>\n<li><a href=\"https:\/\/calendar.google.com\/calendar\/embed?src=c_b4abc80970942c863e62472c029a65a8a4f69e201b8fb49a575d7a7c3f79b213%40group.calendar.google.com&amp;ctz=Europe%2FMadrid\">Calendari de PFI Fusteria<\/a><\/li>\n<\/ul>\n","protected":false},"excerpt":{"rendered":"<p>Clica el calendari del nivell educatiu que busques per con\u00e8ixer les activitats avaluatives, els dies festius i les sortides i activitats de centre.<br \/>\nAtenci\u00f3, aquest no \u00e9s un calendari dels deures de la classe.<br \/>\nEn la secund\u00e0ria i el batxillerat, davant de cada activitat apareixer\u00e0 el grup&hellip;  <a href=\"https:\/\/agora.xtec.cat\/inselstresturons\/calendari\/\" title=\"Read Calendaris dels nivells\">Llegeix m\u00e9s\u00bb<\/a><\/p>\n","protected":false},"author":1,"featured_media":0,"parent":0,"menu_order":0,"comment_status":"closed","ping_status":"closed","template":"page-templates\/side-menu.php","meta":{"_bbp_topic_count":0,"_bbp_reply_count":0,"_bbp_total_topic_count":0,"_bbp_total_reply_count":0,"_bbp_voice_count":0,"_bbp_anonymous_reply_count":0,"_bbp_topic_count_hidden":0,"_bbp_reply_count_hidden":0,"_bbp_forum_subforum_count":0,"footnotes":""},"class_list":["post-506","page","type-page","status-publish","hentry"],"post_mailing_queue_ids":[],"_links":{"self":[{"href":"https:\/\/agora.xtec.cat\/inselstresturons\/wp-json\/wp\/v2\/pages\/506","targetHints":{"allow":["GET"]}}],"collection":[{"href":"https:\/\/agora.xtec.cat\/inselstresturons\/wp-json\/wp\/v2\/pages"}],"about":[{"href":"https:\/\/agora.xtec.cat\/inselstresturons\/wp-json\/wp\/v2\/types\/page"}],"author":[{"embeddable":true,"href":"https:\/\/agora.xtec.cat\/inselstresturons\/wp-json\/wp\/v2\/users\/1"}],"replies":[{"embeddable":true,"href":"https:\/\/agora.xtec.cat\/inselstresturons\/wp-json\/wp\/v2\/comments?post=506"}],"version-history":[{"count":7,"href":"https:\/\/agora.xtec.cat\/inselstresturons\/wp-json\/wp\/v2\/pages\/506\/revisions"}],"predecessor-version":[{"id":12398,"href":"https:\/\/agora.xtec.cat\/inselstresturons\/wp-json\/wp\/v2\/pages\/506\/revisions\/12398"}],"wp:attachment":[{"href":"https:\/\/agora.xtec.cat\/inselstresturons\/wp-json\/wp\/v2\/media?parent=506"}],"curies":[{"name":"wp","href":"https:\/\/api.w.org\/{rel}","templated":true}]}}