{"id":493,"date":"2016-04-12T10:26:25","date_gmt":"2016-04-12T09:26:25","guid":{"rendered":"http:\/\/agora.xtec.cat\/inselstresturons\/?page_id=493"},"modified":"2020-05-19T07:18:47","modified_gmt":"2020-05-19T05:18:47","slug":"horari","status":"publish","type":"page","link":"https:\/\/agora.xtec.cat\/inselstresturons\/horari\/","title":{"rendered":"Recursos en l\u00ednia"},"content":{"rendered":"<p>A continuaci\u00f3 presentem tot un seguit d&#8217;enlla\u00e7os \u00fatils per treballar contingut diversos de moltes mat\u00e8ries.<\/p>\n<p><strong>GENERAL<\/strong><\/p>\n<p><b><a href=\"http:\/\/edu365.cat\/\" target=\"_blank\" rel=\"noopener noreferrer\" data-saferedirecturl=\"https:\/\/www.google.com\/url?q=http:\/\/edu365.cat&amp;source=gmail&amp;ust=1584192197320000&amp;usg=AFQjCNG_4SzLFprrlNvyMXu6wOIs0waF_w\">edu365.cat<\/a><\/b><\/p>\n<div>\n<div><b>ANGL\u00c8S<\/b><\/div>\n<div><b>\u00a0<\/b><\/div>\n<div>N&#8217;hi ha infinitat, per\u00f2 aquesta \u00e9s un bon referent general:<\/div>\n<div><\/div>\n<div><b>Web del British Council\u00a0<\/b>on podeu trobar Listenings, exercicis de Vocabulary, Readings, Grammar (remeneu els men\u00fas superiors)<\/div>\n<div><\/div>\n<div><a href=\"http:\/\/learnenglishteens.britishcouncil.org\/\" target=\"_blank\" rel=\"noopener noreferrer\" data-saferedirecturl=\"https:\/\/www.google.com\/url?q=http:\/\/learnenglishteens.britishcouncil.org&amp;source=gmail&amp;ust=1584192193920000&amp;usg=AFQjCNEq3iro0ycHpGXnM3bhQ92oNSDeCQ\">http:\/\/learnenglishteens.<wbr \/>britishcouncil.org<\/a><\/div>\n<\/div>\n<div><b>\u00a0<\/b><\/div>\n<div>\n<div><b>CASTELL\u00c0<\/b><\/div>\n<div><\/div>\n<div><b>&#8211; Temari amb exercicis:\u00a0<\/b><span style=\"font-family: arial, sans-serif;\">diverses p\u00e0gines web\u00a0<\/span><span style=\"font-family: arial, sans-serif;\">interessants:<\/span><\/div>\n<div><a href=\"http:\/\/www.apuntesdelengua.com\/blog\/\" target=\"_blank\" rel=\"noopener noreferrer\" data-saferedirecturl=\"https:\/\/www.google.com\/url?q=http:\/\/www.apuntesdelengua.com\/blog\/&amp;source=gmail&amp;ust=1584192193920000&amp;usg=AFQjCNFzPr-RQlUDMEZkjCkXIY9sOOLBgQ\">http:\/\/www.apuntesdelengua.<wbr \/>com\/blog\/<\/a><\/div>\n<div><\/div>\n<div>&#8211;\u00a0<b>Exercicis interactius, recomanacions de llibres<\/b>:<\/div>\n<div><a href=\"https:\/\/ismaelprofedelengua.blogspot.com\/\" target=\"_blank\" rel=\"noopener noreferrer\" data-saferedirecturl=\"https:\/\/www.google.com\/url?q=https:\/\/ismaelprofedelengua.blogspot.com&amp;source=gmail&amp;ust=1584192193920000&amp;usg=AFQjCNG9AQLJWMnxF-8rXqi9QB8hV0lcmQ\">https:\/\/ismaelprofedelengua.<wbr \/>blogspot.com<\/a><\/div>\n<div><\/div>\n<div><b>Bloc amb accentuaci\u00f3, tipus de textos, morfosintaxi&#8230;<\/b>(desplegUeu el men\u00da superior de Lengua).<\/div>\n<div><\/div>\n<div><a href=\"http:\/\/www.xn--antonioviuales-ynb.com\/\" target=\"_blank\" rel=\"noopener noreferrer\" data-saferedirecturl=\"https:\/\/www.google.com\/url?q=http:\/\/www.xn--antonioviuales-ynb.com&amp;source=gmail&amp;ust=1584192193920000&amp;usg=AFQjCNHx1k0XvuTlcW65IG2Up_NAeowDOQ\">http:\/\/www.antoniovi\u00f1uales.com<\/a><\/div>\n<div><b>\u00a0<\/b><\/div>\n<div><b>CATAL\u00c0<\/b><\/div>\n<div><b>\u00a0<\/b><\/div>\n<div><b>Temari<\/b> puntuaci\u00f3, comprensions lectores, derivaci\u00f3, morfosintaxi, etc.<\/div>\n<div><\/div>\n<div><a href=\"http:\/\/www.auladecatala.com\/category\/eso-3\/unitat-0-eso-3\/\" target=\"_blank\" rel=\"noopener noreferrer\" data-saferedirecturl=\"https:\/\/www.google.com\/url?q=http:\/\/www.auladecatala.com\/category\/eso-3\/unitat-0-eso-3\/&amp;source=gmail&amp;ust=1584192193920000&amp;usg=AFQjCNGqH6A8Yfo1wL3BxMnOa_FXPvVyUA\">http:\/\/www.auladecatala.com\/<wbr \/>category\/eso-3\/unitat-0-eso-3\/<\/a><\/div>\n<div><b>\u00a0<\/b><\/div>\n<div><b>Pronoms febles, accentuaci\u00f3, fon\u00e8tica, categories gramaticals&#8230;<\/b>Fixeu-vos en el men\u00fa de l&#8217;esquerra per triar qu\u00e8 fer.<\/div>\n<div><b>\u00a0<\/b><\/div>\n<div><a href=\"http:\/\/enxaneta.info\/activitats\/pronoms-febles\/41\" target=\"_blank\" rel=\"noopener noreferrer\" data-saferedirecturl=\"https:\/\/www.google.com\/url?q=http:\/\/enxaneta.info\/activitats\/pronoms-febles\/41&amp;source=gmail&amp;ust=1584192193920000&amp;usg=AFQjCNEY3d8k12F6pHXPBv0aN2wxq8Anzw\">http:\/\/enxaneta.info\/<wbr \/>activitats\/pronoms-febles\/41<\/a><b><br \/>\n<\/b><\/div>\n<div><\/div>\n<div><a href=\"https:\/\/aplicacions.llengua.gencat.cat\/itineraris-aprenentatge\/index_b.html\" target=\"_blank\" rel=\"noopener noreferrer\" data-saferedirecturl=\"https:\/\/www.google.com\/url?q=https:\/\/aplicacions.llengua.gencat.cat\/itineraris-aprenentatge\/index_b.html&amp;source=gmail&amp;ust=1584192193920000&amp;usg=AFQjCNGSzxzFutrOEIrlaq41O2rB7wRRTw\">Itineraris d&#8217;aprenentatge<\/a><\/div>\n<div><\/div>\n<div><b>Per practicar la morfologia i ortografia<\/b><\/div>\n<div><\/div>\n<div><a href=\"https:\/\/www.termcat.cat\/ca\" target=\"_blank\" rel=\"noopener noreferrer\" data-saferedirecturl=\"https:\/\/www.google.com\/url?q=https:\/\/www.termcat.cat\/ca&amp;source=gmail&amp;ust=1584192193920000&amp;usg=AFQjCNE03W4KOtIxrSCTgDmxkMyYHMIABw\">Termcat<\/a><\/div>\n<div><\/div>\n<div>Lectura (hi ha moltes entrades interessants, sobretot de l&#8217;\u00e0mbit de ci\u00e8ncies, camp en qu\u00e8 apareixen cont\u00ednuament neologismes)<\/div>\n<div><\/div>\n<div><\/div>\n<\/div>\n<div><b>BIOLOGIA I GEOLOGIA<\/b><\/div>\n<div><\/div>\n<div><b>&#8211; TedEd:<\/b>\u00a0\u00a0<a href=\"https:\/\/ed.ted.com\/lessons?content_type=animations&amp;direction=desc&amp;sort=publish-date&amp;user_by_click=student\" target=\"_blank\" rel=\"noopener noreferrer\" data-saferedirecturl=\"https:\/\/www.google.com\/url?q=https:\/\/ed.ted.com\/lessons?content_type%3Danimations%26direction%3Ddesc%26sort%3Dpublish-date%26user_by_click%3Dstudent&amp;source=gmail&amp;ust=1584192193920000&amp;usg=AFQjCNHdzFahKSULbSw6Q9knNryzJDNGVQ\">https:\/\/ed.ted.com\/lessons?<wbr \/>content_type=animations&amp;<wbr \/>direction=desc&amp;sort=publish-<wbr \/>date&amp;user_by_click=student<\/a><\/div>\n<div>podeu activar subt\u00edtols (better in English!).\u00a0 Feu un cop d&#8217;ull als del Coronavirus.<\/div>\n<div><\/div>\n<div>&#8211;\u00a0<b>Bloc Centpeus<\/b>:\u00a0<a href=\"http:\/\/danielclosa.cat\/centpeus\/a-flor-de-pell\/\" target=\"_blank\" rel=\"noopener noreferrer\" data-saferedirecturl=\"https:\/\/www.google.com\/url?q=http:\/\/danielclosa.cat\/centpeus\/a-flor-de-pell\/&amp;source=gmail&amp;ust=1584192193920000&amp;usg=AFQjCNGGob1xG60U3EsVWpn9aO7Kzw_NMQ\">http:\/\/danielclosa.<wbr \/>cat\/centpeus\/a-flor-de-pell\/<\/a><\/div>\n<div><\/div>\n<div>Un bloc del cient\u00edfic i divulgador Daniel Closa, fa entrades interessants sobre temes d&#8217;actualitat, com aquest que us proposo: Sabeu per qu\u00e8 \u00e9s tan important rentar-nos les mans amb sab\u00f3 aquest dies? El Corona est\u00e0 protegit per una membrana lip\u00eddica&#8230;Qu\u00e8 passa quan posem una gota de sab\u00f3 en una paella amb restes d&#8217;oli? I b\u00e9, com \u00e9s doncs que el sab\u00f3 a les nostres c\u00e8l\u00b7lules (que tamb\u00e9 tenen una membrana lip\u00eddica) no els fa res?<\/div>\n<div><\/div>\n<div><b>&#8211; Jocs i tests diversos sobre el temari de 3r ESO\u00a0<\/b><a href=\"http:\/\/recursos.cnice.mec.es\/biosfera\/profesor\/3eso\/1.htm\" target=\"_blank\" rel=\"noopener noreferrer\" data-saferedirecturl=\"https:\/\/www.google.com\/url?q=http:\/\/recursos.cnice.mec.es\/biosfera\/profesor\/3eso\/1.htm&amp;source=gmail&amp;ust=1584192193920000&amp;usg=AFQjCNEU4DNZAvCX-6LrF-obE-HzFZHpCw\">http:\/\/recursos.cnice.mec.<wbr \/>es\/biosfera\/profesor\/3eso\/1.<wbr \/>htm<\/a><\/div>\n<div><\/div>\n<div><b>&#8211; Bloc amb el temar<\/b>i de 3r d&#8217;ESO: <a href=\"https:\/\/blocs.xtec.cat\/naturalsom\/3r-eso\/\" target=\"_blank\" rel=\"noopener noreferrer\" data-saferedirecturl=\"https:\/\/www.google.com\/url?q=https:\/\/blocs.xtec.cat\/naturalsom\/3r-eso\/&amp;source=gmail&amp;ust=1584192193920000&amp;usg=AFQjCNGp2bVTIsyUHuYaakI3is805M44NA\">https:\/\/blocs.xtec.cat\/<wbr \/>naturalsom\/3r-eso\/<\/a><\/div>\n<div><\/div>\n<div>\n<div><b>\u00c8TICA I VALORS<\/b><\/div>\n<div><b>\u00a0<\/b><\/div>\n<div>Propostes de pel\u00b7l\u00edcules que ens fan pensar.<\/div>\n<div><\/div>\n<div><a href=\"http:\/\/www.grupiref.org\/pensar-amb-el-cinema\/cinema-per-secundaria\/cinema-per-secundaria\/segon-cicle-cinema-i-etica-aplicada\/\" target=\"_blank\" rel=\"noopener noreferrer\" data-saferedirecturl=\"https:\/\/www.google.com\/url?q=http:\/\/www.grupiref.org\/pensar-amb-el-cinema\/cinema-per-secundaria\/cinema-per-secundaria\/segon-cicle-cinema-i-etica-aplicada\/&amp;source=gmail&amp;ust=1584192193920000&amp;usg=AFQjCNHc_SKnEp87Nt9NcHjYmF5MbuWq6A\">http:\/\/www.grupiref.org\/<wbr \/>pensar-amb-el-cinema\/cinema-<wbr \/>per-secundaria\/cinema-per-<wbr \/>secundaria\/segon-cicle-cinema-<wbr \/>i-etica-aplicada\/<\/a><\/div>\n<\/div>\n<div><\/div>\n<div><\/div>\n<div>\n<div><b>EDUCACI\u00d3 F\u00cdSICA<\/b><\/div>\n<div><b>\u00a0<\/b><\/div>\n<div><b>Biblioteca digital d&#8217;activitats\u00a0<\/b>\u00a0inclou des de recomanacions d&#8217;higiene postural, normativa i t\u00e8cnica de diferents esports, &#8230; Al men\u00fa lateral podeu seleccionar temes i nivells:<\/div>\n<div><\/div>\n<div><a href=\"https:\/\/clic.xtec.cat\/repo\/index.html?lang=ca&amp;subject=ef\" target=\"_blank\" rel=\"noopener noreferrer\" data-saferedirecturl=\"https:\/\/www.google.com\/url?q=https:\/\/clic.xtec.cat\/repo\/index.html?lang%3Dca%26subject%3Def&amp;source=gmail&amp;ust=1584192193920000&amp;usg=AFQjCNHMjvE-KVDHF4JbU--iBdmwWW6A1Q\">https:\/\/clic.xtec.cat\/repo\/<wbr \/>index.html?lang=ca&amp;subject=ef<\/a><\/div>\n<\/div>\n<div><span style=\"color: #000000; font-family: arial, sans-serif;\"><b>\u00a0<\/b><\/span><\/div>\n<div><b>F\u00cdSICA I QU\u00cdMICA<\/b><\/div>\n<div><span style=\"color: #000000; font-family: arial, sans-serif;\"><b>\u00a0<\/b><\/span><\/div>\n<div><span style=\"color: #000000; font-family: arial, sans-serif;\"><b>&#8211; Temari amb exercicis:\u00a0<\/b>diverses p\u00e0gines web interessants:<\/span><\/div>\n<div><span style=\"color: #000000; font-family: arial, sans-serif;\">\u00a0<\/span><\/div>\n<div><a href=\"http:\/\/recursostic.educacion.es\/secundaria\/edad\/3esofisicaquimica\/\" target=\"_blank\" rel=\"noopener noreferrer\" data-saferedirecturl=\"https:\/\/www.google.com\/url?q=http:\/\/recursostic.educacion.es\/secundaria\/edad\/3esofisicaquimica\/&amp;source=gmail&amp;ust=1584192193920000&amp;usg=AFQjCNHSBVD0901kBVRRvXQIpUzvAPlo5A\">http:\/\/recursostic.educacion.<wbr \/>es\/secundaria\/edad\/<wbr \/>3esofisicaquimica\/<\/a><span style=\"color: #000000; font-family: arial, sans-serif;\"><br \/>\n<\/span><\/div>\n<div><a href=\"http:\/\/blog.educastur.es\/eureka\/otros-cursos\/\" target=\"_blank\" rel=\"noopener noreferrer\" data-saferedirecturl=\"https:\/\/www.google.com\/url?q=http:\/\/blog.educastur.es\/eureka\/otros-cursos\/&amp;source=gmail&amp;ust=1584192193920000&amp;usg=AFQjCNE6klHgrmT3za3Z0LbLod6-BGtNxQ\">http:\/\/blog.educastur.es\/<wbr \/>eureka\/otros-cursos\/<\/a><\/div>\n<div><a href=\"http:\/\/www.quimicaweb.net\/grupo_trabajo_fyq3\/\" target=\"_blank\" rel=\"noopener noreferrer\" data-saferedirecturl=\"https:\/\/www.google.com\/url?q=http:\/\/www.quimicaweb.net\/grupo_trabajo_fyq3\/&amp;source=gmail&amp;ust=1584192193920000&amp;usg=AFQjCNEDJ5I_HVs1LteBIIJfIS10vdpaYQ\">http:\/\/www.quimicaweb.net\/<wbr \/>grupo_trabajo_fyq3\/<\/a><\/div>\n<div><\/div>\n<div>\n<div><b>\u00a0<\/b><\/div>\n<div><b>MATEM\u00c0TIQUES<\/b><\/div>\n<div><b>\u00a0<\/b><\/div>\n<div><b>&#8211; Temari amb exercicis:\u00a0<\/b><span style=\"font-family: arial, sans-serif;\">diverses p\u00e0gines web interessants:<\/span><b><br \/>\n<\/b><\/div>\n<div><span style=\"font-family: arial, sans-serif;\">\u00a0<\/span><\/div>\n<div><a href=\"http:\/\/recursostic.educacion.es\/secundaria\/edad\/3esomatematicas_cat\/index.htm\" target=\"_blank\" rel=\"noopener noreferrer\" data-saferedirecturl=\"https:\/\/www.google.com\/url?q=http:\/\/recursostic.educacion.es\/secundaria\/edad\/3esomatematicas_cat\/index.htm&amp;source=gmail&amp;ust=1584192193920000&amp;usg=AFQjCNFdqTDGmUMQ_EkTWhAhPBiH0j495w\">http:\/\/recursostic.educacion.<wbr \/>es\/secundaria\/edad\/<wbr \/>3esomatematicas_cat\/index.htm<\/a><b><br \/>\n<\/b><\/div>\n<div><\/div>\n<div>&#8211;<b>\u00a0Moodle obert d&#8217;un centre de Badalona<\/b>\u00a0(Badalona VII) amb el temari, exercicis i exercicis resolts:<\/div>\n<div><\/div>\n<div><a href=\"https:\/\/agora.xtec.cat\/iesb7\/moodle\/course\/view.php?id=453\" target=\"_blank\" rel=\"noopener noreferrer\" data-saferedirecturl=\"https:\/\/www.google.com\/url?q=https:\/\/agora.xtec.cat\/iesb7\/moodle\/course\/view.php?id%3D453&amp;source=gmail&amp;ust=1584192193920000&amp;usg=AFQjCNGqm6VEH9Ln8P-vGgvAbgzsRJHGIg\">https:\/\/agora.xtec.cat\/iesb7\/<wbr \/>moodle\/course\/view.php?id=453<\/a><\/div>\n<\/div>\n<div><span style=\"font-family: arial, sans-serif;\"><b>\u00a0<\/b><\/span><\/div>\n<div><span style=\"font-family: arial, sans-serif;\"><b>TECNOLOGIA<\/b><\/span><span style=\"color: #000000; font-family: arial, sans-serif;\"><b><br \/>\n<\/b><\/span><\/div>\n<div><span style=\"font-family: arial, sans-serif;\"><b>\u00a0<\/b><\/span><\/div>\n<div><b>&#8211; Temari amb exercicis:\u00a0<\/b><span style=\"font-family: arial, sans-serif;\">diverses p\u00e0gines web interessants:<\/span><span style=\"font-family: arial, sans-serif;\"><b><br \/>\n<\/b><\/span><\/div>\n<div><span style=\"font-family: arial, sans-serif;\">\u00a0<\/span><\/div>\n<div><a href=\"https:\/\/conteni2.educarex.es\/mats\/121418\/contenido\/\" target=\"_blank\" rel=\"noopener noreferrer\" data-saferedirecturl=\"https:\/\/www.google.com\/url?q=https:\/\/conteni2.educarex.es\/mats\/121418\/contenido\/&amp;source=gmail&amp;ust=1584192193920000&amp;usg=AFQjCNFVVEoKFB0LI0LTvy-MMEP8qZh5gg\">https:\/\/conteni2.educarex.es\/<wbr \/>mats\/121418\/contenido\/<\/a><\/div>\n<div><a href=\"http:\/\/www.aulataller.es\/recursos-tecnologia-ESO.html\" target=\"_blank\" rel=\"noopener noreferrer\" data-saferedirecturl=\"https:\/\/www.google.com\/url?q=http:\/\/www.aulataller.es\/recursos-tecnologia-ESO.html&amp;source=gmail&amp;ust=1584192193920000&amp;usg=AFQjCNFClj-lGEBHwGWyzfjRASjjrqpV_Q\">http:\/\/www.aulataller.es\/<wbr \/>recursos-tecnologia-ESO.html<\/a><\/div>\n<div><a href=\"https:\/\/www.tecnosecundaria.es\/index.php\/tecnologia-eso\" target=\"_blank\" rel=\"noopener noreferrer\" data-saferedirecturl=\"https:\/\/www.google.com\/url?q=https:\/\/www.tecnosecundaria.es\/index.php\/tecnologia-eso&amp;source=gmail&amp;ust=1584192193920000&amp;usg=AFQjCNFFQd6KrHsIOT0t2rWvshGNc5mErg\">https:\/\/www.tecnosecundaria.<wbr \/>es\/index.php\/tecnologia-eso<\/a><\/div>\n<div><\/div>\n<div>\n<div><b>SOCIALS<\/b><\/div>\n<div><\/div>\n<div>Geografia<\/div>\n<div><a href=\"https:\/\/blocs.xtec.cat\/geografia\/?_ga=2.187008940.588217893.1584095294-1259594852.1579449173\" target=\"_blank\" rel=\"noopener noreferrer\" data-saferedirecturl=\"https:\/\/www.google.com\/url?q=https:\/\/blocs.xtec.cat\/geografia\/?_ga%3D2.187008940.588217893.1584095294-1259594852.1579449173&amp;source=gmail&amp;ust=1584192193913000&amp;usg=AFQjCNHd7KpB4t396eP95J3Ko_2ppkATWg\">https:\/\/blocs.xtec.cat\/<wbr \/>geografia\/?_ga=2.187008940.<wbr \/>588217893.1584095294-<wbr \/>1259594852.1579449173<\/a><\/div>\n<div><\/div>\n<div>Hist\u00f2ria<\/div>\n<div><a href=\"http:\/\/xtec.gencat.cat\/ca\/recursos\/socials\/historia\/\" target=\"_blank\" rel=\"noopener noreferrer\" data-saferedirecturl=\"https:\/\/www.google.com\/url?q=http:\/\/xtec.gencat.cat\/ca\/recursos\/socials\/historia\/&amp;source=gmail&amp;ust=1584192193913000&amp;usg=AFQjCNH25GoA8Z4zy6IUXi-K8uoOZ1-Jxw\">http:\/\/xtec.gencat.cat\/ca\/<wbr \/>recursos\/socials\/historia\/<\/a><\/div>\n<\/div>\n<div><\/div>\n<div><a href=\"https:\/\/docs.google.com\/forms\/d\/e\/1FAIpQLScms89eQWqWWYcEzdoJihtyBovIINIOH-PeXoLGWJIwLVuDow\/viewform\"><img loading=\"lazy\" decoding=\"async\" class=\"aligncenter size-full wp-image-4653\" src=\"https:\/\/agora.xtec.cat\/inselstresturons\/wp-content\/uploads\/usu1101\/2020\/05\/Estudiar-a-Catalunya.jpg\" alt=\"\" width=\"370\" height=\"126\" srcset=\"https:\/\/agora.xtec.cat\/inselstresturons\/wp-content\/uploads\/usu1101\/2020\/05\/Estudiar-a-Catalunya.jpg 370w, https:\/\/agora.xtec.cat\/inselstresturons\/wp-content\/uploads\/usu1101\/2020\/05\/Estudiar-a-Catalunya-300x102.jpg 300w\" sizes=\"auto, (max-width: 370px) 100vw, 370px\" \/><\/a><\/div>\n","protected":false},"excerpt":{"rendered":"<p>A continuaci\u00f3 presentem tot un seguit d&#8217;enlla\u00e7os \u00fatils per treballar contingut diversos de moltes mat\u00e8ries.<br \/>\nGENERAL<br \/>\n<a href=\"http:\/\/edu365.cat\/\" target=\"_blank\" rel=\"noopener noreferrer\" data-saferedirecturl=\"https:\/\/www.google.com\/url?q=http:\/\/edu365.cat&amp;source=gmail&amp;ust=1584192197320000&amp;usg=AFQjCNG_4SzLFprrlNvyMXu6wOIs0waF_w\">edu365.cat<\/a><\/p>\n<p>ANGL\u00c8S<br \/>\n\u00a0<br \/>\nN&#8217;hi ha infinitat, per\u00f2 aquesta \u00e9s un bon referent general:<\/p>\n<p>Web del British Council\u00a0on podeu trobar Listenings, exercicis de Vocabulary, Readings, Grammar (remeneu els men\u00fas superiors)<\/p>\n<p><a href=\"http:\/\/learnenglishteens.britishcouncil.org\/\"&hellip;  <a href=\"https:\/\/agora.xtec.cat\/inselstresturons\/horari\/\" title=\"Read Recursos en l\u00ednia\">Llegeix m\u00e9s\u00bb<\/a><\/p>\n","protected":false},"author":1,"featured_media":0,"parent":0,"menu_order":0,"comment_status":"closed","ping_status":"closed","template":"","meta":{"_bbp_topic_count":0,"_bbp_reply_count":0,"_bbp_total_topic_count":0,"_bbp_total_reply_count":0,"_bbp_voice_count":0,"_bbp_anonymous_reply_count":0,"_bbp_topic_count_hidden":0,"_bbp_reply_count_hidden":0,"_bbp_forum_subforum_count":0,"footnotes":""},"class_list":["post-493","page","type-page","status-publish","hentry"],"post_mailing_queue_ids":[],"_links":{"self":[{"href":"https:\/\/agora.xtec.cat\/inselstresturons\/wp-json\/wp\/v2\/pages\/493","targetHints":{"allow":["GET"]}}],"collection":[{"href":"https:\/\/agora.xtec.cat\/inselstresturons\/wp-json\/wp\/v2\/pages"}],"about":[{"href":"https:\/\/agora.xtec.cat\/inselstresturons\/wp-json\/wp\/v2\/types\/page"}],"author":[{"embeddable":true,"href":"https:\/\/agora.xtec.cat\/inselstresturons\/wp-json\/wp\/v2\/users\/1"}],"replies":[{"embeddable":true,"href":"https:\/\/agora.xtec.cat\/inselstresturons\/wp-json\/wp\/v2\/comments?post=493"}],"version-history":[{"count":4,"href":"https:\/\/agora.xtec.cat\/inselstresturons\/wp-json\/wp\/v2\/pages\/493\/revisions"}],"predecessor-version":[{"id":4686,"href":"https:\/\/agora.xtec.cat\/inselstresturons\/wp-json\/wp\/v2\/pages\/493\/revisions\/4686"}],"wp:attachment":[{"href":"https:\/\/agora.xtec.cat\/inselstresturons\/wp-json\/wp\/v2\/media?parent=493"}],"curies":[{"name":"wp","href":"https:\/\/api.w.org\/{rel}","templated":true}]}}