{"id":480,"date":"2016-04-12T10:10:39","date_gmt":"2016-04-12T09:10:39","guid":{"rendered":"http:\/\/agora.xtec.cat\/inselstresturons\/?page_id=480"},"modified":"2024-10-08T20:52:13","modified_gmt":"2024-10-08T18:52:13","slug":"frances","status":"publish","type":"page","link":"https:\/\/agora.xtec.cat\/inselstresturons\/projecte-educatiu\/frances\/","title":{"rendered":"Franc\u00e8s"},"content":{"rendered":"<p>Els Tres Turons aposta pel franc\u00e8s com a segona llengua estrangera. Es cursa a 1r d&#8217;ESO durant un trimestre, com a <em>Introducci\u00f3 al franc\u00e8s<\/em>, per tal que els alumnes en puguin fer un tastet i veure si volen cursar aquesta mat\u00e8ria a 2n i 3r d&#8217;ESO de forma continuada i anual. A 4t d&#8217;ESO i 1r de batxillerat poden optar per seguir fent la mat\u00e8ria i presentar-se a les proves DELF, que corresponen als nivells A2 i B1 de capacitaci\u00f3 en llengua francesa.<\/p>\n<p>Si les circumst\u00e0ncies ho permeten, tots els cursos realitzen sortides a Fran\u00e7a per tal de practicar l&#8217;idioma <em>in situ<\/em> i de con\u00e8ixer una mica m\u00e9s la cultura que l&#8217;envolta.<\/p>\n<p>Us presentem la nova etapa de la llengua francesa a l&#8217;Institut. La metodologia d&#8217;aquesta llengua es basa en una pedagogia actual on el joc, les noves tecnologies i la potenciaci\u00f3 de l&#8217;<em>oralit\u00e9<\/em> \u00e9s fonamental. Aquesta forma d&#8217;aprendre \u00e9s molt similar a com s&#8217;apr\u00e8n en una escola d&#8217;idiomes on la llengua \u00e9s una eina de comunicaci\u00f3 real quan anem al pa\u00eds.<\/p>\n<p>L&#8217;alumne \u00e9s el principal protagonista d&#8217;aquesta mat\u00e8ria i intentem que a m\u00e9s de aprendre, gaudeixi i s&#8217;estimi la llengua i la cultura. Al llarg, del curs fem diverses activitats amb aquesta finalitat i celebrem la majoria de les festes tradicionals franceses tal i com ho faria un alumne franc\u00e8s de la seva edat. A m\u00e9s, fem que certes activitats siguin entre tots els nivells que fan franc\u00e8s, per afavorir i cohesionar la relaci\u00f3 entre grups.<\/p>\n<p>La nostra finalitat \u00faltima, \u00e9s que l&#8217;alumne pugui acreditar la llengua a trav\u00e9s del diploma DELF. Recordem que el diploma \u00e9s v\u00e0lid per tota la vida i l&#8217;emet el Departament d&#8217;Educaci\u00f3 franc\u00e8s. \u00c9s en aquesta col\u00b7laboraci\u00f3 que el departament d&#8217;Educaci\u00f3 de la Generalitat de Catalunya impulsa aquest projecte rebaixant els drets d&#8217;examen un 30%. Des del nostre centre, hem presentat m\u00e9s de 50 alumnes, tots amb molt bon resultats.<\/p>\n<p>Hist\u00f2ricament, sempre hem realitzem sortides perqu\u00e8 l&#8217;alumne pugui posar en pr\u00e0ctica all\u00f2 apr\u00e9s. La pand\u00e8mia ha fet modificar molt dels nostres h\u00e0bits. Esperem que aquest any puguem reprendre els bons costums!<\/p>\n<p>Us animem a seguir les not\u00edcies de franc\u00e8s al nostre canal!<\/p>\n<p>\u00c0+!<\/p>\n<p>&nbsp;<\/p>\n","protected":false},"excerpt":{"rendered":"<p>Els Tres Turons aposta pel franc\u00e8s com a segona llengua estrangera. Es cursa a 1r d&#8217;ESO durant un trimestre, com a Introducci\u00f3 al franc\u00e8s, per tal que els alumnes en puguin fer un tastet i veure si volen cursar aquesta mat\u00e8ria a 2n i 3r&hellip;  <a href=\"https:\/\/agora.xtec.cat\/inselstresturons\/projecte-educatiu\/frances\/\" title=\"Read Franc\u00e8s\">Llegeix m\u00e9s\u00bb<\/a><\/p>\n","protected":false},"author":1,"featured_media":0,"parent":57,"menu_order":3,"comment_status":"closed","ping_status":"closed","template":"page-templates\/side-menu.php","meta":{"_bbp_topic_count":0,"_bbp_reply_count":0,"_bbp_total_topic_count":0,"_bbp_total_reply_count":0,"_bbp_voice_count":0,"_bbp_anonymous_reply_count":0,"_bbp_topic_count_hidden":0,"_bbp_reply_count_hidden":0,"_bbp_forum_subforum_count":0,"footnotes":""},"class_list":["post-480","page","type-page","status-publish","hentry"],"post_mailing_queue_ids":[],"_links":{"self":[{"href":"https:\/\/agora.xtec.cat\/inselstresturons\/wp-json\/wp\/v2\/pages\/480","targetHints":{"allow":["GET"]}}],"collection":[{"href":"https:\/\/agora.xtec.cat\/inselstresturons\/wp-json\/wp\/v2\/pages"}],"about":[{"href":"https:\/\/agora.xtec.cat\/inselstresturons\/wp-json\/wp\/v2\/types\/page"}],"author":[{"embeddable":true,"href":"https:\/\/agora.xtec.cat\/inselstresturons\/wp-json\/wp\/v2\/users\/1"}],"replies":[{"embeddable":true,"href":"https:\/\/agora.xtec.cat\/inselstresturons\/wp-json\/wp\/v2\/comments?post=480"}],"version-history":[{"count":5,"href":"https:\/\/agora.xtec.cat\/inselstresturons\/wp-json\/wp\/v2\/pages\/480\/revisions"}],"predecessor-version":[{"id":10134,"href":"https:\/\/agora.xtec.cat\/inselstresturons\/wp-json\/wp\/v2\/pages\/480\/revisions\/10134"}],"up":[{"embeddable":true,"href":"https:\/\/agora.xtec.cat\/inselstresturons\/wp-json\/wp\/v2\/pages\/57"}],"wp:attachment":[{"href":"https:\/\/agora.xtec.cat\/inselstresturons\/wp-json\/wp\/v2\/media?parent=480"}],"curies":[{"name":"wp","href":"https:\/\/api.w.org\/{rel}","templated":true}]}}