{"id":1609,"date":"2017-03-25T09:34:19","date_gmt":"2017-03-25T08:34:19","guid":{"rendered":"http:\/\/agora.xtec.cat\/inselstresturons\/?page_id=1609"},"modified":"2022-05-23T16:42:50","modified_gmt":"2022-05-23T14:42:50","slug":"aula-acollida","status":"publish","type":"page","link":"https:\/\/agora.xtec.cat\/inselstresturons\/aula-acollida\/","title":{"rendered":"COVID 19"},"content":{"rendered":"<p><span style=\"color: #000000;\">Informacions<\/span><\/p>\n<ul>\n<li><a href=\"https:\/\/agora.xtec.cat\/inselstresturons\/wp-content\/uploads\/usu1101\/2022\/05\/mesures-covid-finals-de-curs.pdf\">Mesures de final de curs 2021-2022 <\/a>(20 de maig de 2022)<\/li>\n<li><a href=\"https:\/\/agora.xtec.cat\/inselstresturons\/wp-content\/uploads\/usu1101\/2022\/02\/carta-B-ESO-IMMJUNITZATS.pdf\">ESO: alumnat immunitzat<\/a><\/li>\n<li><a href=\"https:\/\/agora.xtec.cat\/inselstresturons\/wp-content\/uploads\/usu1101\/2022\/02\/carta-A-ESO-NO-IMMUNITZATS.pdf\">ESO: alumnat no immunitzat<\/a><\/li>\n<li><a href=\"https:\/\/agora.xtec.cat\/inselstresturons\/wp-content\/uploads\/usu1101\/2022\/02\/carta-B-postobligatorispdf.pdf\">Estudis postobligatoris: alumnat immunitzat<\/a><\/li>\n<li><a href=\"https:\/\/agora.xtec.cat\/inselstresturons\/wp-content\/uploads\/usu1101\/2022\/02\/carta-A-post.-NO-IMMUNITZATS.pdf\">Estudis postobligatoris: alumnat no immunitzat<\/a><\/li>\n<li><a style=\"font-family: inherit; font-size: 1em;\" href=\"https:\/\/agora.xtec.cat\/inselstresturons\/wp-content\/uploads\/usu1101\/2022\/01\/resum-protocol-gestio-casos-centres-educatius-2ntrim-2021-2022.pdf\">Protocol de gesti\u00f3 de casos i contactes en centres educatius<\/a><span style=\"font-family: inherit; font-size: 1em;\"> (gener de 2022). Departament de Salut<\/span><\/li>\n<li>Protocol de gesti\u00f3 de la informaci\u00f3 de l&#8217;institut a les fam\u00edlies:<\/li>\n<\/ul>\n<p>&nbsp;<\/p>\n<p><img loading=\"lazy\" decoding=\"async\" class=\"aligncenter wp-image-6945\" src=\"https:\/\/agora.xtec.cat\/inselstresturons\/wp-content\/uploads\/usu1101\/2021\/12\/protocol.jpg\" alt=\"\" width=\"613\" height=\"837\" srcset=\"https:\/\/agora.xtec.cat\/inselstresturons\/wp-content\/uploads\/usu1101\/2021\/12\/protocol.jpg 800w, https:\/\/agora.xtec.cat\/inselstresturons\/wp-content\/uploads\/usu1101\/2021\/12\/protocol-220x300.jpg 220w, https:\/\/agora.xtec.cat\/inselstresturons\/wp-content\/uploads\/usu1101\/2021\/12\/protocol-751x1024.jpg 751w, https:\/\/agora.xtec.cat\/inselstresturons\/wp-content\/uploads\/usu1101\/2021\/12\/protocol-768x1047.jpg 768w\" sizes=\"auto, (max-width: 613px) 100vw, 613px\" \/><\/p>\n<p>&nbsp;<\/p>\n<p>Aqu\u00ed trobareu informaci\u00f3 sobre el procediment a seguir en determinades situacions:<\/p>\n<ul>\n<li><a href=\"https:\/\/agora.xtec.cat\/inselstresturons\/wp-content\/uploads\/usu1101\/2020\/09\/consells-aillament-domiciliari1-1.pdf\">A\u00efllament domiciliari per a casos positius<\/a><\/li>\n<li><a href=\"https:\/\/agora.xtec.cat\/inselstresturons\/wp-content\/uploads\/usu1101\/2020\/09\/aillament-preventiu-contactes-estrets-sospita.pdf\">A\u00efllament preventiu per als casos sospitosos abans de tenir resultats de la PCR<\/a><\/li>\n<li><a href=\"https:\/\/agora.xtec.cat\/inselstresturons\/wp-content\/uploads\/usu1101\/2020\/09\/consells-aillament-domiciliari-infografia-1.pdf\">Consells per a persones que estan en a\u00efllament domiciliari<\/a><\/li>\n<li><a href=\"https:\/\/agora.xtec.cat\/inselstresturons\/wp-content\/uploads\/usu1101\/2020\/09\/AILLAMENT.pdf\">Tallem la cadena de transmissi\u00f3: detecci\u00f3 preco\u00e7 de casos i seguiment dels contactes estrets<\/a><\/li>\n<\/ul>\n<p>En aquest enlla\u00e7 podeu consultar la situaci\u00f3 dels centres educatius a Catalunya, aix\u00ed com la situaci\u00f3 de l\u2019alumnat, personal docent, personal d\u2019administraci\u00f3 i serveis (PAS), personal d\u2019atenci\u00f3 educativa (PAE) i personal extern, per comarques i municipis:<\/p>\n<p><a href=\"https:\/\/tracacovid.akamaized.net\/index.html#\/\"><em>Dades\u00a0<\/em><\/a><a href=\"https:\/\/tracacovid.akamaized.net\/index.html#\/\"><em>sobre la covid-19<\/em><\/a><\/p>\n<hr \/>\n<p>Consulteu el nostre\u00a0<a href=\"https:\/\/agora.xtec.cat\/inselstresturons\/wp-content\/uploads\/usu1101\/2021\/09\/2021_09_08_Pla-Organitzacio-1.pdf\">PLA D&#8217;ORGANITZACI\u00d3 DE CENTRE<\/a>\u00a0(actualitzaci\u00f3 8 de setembre de 2021)<\/p>\n<p style=\"font-family: 'Helvetica Neue', Helvetica, Helvetica, Arial, sans-serif; font-size: 16px;\">Per poder fer una bona gesti\u00f3 davant de possibles casos de COVID-19, totes les fam\u00edlies del centre han d\u2019haver firmat aquests dos documents:<\/p>\n<ul style=\"font-size: 16px; font-family: 'Helvetica Neue', Helvetica, Helvetica, Arial, sans-serif;\">\n<li><a href=\"https:\/\/agora.xtec.cat\/inselstresturons\/wp-content\/uploads\/usu1101\/2020\/09\/Declaraci%C3%B3-responsable-ACTUALITAZADA-1.pdf\">Declaraci\u00f3 responsable<\/a><\/li>\n<li><a href=\"https:\/\/agora.xtec.cat\/inselstresturons\/wp-content\/uploads\/usu1101\/2020\/09\/Autoritzacions-Fami%C4%9Blies_Inici-Curs_v7.pdf\">Autoritzaci\u00f3 per al procediment de gesti\u00f3 de casos i contactes de la COVID-19 als centres educatius<\/a><\/li>\n<\/ul>\n","protected":false},"excerpt":{"rendered":"<p>Informacions<\/p>\n<ul>\n<li><a href=\"https:\/\/agora.xtec.cat\/inselstresturons\/wp-content\/uploads\/usu1101\/2022\/05\/mesures-covid-finals-de-curs.pdf\">Mesures de final de curs 2021-2022 <\/a>(20 de maig de 2022)<\/li>\n<li><a href=\"https:\/\/agora.xtec.cat\/inselstresturons\/wp-content\/uploads\/usu1101\/2022\/02\/carta-B-ESO-IMMJUNITZATS.pdf\">ESO: alumnat immunitzat<\/a><\/li>\n<li><a href=\"https:\/\/agora.xtec.cat\/inselstresturons\/wp-content\/uploads\/usu1101\/2022\/02\/carta-A-ESO-NO-IMMUNITZATS.pdf\">ESO: alumnat no immunitzat<\/a><\/li>\n<li><a href=\"https:\/\/agora.xtec.cat\/inselstresturons\/wp-content\/uploads\/usu1101\/2022\/02\/carta-B-postobligatorispdf.pdf\">Estudis postobligatoris: alumnat immunitzat<\/a><\/li>\n<li><a href=\"https:\/\/agora.xtec.cat\/inselstresturons\/wp-content\/uploads\/usu1101\/2022\/02\/carta-A-post.-NO-IMMUNITZATS.pdf\">Estudis postobligatoris: alumnat no immunitzat<\/a><\/li>\n<li><a style=\"font-family: inherit; font-size: 1em;\" href=\"https:\/\/agora.xtec.cat\/inselstresturons\/wp-content\/uploads\/usu1101\/2022\/01\/resum-protocol-gestio-casos-centres-educatius-2ntrim-2021-2022.pdf\">Protocol de gesti\u00f3 de casos i contactes en centres educatius<\/a> (gener de 2022).&hellip;  <a href=\"https:\/\/agora.xtec.cat\/inselstresturons\/aula-acollida\/\" title=\"Read COVID 19\">Llegeix m\u00e9s\u00bb<\/a><br \/>\n","protected":false},"author":1,"featured_media":0,"parent":0,"menu_order":9,"comment_status":"closed","ping_status":"closed","template":"page-templates\/side-menu.php","meta":{"_bbp_topic_count":0,"_bbp_reply_count":0,"_bbp_total_topic_count":0,"_bbp_total_reply_count":0,"_bbp_voice_count":0,"_bbp_anonymous_reply_count":0,"_bbp_topic_count_hidden":0,"_bbp_reply_count_hidden":0,"_bbp_forum_subforum_count":0,"footnotes":""},"class_list":["post-1609","page","type-page","status-publish","hentry"],"post_mailing_queue_ids":[],"_links":{"self":[{"href":"https:\/\/agora.xtec.cat\/inselstresturons\/wp-json\/wp\/v2\/pages\/1609","targetHints":{"allow":["GET"]}}],"collection":[{"href":"https:\/\/agora.xtec.cat\/inselstresturons\/wp-json\/wp\/v2\/pages"}],"about":[{"href":"https:\/\/agora.xtec.cat\/inselstresturons\/wp-json\/wp\/v2\/types\/page"}],"author":[{"embeddable":true,"href":"https:\/\/agora.xtec.cat\/inselstresturons\/wp-json\/wp\/v2\/users\/1"}],"replies":[{"embeddable":true,"href":"https:\/\/agora.xtec.cat\/inselstresturons\/wp-json\/wp\/v2\/comments?post=1609"}],"version-history":[{"count":4,"href":"https:\/\/agora.xtec.cat\/inselstresturons\/wp-json\/wp\/v2\/pages\/1609\/revisions"}],"predecessor-version":[{"id":7714,"href":"https:\/\/agora.xtec.cat\/inselstresturons\/wp-json\/wp\/v2\/pages\/1609\/revisions\/7714"}],"wp:attachment":[{"href":"https:\/\/agora.xtec.cat\/inselstresturons\/wp-json\/wp\/v2\/media?parent=1609"}],"curies":[{"name":"wp","href":"https:\/\/api.w.org\/{rel}","templated":true}]}}