{"id":10168,"date":"2024-02-15T17:27:50","date_gmt":"2024-02-15T16:27:50","guid":{"rendered":"https:\/\/agora.xtec.cat\/inselstresturons\/?page_id=10168"},"modified":"2024-10-08T20:55:00","modified_gmt":"2024-10-08T18:55:00","slug":"poesia-dibuixada","status":"publish","type":"page","link":"https:\/\/agora.xtec.cat\/inselstresturons\/projecte-educatiu\/projecte-de-recerca\/poesia-dibuixada\/","title":{"rendered":"Poesia dibuixada"},"content":{"rendered":"<p>Es tracta d&#8217;un projecte de 1r d&#8217;ESO, iniciat el 2021-2022 i amb continu\u00eftat, que incorpora destreses de llengua catalana, expressi\u00f3 art\u00edstica i digitalitzaci\u00f3, en el qual l&#8217;alumnat treballa la poesia, la lectura, el dibuix i l&#8217;edici\u00f3 digital per crear uns v\u00eddeos que inclouen l&#8217;art de la paraula, la il\u00b7lustraci\u00f3 i la m\u00fasica. \u00c9s la poesia dibuixada.<\/p>\n<p>Podeu veure l&#8217;explicaci\u00f3 del proc\u00e9s, el <em>making of<\/em> i el resultat en aquesta <a href=\"https:\/\/sites.google.com\/elstresturons.cat\/poesiadibuixada\/\">p\u00e0gina web<\/a>:<\/p>\n<p><a href=\"https:\/\/sites.google.com\/elstresturons.cat\/poesiadibuixada\/\"><img loading=\"lazy\" decoding=\"async\" class=\"aligncenter size-full wp-image-10177\" src=\"https:\/\/agora.xtec.cat\/inselstresturons\/wp-content\/uploads\/usu1101\/2024\/02\/poesia-dibuixada.jpg\" alt=\"\" width=\"1059\" height=\"860\" srcset=\"https:\/\/agora.xtec.cat\/inselstresturons\/wp-content\/uploads\/usu1101\/2024\/02\/poesia-dibuixada.jpg 1059w, https:\/\/agora.xtec.cat\/inselstresturons\/wp-content\/uploads\/usu1101\/2024\/02\/poesia-dibuixada-300x244.jpg 300w, https:\/\/agora.xtec.cat\/inselstresturons\/wp-content\/uploads\/usu1101\/2024\/02\/poesia-dibuixada-1024x832.jpg 1024w, https:\/\/agora.xtec.cat\/inselstresturons\/wp-content\/uploads\/usu1101\/2024\/02\/poesia-dibuixada-768x624.jpg 768w\" sizes=\"auto, (max-width: 1059px) 100vw, 1059px\" \/><\/a><\/p>\n","protected":false},"excerpt":{"rendered":"<p>Es tracta d&#8217;un projecte de 1r d&#8217;ESO, iniciat el 2021-2022 i amb continu\u00eftat, que incorpora destreses de llengua catalana, expressi\u00f3 art\u00edstica i digitalitzaci\u00f3, en el qual l&#8217;alumnat treballa la poesia, la lectura, el dibuix i l&#8217;edici\u00f3 digital per crear uns v\u00eddeos que inclouen l&#8217;art de&hellip;  <a href=\"https:\/\/agora.xtec.cat\/inselstresturons\/projecte-educatiu\/projecte-de-recerca\/poesia-dibuixada\/\" title=\"Read Poesia dibuixada\">Llegeix m\u00e9s\u00bb<\/a><\/p>\n","protected":false},"author":1,"featured_media":0,"parent":6517,"menu_order":2,"comment_status":"closed","ping_status":"closed","template":"page-templates\/side-menu.php","meta":{"_bbp_topic_count":0,"_bbp_reply_count":0,"_bbp_total_topic_count":0,"_bbp_total_reply_count":0,"_bbp_voice_count":0,"_bbp_anonymous_reply_count":0,"_bbp_topic_count_hidden":0,"_bbp_reply_count_hidden":0,"_bbp_forum_subforum_count":0,"footnotes":""},"class_list":["post-10168","page","type-page","status-publish","hentry"],"post_mailing_queue_ids":[],"_links":{"self":[{"href":"https:\/\/agora.xtec.cat\/inselstresturons\/wp-json\/wp\/v2\/pages\/10168","targetHints":{"allow":["GET"]}}],"collection":[{"href":"https:\/\/agora.xtec.cat\/inselstresturons\/wp-json\/wp\/v2\/pages"}],"about":[{"href":"https:\/\/agora.xtec.cat\/inselstresturons\/wp-json\/wp\/v2\/types\/page"}],"author":[{"embeddable":true,"href":"https:\/\/agora.xtec.cat\/inselstresturons\/wp-json\/wp\/v2\/users\/1"}],"replies":[{"embeddable":true,"href":"https:\/\/agora.xtec.cat\/inselstresturons\/wp-json\/wp\/v2\/comments?post=10168"}],"version-history":[{"count":5,"href":"https:\/\/agora.xtec.cat\/inselstresturons\/wp-json\/wp\/v2\/pages\/10168\/revisions"}],"predecessor-version":[{"id":10180,"href":"https:\/\/agora.xtec.cat\/inselstresturons\/wp-json\/wp\/v2\/pages\/10168\/revisions\/10180"}],"up":[{"embeddable":true,"href":"https:\/\/agora.xtec.cat\/inselstresturons\/wp-json\/wp\/v2\/pages\/6517"}],"wp:attachment":[{"href":"https:\/\/agora.xtec.cat\/inselstresturons\/wp-json\/wp\/v2\/media?parent=10168"}],"curies":[{"name":"wp","href":"https:\/\/api.w.org\/{rel}","templated":true}]}}