{"id":43,"date":"2014-09-17T16:45:07","date_gmt":"2014-09-17T14:45:07","guid":{"rendered":"http:\/\/agora.xtec.cat\/inselcairat\/\/?page_id=43"},"modified":"2025-10-31T13:36:00","modified_gmt":"2025-10-31T12:36:00","slug":"consell-escolar","status":"publish","type":"page","link":"https:\/\/agora.xtec.cat\/inselcairat\/linstitut\/consell-escolar\/","title":{"rendered":"Consell escolar"},"content":{"rendered":"\n<figure class=\"wp-block-table\"><table class=\"has-fixed-layout\"><tbody><tr><td><strong><em>Nom<\/em><\/strong><\/td><td><strong><em>Sector representat<\/em><\/strong><\/td><\/tr><tr><td>Laura Ayuso P\u00e9rez<\/td><td>Direcci\u00f3<\/td><\/tr><tr><td>N\u00faria Pascual Calvo<\/td><td>Cap d\u2019estudis<\/td><\/tr><tr><td>Jessica Trivi\u00f1o Montero<\/td><td>Secretaria<\/td><\/tr><tr><td>Joan N\u00fa\u00f1ez Jofre<\/td><td>Ajuntament<\/td><\/tr><tr><td>\u00d2scar Badia Camps<\/td><td>Professorat<\/td><\/tr><tr><td>Sagrari Fern\u00e1ndez Ca\u00f1abate<\/td><td>Professorat<\/td><\/tr><tr><td>Marta Giner Sagarra<\/td><td>Professorat<\/td><\/tr><tr><td>Ferran Martin Gonz\u00e1lez<\/td><td>Professorat<\/td><\/tr><tr><td>Arantzazu Ruano G\u00f3mez<\/td><td>Professorat<\/td><\/tr><tr><td>Susana Sandoval Mart\u00ednez<\/td><td>Professorat<\/td><\/tr><tr><td>Daniela Cambero L\u00f3pez<\/td><td>Alumnat<\/td><\/tr><tr><td>Adri\u00e0 Ja\u00e9n Prieto<\/td><td>Alumnat<\/td><\/tr><tr><td>Oleguer Matas Vaquero<\/td><td>Alumnat<\/td><\/tr><tr><td>Estella Carmona Esteban<\/td><td>Fam\u00edlies<\/td><\/tr><tr><td>Inma L\u00f3pez Soler<\/td><td>Fam\u00edlies<\/td><\/tr><tr><td>Raquel Molina Ant\u00f3n<\/td><td>Fam\u00edlies<\/td><\/tr><tr><td>Sara Vidal Puig<\/td><td>AMPA<\/td><\/tr><tr><td>Cristina Bonfill Rocabert<\/td><td>PAS<\/td><\/tr><\/tbody><\/table><\/figure>\n","protected":false},"excerpt":{"rendered":"<p>Nom Sector representat Laura Ayuso P\u00e9rez Direcci\u00f3 N\u00faria Pascual Calvo Cap d\u2019estudis Jessica Trivi\u00f1o Montero Secretaria Joan N\u00fa\u00f1ez Jofre Ajuntament \u00d2scar Badia Camps Professorat Sagrari Fern\u00e1ndez Ca\u00f1abate Professorat Marta Giner Sagarra Professorat Ferran Martin Gonz\u00e1lez Professorat Arantzazu Ruano G\u00f3mez Professorat Susana Sandoval Mart\u00ednez Professorat Daniela Cambero L\u00f3pez Alumnat Adri\u00e0 Ja\u00e9n Prieto Alumnat Oleguer Matas Vaquero [&hellip;]<\/p>\n","protected":false},"author":1,"featured_media":0,"parent":19,"menu_order":7,"comment_status":"closed","ping_status":"closed","template":"","meta":{"_bbp_topic_count":0,"_bbp_reply_count":0,"_bbp_total_topic_count":0,"_bbp_total_reply_count":0,"_bbp_voice_count":0,"_bbp_anonymous_reply_count":0,"_bbp_topic_count_hidden":0,"_bbp_reply_count_hidden":0,"_bbp_forum_subforum_count":0,"site-sidebar-layout":"default","site-content-layout":"","ast-site-content-layout":"default","site-content-style":"default","site-sidebar-style":"default","ast-global-header-display":"","ast-banner-title-visibility":"","ast-main-header-display":"","ast-hfb-above-header-display":"","ast-hfb-below-header-display":"","ast-hfb-mobile-header-display":"","site-post-title":"","ast-breadcrumbs-content":"","ast-featured-img":"","footer-sml-layout":"","theme-transparent-header-meta":"","adv-header-id-meta":"","stick-header-meta":"","header-above-stick-meta":"","header-main-stick-meta":"","header-below-stick-meta":"","astra-migrate-meta-layouts":"set","ast-page-background-enabled":"default","ast-page-background-meta":{"desktop":{"background-color":"var(--ast-global-color-4)","background-image":"","background-repeat":"repeat","background-position":"center center","background-size":"auto","background-attachment":"scroll","background-type":"","background-media":"","overlay-type":"","overlay-color":"","overlay-opacity":"","overlay-gradient":""},"tablet":{"background-color":"","background-image":"","background-repeat":"repeat","background-position":"center center","background-size":"auto","background-attachment":"scroll","background-type":"","background-media":"","overlay-type":"","overlay-color":"","overlay-opacity":"","overlay-gradient":""},"mobile":{"background-color":"","background-image":"","background-repeat":"repeat","background-position":"center center","background-size":"auto","background-attachment":"scroll","background-type":"","background-media":"","overlay-type":"","overlay-color":"","overlay-opacity":"","overlay-gradient":""}},"ast-content-background-meta":{"desktop":{"background-color":"var(--ast-global-color-5)","background-image":"","background-repeat":"repeat","background-position":"center center","background-size":"auto","background-attachment":"scroll","background-type":"","background-media":"","overlay-type":"","overlay-color":"","overlay-opacity":"","overlay-gradient":""},"tablet":{"background-color":"var(--ast-global-color-5)","background-image":"","background-repeat":"repeat","background-position":"center center","background-size":"auto","background-attachment":"scroll","background-type":"","background-media":"","overlay-type":"","overlay-color":"","overlay-opacity":"","overlay-gradient":""},"mobile":{"background-color":"var(--ast-global-color-5)","background-image":"","background-repeat":"repeat","background-position":"center center","background-size":"auto","background-attachment":"scroll","background-type":"","background-media":"","overlay-type":"","overlay-color":"","overlay-opacity":"","overlay-gradient":""}},"footnotes":""},"class_list":["post-43","page","type-page","status-publish","hentry"],"post_mailing_queue_ids":[],"_links":{"self":[{"href":"https:\/\/agora.xtec.cat\/inselcairat\/wp-json\/wp\/v2\/pages\/43","targetHints":{"allow":["GET"]}}],"collection":[{"href":"https:\/\/agora.xtec.cat\/inselcairat\/wp-json\/wp\/v2\/pages"}],"about":[{"href":"https:\/\/agora.xtec.cat\/inselcairat\/wp-json\/wp\/v2\/types\/page"}],"author":[{"embeddable":true,"href":"https:\/\/agora.xtec.cat\/inselcairat\/wp-json\/wp\/v2\/users\/1"}],"replies":[{"embeddable":true,"href":"https:\/\/agora.xtec.cat\/inselcairat\/wp-json\/wp\/v2\/comments?post=43"}],"version-history":[{"count":6,"href":"https:\/\/agora.xtec.cat\/inselcairat\/wp-json\/wp\/v2\/pages\/43\/revisions"}],"predecessor-version":[{"id":16389,"href":"https:\/\/agora.xtec.cat\/inselcairat\/wp-json\/wp\/v2\/pages\/43\/revisions\/16389"}],"up":[{"embeddable":true,"href":"https:\/\/agora.xtec.cat\/inselcairat\/wp-json\/wp\/v2\/pages\/19"}],"wp:attachment":[{"href":"https:\/\/agora.xtec.cat\/inselcairat\/wp-json\/wp\/v2\/media?parent=43"}],"curies":[{"name":"wp","href":"https:\/\/api.w.org\/{rel}","templated":true}]}}