{"id":13563,"date":"2025-05-19T18:21:53","date_gmt":"2025-05-19T16:21:53","guid":{"rendered":"https:\/\/agora.xtec.cat\/inseduardfontsere\/?page_id=13563"},"modified":"2026-03-27T10:03:46","modified_gmt":"2026-03-27T09:03:46","slug":"dinantia","status":"publish","type":"page","link":"https:\/\/agora.xtec.cat\/inseduardfontsere\/families\/dinantia\/","title":{"rendered":"Dinantia"},"content":{"rendered":"\n<p>A l&#8217;Institut Eduard Fontser\u00e8 utilitzem l&#8217;App Dinantia per a la gesti\u00f3 d&#8217;assist\u00e8ncia de l&#8217;alumnat i per a la comunicaci\u00f3 amb les fam\u00edlies. <\/p>\n\n\n\n<p>\u00c9s molt important que totes les fam\u00edlies es descarreguin l&#8217;aplicaci\u00f3 per poder estar actualitzades i informades en tot moment.<\/p>\n\n\n\n<p>Hi ha gestions que nom\u00e9s es poden realitzar a trav\u00e9s de l&#8217;aplicaci\u00f3.<\/p>\n\n\n\n<p>Us facilitem alguns tutorials per a que les fam\u00edlies pugueu configurar l&#8217;aplicaci\u00f3 degudament als vostres dispositius: <\/p>\n\n\n\n<hr class=\"wp-block-separator has-alpha-channel-opacity\"\/>\n\n\n\n<ul class=\"wp-block-list\">\n<li>Com instal\u00b7lar l&#8217;App DINANTIA:<\/li>\n<\/ul>\n\n\n\n<p><a href=\"https:\/\/agora.xtec.cat\/inseduardfontsere\/wp-content\/uploads\/usu3460\/2026\/03\/Como-instalar-Dinantia-1.pdf\">https:\/\/agora.xtec.cat\/inseduardfontsere\/wp-content\/uploads\/usu3460\/2026\/03\/Como-instalar-Dinantia-1.pdf<\/a><\/p>\n\n\n\n<hr class=\"wp-block-separator has-alpha-channel-opacity is-style-wide\"\/>\n\n\n\n<p>Com configurar i canviar el PIN de l&#8217;Aplicaci\u00f3:<\/p>\n\n\n\n<p class=\"wp-embed-aspect-16-9 wp-has-aspect-ratio\"><a href=\"https:\/\/www.youtube.com\/watch?v=iw1XeSMOBSo\">https:\/\/www.youtube.com\/watch?v=iw1XeSMOBSo<\/a><\/p>\n\n\n\n<hr class=\"wp-block-separator has-alpha-channel-opacity is-style-wide\"\/>\n\n\n\n<ul class=\"wp-block-list\">\n<li>Funcionalitats per a les fam\u00edlies:<\/li>\n<\/ul>\n\n\n\n<p><a href=\"https:\/\/dinantia.com\/es\/familias\/\">https:\/\/dinantia.com\/es\/familias\/<\/a><\/p>\n\n\n\n<p><\/p>\n","protected":false},"excerpt":{"rendered":"<p>A l&#8217;Institut Eduard Fontser\u00e8 utilitzem l&#8217;App Dinantia per a la gesti\u00f3 d&#8217;assist\u00e8ncia de l&#8217;alumnat i per a la comunicaci\u00f3 amb les fam\u00edlies. \u00c9s molt important que totes les fam\u00edlies es descarreguin l&#8217;aplicaci\u00f3 per poder estar actualitzades i informades en tot moment. Hi ha gestions que nom\u00e9s es poden realitzar a trav\u00e9s de l&#8217;aplicaci\u00f3. Us facilitem [&hellip;]<\/p>\n","protected":false},"author":3,"featured_media":0,"parent":13407,"menu_order":0,"comment_status":"closed","ping_status":"close","template":"","meta":{"site-sidebar-layout":"default","site-content-layout":"","ast-site-content-layout":"default","site-content-style":"default","site-sidebar-style":"default","ast-global-header-display":"","ast-banner-title-visibility":"","ast-main-header-display":"","ast-hfb-above-header-display":"","ast-hfb-below-header-display":"","ast-hfb-mobile-header-display":"","site-post-title":"","ast-breadcrumbs-content":"","ast-featured-img":"","footer-sml-layout":"","theme-transparent-header-meta":"","adv-header-id-meta":"","stick-header-meta":"","header-above-stick-meta":"","header-main-stick-meta":"","header-below-stick-meta":"","astra-migrate-meta-layouts":"set","ast-page-background-enabled":"default","ast-page-background-meta":{"desktop":{"background-color":"var(--ast-global-color-4)","background-image":"","background-repeat":"repeat","background-position":"center center","background-size":"auto","background-attachment":"scroll","background-type":"","background-media":"","overlay-type":"","overlay-color":"","overlay-opacity":"","overlay-gradient":""},"tablet":{"background-color":"","background-image":"","background-repeat":"repeat","background-position":"center center","background-size":"auto","background-attachment":"scroll","background-type":"","background-media":"","overlay-type":"","overlay-color":"","overlay-opacity":"","overlay-gradient":""},"mobile":{"background-color":"","background-image":"","background-repeat":"repeat","background-position":"center center","background-size":"auto","background-attachment":"scroll","background-type":"","background-media":"","overlay-type":"","overlay-color":"","overlay-opacity":"","overlay-gradient":""}},"ast-content-background-meta":{"desktop":{"background-color":"var(--ast-global-color-5)","background-image":"","background-repeat":"repeat","background-position":"center center","background-size":"auto","background-attachment":"scroll","background-type":"","background-media":"","overlay-type":"","overlay-color":"","overlay-opacity":"","overlay-gradient":""},"tablet":{"background-color":"var(--ast-global-color-5)","background-image":"","background-repeat":"repeat","background-position":"center center","background-size":"auto","background-attachment":"scroll","background-type":"","background-media":"","overlay-type":"","overlay-color":"","overlay-opacity":"","overlay-gradient":""},"mobile":{"background-color":"var(--ast-global-color-5)","background-image":"","background-repeat":"repeat","background-position":"center center","background-size":"auto","background-attachment":"scroll","background-type":"","background-media":"","overlay-type":"","overlay-color":"","overlay-opacity":"","overlay-gradient":""}},"footnotes":""},"class_list":["post-13563","page","type-page","status-publish","hentry"],"post_mailing_queue_ids":[],"_links":{"self":[{"href":"https:\/\/agora.xtec.cat\/inseduardfontsere\/wp-json\/wp\/v2\/pages\/13563","targetHints":{"allow":["GET"]}}],"collection":[{"href":"https:\/\/agora.xtec.cat\/inseduardfontsere\/wp-json\/wp\/v2\/pages"}],"about":[{"href":"https:\/\/agora.xtec.cat\/inseduardfontsere\/wp-json\/wp\/v2\/types\/page"}],"author":[{"embeddable":true,"href":"https:\/\/agora.xtec.cat\/inseduardfontsere\/wp-json\/wp\/v2\/users\/3"}],"replies":[{"embeddable":true,"href":"https:\/\/agora.xtec.cat\/inseduardfontsere\/wp-json\/wp\/v2\/comments?post=13563"}],"version-history":[{"count":4,"href":"https:\/\/agora.xtec.cat\/inseduardfontsere\/wp-json\/wp\/v2\/pages\/13563\/revisions"}],"predecessor-version":[{"id":13871,"href":"https:\/\/agora.xtec.cat\/inseduardfontsere\/wp-json\/wp\/v2\/pages\/13563\/revisions\/13871"}],"up":[{"embeddable":true,"href":"https:\/\/agora.xtec.cat\/inseduardfontsere\/wp-json\/wp\/v2\/pages\/13407"}],"wp:attachment":[{"href":"https:\/\/agora.xtec.cat\/inseduardfontsere\/wp-json\/wp\/v2\/media?parent=13563"}],"curies":[{"name":"wp","href":"https:\/\/api.w.org\/{rel}","templated":true}]}}