{"id":9601,"date":"2017-09-07T00:28:58","date_gmt":"2017-09-06T22:28:58","guid":{"rendered":"http:\/\/agora.xtec.cat\/insdespuig\/?page_id=9601"},"modified":"2022-06-25T08:14:57","modified_gmt":"2022-06-25T06:14:57","slug":"publicacions","status":"publish","type":"page","link":"https:\/\/agora.xtec.cat\/insdespuig\/projectes-dinnovacio\/biblioteca-puntedu\/publicacions\/","title":{"rendered":"Publicacions"},"content":{"rendered":"<p><span style=\"font-size: large;\"><b>Webs i blogs<\/b><\/span><\/p>\n<p>El web de l&#8217;institut t\u00e9 una secci\u00f3 dedicada a la <a href=\"http:\/\/agora.xtec.cat\/insdespuig\/biblioteca\/\"><span style=\"text-decoration: underline;\">biblioteca<\/span><\/a>, on es publiquen\u00a0not\u00edcies i cr\u00f2niques de les activitats previstes i realitzades, lectures recomanades, entrevistes, comentaris dels lectors, etc.<\/p>\n<p>Publica tamb\u00e9 el blog\u00a0<a href=\"http:\/\/recomanamunllibre.blogspot.com\/\">Recomana&#8217;m un llibre<\/a>, amb ressenyes i comentaris de lectures recomanades per l&#8217;alumnat i el professorat del centre.<\/p>\n<p>Tamb\u00e9 publica\u00a0el blog\u00a0<a href=\"http:\/\/calaixo-de-sastre.blogspot.com\/\">Calaix\u00f3 de sastre<\/a>, amb textos de creaci\u00f3 de l&#8217;alumnat i el profesorat del centre.<\/p>\n<p>I mant\u00e9\u00a0el blog\u00a0<a href=\"http:\/\/insdespuig-mediateca.blogspot.com.es\/\">Mediateca de l&#8217;Institut Crist\u00f2fol Despuig<\/a>, que aplega totes els documents digitals (revistes, presentacions, v\u00eddeos, \u00e0udios, etc.) elaborats per la comunitat educativa de l&#8217;institut.<\/p>\n<p><span style=\"font-size: large;\"><b>Tr\u00edptics informatius<\/b><\/span><\/p>\n<p>Elabora tr\u00edptics informatius dels serveis de la biblioteca:<\/p>\n<p>\u00b7 <a href=\"https:\/\/drive.google.com\/file\/d\/0B_LUwRZ0m9DBUUxNNTljOUFzVTA\/view\" target=\"_blank\" rel=\"noopener noreferrer\">Funcionament i normes de conviv\u00e8ncia<\/a><br \/>\n\u00b7 <a href=\"https:\/\/agora.xtec.cat\/insdespuig\/wp-content\/uploads\/usu921\/2021\/09\/Full_informatiu_2021-2022.pdf\" target=\"_blank\" rel=\"noopener noreferrer\">Full informatiu<\/a>.<\/p>\n<p>Cada curs recull i publica la llista de les lectures obligat\u00f2ries:<\/p>\n<p><a href=\"https:\/\/agora.xtec.cat\/insdespuig\/wp-content\/uploads\/usu921\/2022\/01\/lectures_obligatories_ESO_2021-2022.pdf\">\u00b7 Lectures obligat\u00f2ries ESO<\/a> (curs 2021-2022)<br \/>\n\u00b7 <a href=\"https:\/\/agora.xtec.cat\/insdespuig\/wp-content\/uploads\/usu921\/2021\/06\/Lectures-de-batxillerat-2021-2022.pdf\">Lectures obligat\u00f2ries batxillerat<\/a> (curs 2021-2022)<br \/>\n<a href=\"https:\/\/agora.xtec.cat\/insdespuig\/wp-content\/uploads\/usu921\/2020\/10\/lectures_obligatories_ESO_2020-2021.pdf\">\u00b7 Lectures obligat\u00f2ries ESO<\/a> (curs 2020-2021)<br \/>\n\u00b7 <a href=\"https:\/\/agora.xtec.cat\/insdespuig\/wp-content\/uploads\/usu921\/2020\/06\/Lectures-obligatories-2020-2021-batxillerat-cat-cast-INSDespuigREVISAT.pdf\">Lectures obligat\u00f2ries batxillerat<\/a> (curs 2020-2021)<br \/>\n<a href=\"&quot;https:\/\/agora.xtec.cat\/insdespuig\/wp-&lt;br\">\u00b7 <\/a><a href=\"https:\/\/agora.xtec.cat\/insdespuig\/wp-content\/uploads\/usu921\/2019\/10\/lectures_obligatories_ESO_2019-2020.doc\" target=\"_blank\" rel=\"noopener noreferrer\">Lectures obligat\u00f2ries ESO<\/a><a href=\"&quot;https:\/\/agora.xtec.cat\/insdespuig\/wp-&lt;br\"> (curs 2019-2020)<br \/>\n\u00b7 <\/a><a href=\"https:\/\/agora.xtec.cat\/insdespuig\/wp-content\/uploads\/usu921\/2019\/10\/lectures_obligatories_batxillerat_2019-2020.pdf\">Lectures obligat\u00f2ries batxillerat<\/a><a href=\"&quot;https:\/\/agora.xtec.cat\/insdespuig\/wp-&lt;br\"> (curs 2019-2020)<br \/>\n\u00b7 <\/a><a href=\"https:\/\/agora.xtec.cat\/insdespuig\/wp-content\/uploads\/usu921\/2018\/10\/lectures_obligatories_ESO_2018-2019.pdf\">Lectures obligat\u00f2ries ESO<\/a><a href=\"&quot;https:\/\/agora.xtec.cat\/insdespuig\/wp-&lt;br\"> (curs 2018-2019)<br \/>\n\u00b7 <\/a><a href=\"https:\/\/agora.xtec.cat\/insdespuig\/wp-content\/uploads\/usu921\/2018\/10\/lectures_obligatories_batxillerat_2018-2019.pdf\">Lectures obligat\u00f2ries batxillerat<\/a> (curs 2018-2019)<br \/>\n\u00b7\u00a0<a href=\"http:\/\/agora.xtec.cat\/insdespuig\/wp-content\/uploads\/usu921\/2017\/09\/lectures_obligatories_ESO_2017-2018.pdf\" target=\"_blank\" rel=\"noopener noreferrer\">Lectures obligat\u00f2ries ESO<\/a>\u00a0(curs 2017-2018)<br \/>\n\u00b7\u00a0<a href=\"http:\/\/agora.xtec.cat\/insdespuig\/wp-content\/uploads\/usu921\/2017\/09\/lectures_obligatories_batxillerat_2017-2018.pdf\" target=\"_blank\" rel=\"noopener noreferrer\">Lectures obligat\u00f2ries batxillerat<\/a>\u00a0(curs 2017-2018)<br \/>\n\u00b7\u00a0<a href=\"http:\/\/agora.xtec.cat\/insdespuig\/wp-content\/uploads\/usu921\/2016\/09\/lectures_obligatories_ESO_2016-2017.pdf\" target=\"_blank\" rel=\"noopener noreferrer\">Lectures obligat\u00f2ries ESO<\/a>\u00a0(curs 2016-2017)<br \/>\n\u00b7\u00a0<a href=\"http:\/\/agora.xtec.cat\/insdespuig\/wp-content\/uploads\/usu921\/2016\/09\/lectures_obligatories_batxillerat_2016-2017.pdf\" target=\"_blank\" rel=\"noopener noreferrer\">Lectures obligat\u00f2ries batxillerat<\/a>\u00a0(curs 2016-2017)<br \/>\n\u00b7\u00a0<a href=\"http:\/\/agora.xtec.cat\/insdespuig\/intranet\/file.php?file=biblioteca\/lectures_obligatories_ESO_2015-2016.pdf\" target=\"_blank\" rel=\"noopener noreferrer\">Lectures obligat\u00f2ries ESO<\/a>\u00a0(curs 2015-2016)<br \/>\n\u00b7\u00a0<a href=\"http:\/\/agora.xtec.cat\/insdespuig\/intranet\/file.php?file=biblioteca\/lectures_obligatories_batxillerat_2015-2016.pdf\" target=\"_blank\" rel=\"noopener noreferrer\">Lectures obligat\u00f2ries batxillerat<\/a>\u00a0(curs 2015-2016)<br \/>\n\u00b7\u00a0<a href=\"http:\/\/agora.xtec.cat\/insdespuig\/intranet\/file.php?file=biblioteca\/lectures_obligatories_ESO_2014-2015.pdf\" target=\"_blank\" rel=\"noopener noreferrer\">Lectures obligat\u00f2ries ESO<\/a>\u00a0(curs 2014-2015)<br \/>\n\u00b7\u00a0<a href=\"http:\/\/agora.xtec.cat\/insdespuig\/intranet\/file.php?file=biblioteca\/lectures_obligatories_batxillerat_2014-2015.pdf\" target=\"_blank\" rel=\"noopener noreferrer\">Lectures obligat\u00f2ries batxillerat<\/a>\u00a0(curs 2014-2015)<br \/>\n\u00b7\u00a0<a href=\"http:\/\/agora.xtec.cat\/insdespuig\/intranet\/file.php?file=biblioteca\/lectures_obligatories_ESO_2013-2014.pdf\" target=\"_blank\" rel=\"noopener noreferrer\">Lectures obligat\u00f2ries ESO<\/a>\u00a0(curs 2013-2014)<br \/>\n\u00b7\u00a0<a href=\"http:\/\/agora.xtec.cat\/insdespuig\/intranet\/file.php?file=biblioteca\/lectures_obligatories_batxillerat_2013-2014.pdf\" target=\"_blank\" rel=\"noopener noreferrer\">Lectures obligat\u00f2ries batxillerat<\/a>\u00a0(curs 2013-2014)<br \/>\n\u00b7\u00a0<a href=\"http:\/\/agora.xtec.cat\/insdespuig\/intranet\/file.php?file=biblioteca\/lectures_obligatories_ESO_2012-2013.pdf\" target=\"_blank\" rel=\"noopener noreferrer\">Lectures obligat\u00f2ries ESO<\/a>\u00a0(curs 2012-2013)<br \/>\n\u00b7\u00a0<a href=\"http:\/\/agora.xtec.cat\/insdespuig\/intranet\/file.php?file=biblioteca\/lectures_obligatories_batxillerat_2012-2013.pdf\" target=\"_blank\" rel=\"noopener noreferrer\">Lectures obligat\u00f2ries batxillerat<\/a>\u00a0(curs 2012-2013)<br \/>\n\u00b7\u00a0<a href=\"https:\/\/docs.google.com\/open?id=0B9R4oW3gv4p-MjA3MTA1NmItOGFhNi00ZDcxLWEyNzktOTM4YmM4NzBmMDRi\" target=\"_blank\" rel=\"noopener noreferrer\">Lectures obligat\u00f2ries ESO<\/a>\u00a0(curs 2011-2012)<br \/>\n\u00b7\u00a0<a href=\"https:\/\/docs.google.com\/open?id=0B9R4oW3gv4p-NGE1MmVmNjAtYjJmOS00MGNlLThlZDEtZmFjNzJjMzUxMDhi\" target=\"_blank\" rel=\"noopener noreferrer\">Lectures obligat\u00f2ries batxillerat<\/a>\u00a0(curs 2011-2012)<br \/>\n\u00b7\u00a0<a href=\"http:\/\/docs.google.com\/a\/instortosa.cat\/uc?export=download&amp;id=0B9R4oW3gv4p-dGpPeFRZRlpFTDZXZnYyYXFkaXNRN2FHRzA0PQ&amp;revision=true\">Lectures obligat\u00f2ries<\/a>\u00a0(curs 2010-2011)<\/p>\n<p>Tamb\u00e9 ha publicat tr\u00edptics amb les noves adquisicions de la biblioteca:<\/p>\n<p>\u00b7 <a href=\"http:\/\/docs.google.com\/a\/instortosa.cat\/uc?export=download&amp;id=0B9R4oW3gv4p-dFNhSWxYK3pBbHhqaWtuZ292M0lZZjE4aEZzPQ&amp;revision=true\">Livres en fran\u00e7ais<\/a>\u00a0(novetats 2010).<\/p>\n<p>I dona suport als departaments amb guies de lectura tem\u00e0tiques:<\/p>\n<p>\u00b7 <a href=\"http:\/\/agora.xtec.cat\/insdespuig\/ciencies-socials\/lectures-recomanades-de-filosofia\/\">Lectures recomanades. Filosofia<\/a>.<br \/>\n\u00b7 <a href=\"http:\/\/usuaris.tinet.org\/idespuig\/biblioteca\/Comics_de_pintores-Guia_de_lectura.pdf\">C\u00f3mics de pintores. Gu\u00eda de lectura<\/a>.<br \/>\n\u00b7 <a href=\"http:\/\/usuaris.tinet.org\/idespuig\/biblioteca\/Lectures_feministes-Guia_de_lectura.pdf\">Lectures feministes. Guia de lectura<\/a>.<\/p>\n<p><span style=\"font-size: large;\"><b>Suport a la recerca<\/b><\/span><\/p>\n<p>Ha elaborat un directori de recursos per a la documentaci\u00f3 dels treballs de recerca:<\/p>\n<p>\u00b7 <a href=\"http:\/\/usuaris.tinet.org\/idespuig\/biblioteca\/Directori_arxius_hemeroteques_biblioteques_de_Tortosa_i_Roquetes.pdf\" target=\"_blank\" rel=\"noopener noreferrer\">Directori d\u2019arxius, hemeroteques, biblioteques, centres de recursos i de documentaci\u00f3 de Tortosa i Roquetes. Eines per a la recerca d\u2019\u00e0mbit local<\/a>. Tortosa: Biblioteca de l\u2019Institut Crist\u00f2fol Despuig, 2015.<\/p>\n<p><span style=\"font-size: large;\"><b>Guies de lectura<\/b><\/span><\/p>\n<p>La biblioteca elabora peri\u00f2dicament guies tem\u00e0tiques dels materials disponibles al cat\u00e0leg\u00a0<a href=\"http:\/\/aplitic.xtec.cat\/epergam2\/web\/biblioteca.jsp?codi=43011170\">eP\u00e8rgam<\/a>.<\/p>\n<p>Vegeu tamb\u00e9 les guies de lectura publicades a <a href=\"http:\/\/www.pinterest.com\/biblioteca0732\/\" target=\"_blank\" rel=\"noopener noreferrer\">Pinterest<\/a>:<\/p>\n<p><a href=\"http:\/\/www.pinterest.com\/biblioteca0732\/treballs-de-recerca-batxillerat-2013-2014\/\" target=\"_blank\" rel=\"noopener noreferrer\">Treballs de Recerca Batxillerat Econ\u00f2mic-Human\u00edstic 2013-2014<\/a><br \/>\n<a href=\"http:\/\/www.pinterest.com\/biblioteca0732\/treballs-de-recerca-batxillerat-curs-2013-2014\/\" target=\"_blank\" rel=\"noopener noreferrer\">Treballs de Recerca Batxillerat Cient\u00edfic-Tecnol\u00f2gic curs 2013-2014<\/a><br \/>\n<a href=\"http:\/\/www.pinterest.com\/biblioteca0732\/lectures-prescriptives-eso-curs-2013-14\/\" target=\"_blank\" rel=\"noopener noreferrer\">Lectures prescriptives ESO. Curs 2013-14<\/a><br \/>\n<a href=\"http:\/\/www.pinterest.com\/biblioteca0732\/lectures-prescriptives-batxillerat-2014-15\/\" target=\"_blank\" rel=\"noopener noreferrer\">Lectures prescriptives Batxillerat 2014-15<\/a><br \/>\n<a href=\"http:\/\/www.pinterest.com\/biblioteca0732\/guia-de-lectura-hist%C3%B2ries-de-j%C3%B3vens-darreu-del-m%C3%B3n\/\" target=\"_blank\" rel=\"noopener noreferrer\">Guia de lectura: hist\u00f2ries de j\u00f3vens d&#8217;arreu del m\u00f3n<\/a><br \/>\n<a href=\"http:\/\/www.pinterest.com\/biblioteca0732\/recomanats-per-vacances-literatura-i-ci%C3%A8ncia\/\" target=\"_blank\" rel=\"noopener noreferrer\">Recomanats per vacances: literatura i ci\u00e8ncia<\/a><br \/>\n<a href=\"http:\/\/www.pinterest.com\/biblioteca0732\/guia-de-lectura-lectures-per-gaudiri-pensar\/\" target=\"_blank\" rel=\"noopener noreferrer\">Guia de lectura: Lectures per gaudir&#8230;.i pensar<\/a><br \/>\n<a href=\"http:\/\/www.pinterest.com\/biblioteca0732\/guia-de-lectura-matem%C3%A0tiques-a-labast\/\" target=\"_blank\" rel=\"noopener noreferrer\">Guia de lectura: matem\u00e0tiques a l&#8217;abast<\/a><br \/>\n<a href=\"http:\/\/www.pinterest.com\/biblioteca0732\/guia-de-lectura-matem%C3%A0tiques-per-a-tots\/\" target=\"_blank\" rel=\"noopener noreferrer\">Guia de lectura: Matem\u00e0tiques per a tots<\/a><br \/>\n<a href=\"http:\/\/www.pinterest.com\/biblioteca0732\/angl%C3%A8s-i-cinema-amb-la-collecci%C3%B3-speak-up\/\" target=\"_blank\" rel=\"noopener noreferrer\">Angl\u00e8s i cinema amb la col\u00b7lecci\u00f3 Speak Up<\/a><br \/>\n<a href=\"http:\/\/www.pinterest.com\/biblioteca0732\/guia-de-lectura-diccionaris-tem%C3%A0tics\/\" target=\"_blank\" rel=\"noopener noreferrer\">Guia de lectura: Diccionaris tem\u00e0tics<\/a><br \/>\n<a href=\"http:\/\/www.pinterest.com\/biblioteca0732\/guia-de-lectura-tint%C3%ADn-al-cinema-i-a-la-biblio\/\" target=\"_blank\" rel=\"noopener noreferrer\">Guia de lectura: Tint\u00edn al cinema i&#8230; a la biblio<\/a><br \/>\n<a href=\"http:\/\/www.pinterest.com\/biblioteca0732\/guia-de-lectura-dia-mundial-de-la-pau\/\" target=\"_blank\" rel=\"noopener noreferrer\">Guia de lectura: Dia Mundial de la Pau<\/a><br \/>\n<a href=\"http:\/\/www.pinterest.com\/biblioteca0732\/receptes-illustrades-darreu-del-m%C3%B3n\/\" target=\"_blank\" rel=\"noopener noreferrer\">Receptes il\u00b7lustrades d&#8217;arreu del m\u00f3n<\/a><br \/>\n<a href=\"http:\/\/www.pinterest.com\/biblioteca0732\/llibres-i-lectura\/\" target=\"_blank\" rel=\"noopener noreferrer\">Llibres i lectura<\/a><\/p>\n<p><span style=\"font-size: large;\"><b>Llibres<\/b><\/span><\/p>\n<p>Publica llibres en format digital amb textos de creaci\u00f3 del l&#8217;alumnat:<\/p>\n<p>CONCURS DE MICRORELATS DE TERROR<br \/>\n\u00b7 <a href=\"https:\/\/issuu.com\/instortosa\/docs\/12e_x_concurs-microrelats-terror2021\" target=\"\" rel=\"noopener noreferrer\">XII Concurs de microrelats de terror<\/a>. Biblioteca de l&#8217;Institut Crist\u00f2fol Despuig, 2021.<br \/>\n\u00b7 <a href=\"https:\/\/issuu.com\/instortosa\/docs\/11e_concurs-microrelats-terror2020\" target=\"\" rel=\"noopener noreferrer\">XI Concurs de microrelats de terror<\/a>. Biblioteca de l&#8217;Institut Crist\u00f2fol Despuig, 2020.<br \/>\n\u00b7 <a href=\"https:\/\/issuu.com\/instortosa\/docs\/x_concurs-microrelats-terror2019\" target=\"\" rel=\"noopener noreferrer\">X Concurs de microrelats de terror<\/a>. Biblioteca de l&#8217;Institut Crist\u00f2fol Despuig, 2019.<br \/>\n\u00b7 <a href=\"https:\/\/issuu.com\/instortosa\/docs\/viii_concurs-microrelats-terror2017\" target=\"\" rel=\"noopener noreferrer\">IX Concurs de microrelats de terror<\/a>. Biblioteca de l&#8217;Institut Crist\u00f2fol Despuig, 2018.<br \/>\n\u00b7\u00a0<a href=\"https:\/\/issuu.com\/instortosa\/docs\/viii_concurs-microrelats-terror2017\" target=\"_blank\" rel=\"noopener noreferrer\">VIII Concurs de microrelats de terror<\/a>. Biblioteca de l&#8217;Institut Crist\u00f2fol Despuig, 2017.<br \/>\n\u00b7\u00a0<a href=\"https:\/\/issuu.com\/instortosa\/docs\/concurs-microrelats-terror2016\" target=\"_blank\" rel=\"noopener noreferrer\">VII Concurs de microrelats de terror<\/a>. Biblioteca de l&#8217;Institut Crist\u00f2fol Despuig, 2016.<br \/>\n\u00b7\u00a0<a href=\"http:\/\/issuu.com\/instortosa\/docs\/_concurs-microrelats-terror2015\" target=\"_blank\" rel=\"noopener noreferrer\">VI Concurs de microrelats de terror<\/a>. Biblioteca de l&#8217;Institut Crist\u00f2fol Despuig, 2015.<br \/>\n\u00b7 <a href=\"http:\/\/issuu.com\/instortosa\/docs\/concurs-microrelats-terror2014\/1\" target=\"_blank\" rel=\"noopener noreferrer\">V Concurs de microrelats de terror<\/a>. Biblioteca de l&#8217;Institut Crist\u00f2fol Despuig, 2014.<br \/>\n\u00b7\u00a0<a href=\"http:\/\/issuu.com\/instortosa\/docs\/microrelats2013?e=2027464\/6563150\" target=\"_blank\" rel=\"noopener noreferrer\">IV Concurs de microrelats de terror<\/a>. Biblioteca de l&#8217;Institut Crist\u00f2fol Despuig, 2013.<br \/>\n\u00b7\u00a0<a href=\"http:\/\/issuu.com\/instortosa\/docs\/concurs-microrelats-terror2012?mode=window&amp;backgroundColor=%23222222\">III concurs de microrelats de terror<\/a>. Biblioteca de l&#8217;Institut Cristofol Despuig, 2012.<br \/>\n\u00b7\u00a0<a href=\"http:\/\/issuu.com\/instortosa\/docs\/2nconcurs-microrelats-terror\" target=\"_blank\" rel=\"noopener noreferrer\">II Concurs de microrelats de terror<\/a>.\u00a0Biblioteca de l&#8217;Institut Crist\u00f2fol Despuig, 2011.<br \/>\n\u00b7\u00a0<a href=\"http:\/\/issuu.com\/instortosa\/docs\/concurs_microrelats_terror_2010\" target=\"_blank\" rel=\"noopener noreferrer\">Concurs de microrelats de terror<\/a>. Biblioteca de l&#8217;Institut de Tortosa i de l&#8217;Institut de l&#8217;Ebre, 2010.<\/p>\n<p>DIA MUNDIAL DE LA POESIA<br \/>\n. <a href=\"http:\/\/issuu.com\/instortosa\/docs\/dia_mundial_poesia_insdespuig-2015\" target=\"_blank\" rel=\"noopener noreferrer\">Dia Mundial de la Poesia 2015<\/a>. Biblioteca i departament de Catal\u00e0 de l&#8217;Institut Crist\u00f2fol Despuig, 2015.<br \/>\n\u00b7 <a href=\"http:\/\/issuu.com\/instortosa\/docs\/dia_mundial_de_la_poesia_2013-insdespuig\" target=\"_blank\" rel=\"noopener noreferrer\">Dia Mundial de la Poesia 2013<\/a>. Biblioteca i departament de Catal\u00e0 de l&#8217;Institut Crist\u00f2fol Despuig, 2013.<br \/>\n\u00b7 <a href=\"http:\/\/issuu.com\/instortosa\/docs\/dia-mundial_poesia-2011\" target=\"_blank\" rel=\"noopener noreferrer\">Dia Mundial de la Poesia 2011<\/a>. Biblioteca i departament de Catal\u00e0 de l&#8217;Institut de Tortosa, 2011.<\/p>\n<p>LITERATURA<br \/>\n\u00b7 <a href=\"https:\/\/issuu.com\/instortosa\/docs\/mas_caligramas_tot\">M\u00e1s caligramas<\/a>. Institut Crist\u00f2fol Despuig, abril 2018.<br \/>\n\u00b7 <a href=\"http:\/\/en.calameo.com\/books\/002923939dff0ecfa0f56\" target=\"_blank\" rel=\"noopener noreferrer\">Platero y yo<\/a>. Institut Crist\u00f2fol Despuig, [abril 2015].<br \/>\n\u00b7 <a href=\"http:\/\/issuu.com\/instortosa\/docs\/__greguerias_ilustradas\" target=\"_blank\" rel=\"noopener noreferrer\">Greguer\u00edas ilustradas<\/a>. Institut Crist\u00f2fol Despuig, 2014.<br \/>\n\u00b7 <a href=\"http:\/\/issuu.com\/instortosa\/docs\/quadres-de-costums?mode=window&amp;backgroundColor=%23222222\" target=\"_blank\" rel=\"noopener noreferrer\">Quadres de costums d&#8217;un nou segle<\/a>. Institut Crist\u00f2fol Despuig, 2012.<br \/>\n\u00b7 <a href=\"http:\/\/issuu.com\/instortosa\/docs\/deu_poemes_de_nou_poetes\" target=\"_blank\" rel=\"noopener noreferrer\">Deu poemes de nou poetes<\/a>. Institut de Tortosa, 2011.<\/p>\n<p>LLENGUA<br \/>\n\u00b7 <a href=\"https:\/\/issuu.com\/instortosa\/docs\/els_parlars_valencians_del_nostre_p\">Els parlars valencians del nostre professorat (curs 2017-2018)<\/a>. Institut Crist\u00f2fol Despuig, 2018.<br \/>\n\u00b7 <a href=\"http:\/\/issuu.com\/instortosa\/docs\/17_mapes_linguistics_catala_terres_ebre?mode=window&amp;backgroundColor=%23222222\" target=\"_blank\" rel=\"noopener noreferrer\">17 mapes ling\u00fc\u00edsitcs del catal\u00e0 de les Terres de l&#8217;Ebre<\/a>. Institut Crist\u00f2fol Despuig, febrer 2012.<br \/>\n\u00b7 <a href=\"http:\/\/en.calameo.com\/books\/0029239396a95d9fdf756\" target=\"_blank\" rel=\"noopener noreferrer\">Nuestros postres favoritos<\/a>. Institut Crist\u00f2fol Despuig, [abril 2015].<\/p>\n","protected":false},"excerpt":{"rendered":"<p>Webs i blogs El web de l&#8217;institut t\u00e9 una secci\u00f3 dedicada a la biblioteca, on es publiquen\u00a0not\u00edcies i cr\u00f2niques de les activitats previstes i realitzades, lectures recomanades, entrevistes, comentaris dels lectors, etc. Publica tamb\u00e9 el blog\u00a0Recomana&#8217;m un llibre, amb ressenyes i comentaris de lectures recomanades per l&#8217;alumnat i el professorat del centre. Tamb\u00e9 publica\u00a0el blog\u00a0Calaix\u00f3 [&hellip;]<\/p>\n","protected":false},"author":54,"featured_media":0,"parent":1145,"menu_order":6,"comment_status":"closed","ping_status":"closed","template":"page-templates\/side-menu.php","meta":{"_bbp_topic_count":0,"_bbp_reply_count":0,"_bbp_total_topic_count":0,"_bbp_total_reply_count":0,"_bbp_voice_count":0,"_bbp_anonymous_reply_count":0,"_bbp_topic_count_hidden":0,"_bbp_reply_count_hidden":0,"_bbp_forum_subforum_count":0,"site-sidebar-layout":"default","site-content-layout":"","ast-site-content-layout":"","site-content-style":"default","site-sidebar-style":"default","ast-global-header-display":"","ast-banner-title-visibility":"","ast-main-header-display":"","ast-hfb-above-header-display":"","ast-hfb-below-header-display":"","ast-hfb-mobile-header-display":"","site-post-title":"","ast-breadcrumbs-content":"","ast-featured-img":"","footer-sml-layout":"","theme-transparent-header-meta":"","adv-header-id-meta":"","stick-header-meta":"","header-above-stick-meta":"","header-main-stick-meta":"","header-below-stick-meta":"","astra-migrate-meta-layouts":"default","ast-page-background-enabled":"default","ast-page-background-meta":{"desktop":{"background-color":"var(--ast-global-color-4)","background-image":"","background-repeat":"repeat","background-position":"center center","background-size":"auto","background-attachment":"scroll","background-type":"","background-media":"","overlay-type":"","overlay-color":"","overlay-opacity":"","overlay-gradient":""},"tablet":{"background-color":"","background-image":"","background-repeat":"repeat","background-position":"center center","background-size":"auto","background-attachment":"scroll","background-type":"","background-media":"","overlay-type":"","overlay-color":"","overlay-opacity":"","overlay-gradient":""},"mobile":{"background-color":"","background-image":"","background-repeat":"repeat","background-position":"center center","background-size":"auto","background-attachment":"scroll","background-type":"","background-media":"","overlay-type":"","overlay-color":"","overlay-opacity":"","overlay-gradient":""}},"ast-content-background-meta":{"desktop":{"background-color":"var(--ast-global-color-5)","background-image":"","background-repeat":"repeat","background-position":"center center","background-size":"auto","background-attachment":"scroll","background-type":"","background-media":"","overlay-type":"","overlay-color":"","overlay-opacity":"","overlay-gradient":""},"tablet":{"background-color":"var(--ast-global-color-5)","background-image":"","background-repeat":"repeat","background-position":"center center","background-size":"auto","background-attachment":"scroll","background-type":"","background-media":"","overlay-type":"","overlay-color":"","overlay-opacity":"","overlay-gradient":""},"mobile":{"background-color":"var(--ast-global-color-5)","background-image":"","background-repeat":"repeat","background-position":"center center","background-size":"auto","background-attachment":"scroll","background-type":"","background-media":"","overlay-type":"","overlay-color":"","overlay-opacity":"","overlay-gradient":""}},"footnotes":""},"class_list":["post-9601","page","type-page","status-publish","hentry"],"post_mailing_queue_ids":[],"_links":{"self":[{"href":"https:\/\/agora.xtec.cat\/insdespuig\/wp-json\/wp\/v2\/pages\/9601","targetHints":{"allow":["GET"]}}],"collection":[{"href":"https:\/\/agora.xtec.cat\/insdespuig\/wp-json\/wp\/v2\/pages"}],"about":[{"href":"https:\/\/agora.xtec.cat\/insdespuig\/wp-json\/wp\/v2\/types\/page"}],"author":[{"embeddable":true,"href":"https:\/\/agora.xtec.cat\/insdespuig\/wp-json\/wp\/v2\/users\/54"}],"replies":[{"embeddable":true,"href":"https:\/\/agora.xtec.cat\/insdespuig\/wp-json\/wp\/v2\/comments?post=9601"}],"version-history":[{"count":3,"href":"https:\/\/agora.xtec.cat\/insdespuig\/wp-json\/wp\/v2\/pages\/9601\/revisions"}],"predecessor-version":[{"id":20642,"href":"https:\/\/agora.xtec.cat\/insdespuig\/wp-json\/wp\/v2\/pages\/9601\/revisions\/20642"}],"up":[{"embeddable":true,"href":"https:\/\/agora.xtec.cat\/insdespuig\/wp-json\/wp\/v2\/pages\/1145"}],"wp:attachment":[{"href":"https:\/\/agora.xtec.cat\/insdespuig\/wp-json\/wp\/v2\/media?parent=9601"}],"curies":[{"name":"wp","href":"https:\/\/api.w.org\/{rel}","templated":true}]}}