{"id":879,"date":"2015-12-30T23:55:57","date_gmt":"2015-12-30T22:55:57","guid":{"rendered":"http:\/\/agora.xtec.cat\/insdespuig\/intraweb\/pla-dimpuls-de-les-llengues-estrangeres\/"},"modified":"2020-09-01T01:15:21","modified_gmt":"2020-08-31T23:15:21","slug":"pla-dimpuls-de-les-llengues-estrangeres","status":"publish","type":"page","link":"https:\/\/agora.xtec.cat\/insdespuig\/projectes-dinnovacio\/pla-dimpuls-de-les-llengues-estrangeres\/","title":{"rendered":"Pla d&#8217;impuls de les lleng\u00fces estrangeres"},"content":{"rendered":"<blockquote><p>El <strong>Pla d&#8217;impuls de les lleng\u00fces estrangeres<\/strong> de l&#8217;institut contempla les seg\u00fcents actuacions:<\/p><\/blockquote>\n<ul>\n<li>Auxiliar de conversa en franc\u00e8s o angl\u00e8s a ESO i Batxillerat. +<a href=\"http:\/\/xtec.gencat.cat\/ca\/projectes\/plurilinguisme\/programes\/institucionals\/auxiliars_conversa\/\">info<\/a><\/li>\n<li>Franc\u00e8s a partir de 1r d\u2019ESO.<\/li>\n<li>Batxibac (doble titulaci\u00f3 batxillerat-baccalaur\u00e9at). Som l&#8217;\u00fanic institut a Tortosa que ho ofereix. +<a href=\"http:\/\/xtec.gencat.cat\/ca\/curriculum\/batxillerat\/baccalaureat\/\">info<\/a><\/li>\n<li>Presentaci\u00f3 de l\u2019alumnat de franc\u00e8s a les proves DELF (Dipl\u00f4me El\u00e9mentaire de la langue Fran\u00e7aise). +<a href=\"http:\/\/www.ciep.fr\/delf-dalf\">info<\/a><\/li>\n<li>Participaci\u00f3 en la plataforma virtual eTwinning. +<a href=\"https:\/\/www.etwinning.net\/fr\/pub\/index.htm\">info<\/a><\/li>\n<li>Mat\u00e8ria optativa en angl\u00e8s a 2n\u00a0d\u2019ESO, a l\u2019\u00e0rea de Ci\u00e8ncies naturals.<\/li>\n<li>Metodologia AICLE en angl\u00e8s a Ci\u00e8ncies socials a 2n i 3r d\u2019ESO i Educaci\u00f3 f\u00edsica a 1r d\u2019ESO. +<a href=\"http:\/\/xtec.gencat.cat\/ca\/projectes\/plurilinguisme\/metodologies\/tilc\/aicle\/\">info<\/a><\/li>\n<li>Alemany a partir de 3r d\u2019ESO (des del curs 2013-2014).<\/li>\n<li>Presentaci\u00f3 de l\u2019alumnat d&#8217;alemany de\u00a0 4t d&#8217;ESO a les proves del Fit in Deutsch A1. +<a href=\"https:\/\/www.goethe.de\/ins\/es\/de\/sta\/mad\/prf\/gzfit1.cfm?\">info<\/a><\/li>\n<li>Itali\u00e0 a 4t d\u2019ESO (des del curs 2015-2016).<\/li>\n<li>Intercanvi amb alumnat de la ciutat de Vercelli (Piemont, It\u00e0lia).<\/li>\n<li>Programa d\u2019Ensenyament de Llengua \u00c0rab i Cultura Marroqu\u00ed (LACM) + <a href=\"http:\/\/agora.xtec.cat\/insdespuig\/alumnat\/extraescolars\/classes-darab\/\">info<\/a><\/li>\n<\/ul>\n<p>&nbsp;<\/p>\n<p>Per m\u00e9s informaci\u00f3 descarregueu-vos el <span style=\"text-decoration: underline;\"><a href=\"http:\/\/agora.xtec.cat\/insdespuig\/wp-content\/uploads\/usu921\/2015\/12\/FULL_INFORMATIU_LLENGUES_2015-16.pdf\" target=\"_blank\" rel=\"noopener noreferrer\">full informatiu<\/a>.<\/span><\/p>\n<p>&nbsp;<\/p>\n","protected":false},"excerpt":{"rendered":"<p>El Pla d&#8217;impuls de les lleng\u00fces estrangeres de l&#8217;institut contempla les seg\u00fcents actuacions:<\/p>\n<ul>\n<li>Auxiliar de conversa en franc\u00e8s o angl\u00e8s a ESO i Batxillerat. +<a href=\"http:\/\/xtec.gencat.cat\/ca\/projectes\/plurilinguisme\/programes\/institucionals\/auxiliars_conversa\/\">info<\/a><\/li>\n<li>Franc\u00e8s a partir de 1r d\u2019ESO.<\/li>\n<li>Batxibac (doble titulaci\u00f3 batxillerat-baccalaur\u00e9at). Som l&#8217;\u00fanic institut a Tortosa que ho ofereix. +<a href=\"http:\/\/xtec.gencat.cat\/ca\/curriculum\/batxillerat\/baccalaureat\/\">info<\/a><\/li>\n<li>Presentaci\u00f3 de l\u2019alumnat&hellip;  <a href=\"https:\/\/agora.xtec.cat\/insdespuig\/projectes-dinnovacio\/pla-dimpuls-de-les-llengues-estrangeres\/\" title=\"Read Pla d&#8217;impuls de les lleng\u00fces estrangeres\">Llegeix m\u00e9s\u00bb<\/a><br \/>\n","protected":false},"author":1,"featured_media":0,"parent":1126,"menu_order":3,"comment_status":"closed","ping_status":"closed","template":"page-templates\/side-menu.php","meta":{"_bbp_topic_count":0,"_bbp_reply_count":0,"_bbp_total_topic_count":0,"_bbp_total_reply_count":0,"_bbp_voice_count":0,"_bbp_anonymous_reply_count":0,"_bbp_topic_count_hidden":0,"_bbp_reply_count_hidden":0,"_bbp_forum_subforum_count":0,"footnotes":""},"class_list":["post-879","page","type-page","status-publish","hentry"],"post_mailing_queue_ids":[],"_links":{"self":[{"href":"https:\/\/agora.xtec.cat\/insdespuig\/wp-json\/wp\/v2\/pages\/879","targetHints":{"allow":["GET"]}}],"collection":[{"href":"https:\/\/agora.xtec.cat\/insdespuig\/wp-json\/wp\/v2\/pages"}],"about":[{"href":"https:\/\/agora.xtec.cat\/insdespuig\/wp-json\/wp\/v2\/types\/page"}],"author":[{"embeddable":true,"href":"https:\/\/agora.xtec.cat\/insdespuig\/wp-json\/wp\/v2\/users\/1"}],"replies":[{"embeddable":true,"href":"https:\/\/agora.xtec.cat\/insdespuig\/wp-json\/wp\/v2\/comments?post=879"}],"version-history":[{"count":4,"href":"https:\/\/agora.xtec.cat\/insdespuig\/wp-json\/wp\/v2\/pages\/879\/revisions"}],"predecessor-version":[{"id":16316,"href":"https:\/\/agora.xtec.cat\/insdespuig\/wp-json\/wp\/v2\/pages\/879\/revisions\/16316"}],"up":[{"embeddable":true,"href":"https:\/\/agora.xtec.cat\/insdespuig\/wp-json\/wp\/v2\/pages\/1126"}],"wp:attachment":[{"href":"https:\/\/agora.xtec.cat\/insdespuig\/wp-json\/wp\/v2\/media?parent=879"}],"curies":[{"name":"wp","href":"https:\/\/api.w.org\/{rel}","templated":true}]}}