{"id":835,"date":"2015-12-30T23:55:54","date_gmt":"2015-12-30T22:55:54","guid":{"rendered":"http:\/\/agora.xtec.cat\/insdespuig\/intraweb\/concursos\/"},"modified":"2021-06-16T13:14:21","modified_gmt":"2021-06-16T11:14:21","slug":"concursos","status":"publish","type":"page","link":"https:\/\/agora.xtec.cat\/insdespuig\/alumnat\/concursos\/","title":{"rendered":"Concursos"},"content":{"rendered":"<p><strong>CONCURSOS ORGANITZATS PEL CENTRE<\/strong><\/p>\n<p>L&#8217;Institut Crist\u00f2fol Despuig convoca anualment diferents concursos organitzats per iniciativa dels departaments o la biblioteca del centre:<\/p>\n<p><a href=\"http:\/\/calaixo-de-sastre.blogspot.com\/search\/label\/contes%20de%20terror\" target=\"_blank\" rel=\"noopener noreferrer\">Concurs de microrelats de terror<\/a><br \/>\nOrganitza: biblioteca de l&#8217;Institut Crist\u00f2fol Despuig.<\/p>\n<p><a href=\"http:\/\/calaixo-de-sastre.blogspot.com\/search\/label\/contes%20breus\" target=\"_blank\" rel=\"noopener noreferrer\">Concurs de contes breus<\/a><br \/>\nOrganitza: departaments de lleng\u00fces de l&#8217;Institut Crist\u00f2fol Despuig.<\/p>\n<p><a href=\"https:\/\/agora.xtec.cat\/insdespuig\/tag\/postals\/\">Concurs de postals de Nadal<\/a><br \/>\nOrganitza: departament d&#8217;Educaci\u00f3 visual i pl\u00e0stica de l&#8217;Institut Crist\u00f2fol Despuig.<\/p>\n<p><a href=\"https:\/\/agora.xtec.cat\/insdespuig\/actualitat\/premis-del-concursos-de-haikus-illustrats-i-de-contes-breus-i-poemes\/\">Concurs de haik\u00fas il\u00b7lustrats<\/a><br \/>\nOrganitza: biblioteca de l&#8217;Institut Crist\u00f2fol Despuig.<\/p>\n<p><a href=\"http:\/\/agora.xtec.cat\/insdespuig\/tag\/canta-la\/\" target=\"_blank\" rel=\"noopener noreferrer\">Concurs d&#8217;interpretaci\u00f3 de can\u00e7ons en catal\u00e0 Canta-la<\/a><br \/>\nOrganitza: departament de Catal\u00e0 de l&#8217;Institut Crist\u00f2fol Despuig.<\/p>\n<p><a href=\"http:\/\/fotoinstortosa.blogspot.com.es\/\" target=\"_blank\" rel=\"noopener noreferrer\">Fotofilosofia<\/a><br \/>\nOrganitza: departament de Ci\u00e8ncies socials de l&#8217;Institut Crist\u00f2fol Despuig.<\/p>\n<p><strong>ALTRES CONCURSOS EN QU\u00c8 PARTICIPA O HA PARTICIPAT L&#8217;ALUMNAT DEL CENTRE<\/strong><\/p>\n<p>A m\u00e9s a m\u00e9s, amb la col\u00b7laboraci\u00f3 dels departaments, l&#8217;alumnat tamb\u00e9 participa en concursos d&#8217;\u00e0mbit nacional:<\/p>\n<p>DEPT. DE CATAL\u00c0<\/p>\n<p><a href=\"http:\/\/www.lecturaenveualta.cat\/\" target=\"_blank\" rel=\"noopener noreferrer\">Certamen Nacional infantil i juvenil de Lectura en Veu Alta<\/a>, convocat per la Fundaci\u00f3 Enciclop\u00e8dia Catalana.<\/p>\n<p><a href=\"http:\/\/www.sambori.net\/\" target=\"_blank\" rel=\"noopener noreferrer\">Premi Sambori \u00d2mnium<\/a>, convocat per \u00d2mnium Cultural.<\/p>\n<p><a href=\"http:\/\/www.picalletres.net\/\" target=\"_blank\" rel=\"noopener noreferrer\">Picalletres<\/a>, organitzat per Produccions Audiovisuals Ant\u00e0rtida per a diferents televisions i r\u00e0dios amb la col\u00b7laboraci\u00f3 de la Xarxa de Comunicaci\u00f3 Local de Catalunya i el suport de l\u2019Institut d\u2019Estudis Catalans.<\/p>\n<p><a href=\"https:\/\/agora.xtec.cat\/insdespuig\/batxillerat\/treballs-presentats-al-xxvi-concurs-el-gust-per-la-lectura-2020-2021\/\">Concurs El gust per la lectura<\/a>, organitzat pel Departament d\u2019Ensenyament.<\/p>\n<p><a href=\"https:\/\/agora.xtec.cat\/insdespuig\/actualitat\/participem-en-el-concurs-jo-tinc-la-paraula\/\">Concurs Jo tinc la paraula<\/a>, organitzat pel Departament d\u2019Ensenyament.<\/p>\n<p>DEPT. DE CASTELL\u00c0<\/p>\n<p><a href=\"https:\/\/www.fundacioncocacola.com\/concursojovenestalentos\" target=\"_blank\" rel=\"noopener noreferrer\">Concurso Coca-Cola de j\u00f3venes talentos. Premio de relato corto<\/a>, convocat per The Coca-Cola Company.<\/p>\n<p>DEPT. DE CI\u00c8NCIES SOCIALS<\/p>\n<p><a href=\"http:\/\/associaciodonamlama.blogspot.com.es\/\" target=\"_blank\" rel=\"noopener noreferrer\">Premi &#8220;D\u00f3na&#8217;m la m\u00e0&#8221;<\/a>, convocat per l&#8217;Associaci\u00f3 Moss\u00e8n Ovidio Tob\u00edas.<\/p>\n<p><a href=\"https:\/\/agora.xtec.cat\/insdespuig\/actualitat\/guanyadors-de-la-segona-edicio-del-lasoc-at-school-open-cohesion\/\">ASOC (At School Open Cohesion)<\/a>, convocat pel Departament d&#8217;Ensenyament.<\/p>\n<p>DEPT. DE TECNOLOGIA<\/p>\n<p><a href=\"https:\/\/agora.xtec.cat\/insdespuig\/actualitat\/premiats-a-lifest-2019\/\">iFest<\/a>, organitzat per Catalunya Empr\u00e8n.<\/p>\n<p><a href=\"http:\/\/xtec.gencat.cat\/ca\/centres\/alscentres\/premis\/concursos_mschools\/mschools-student-awards\/\">mSchools Student Awards<\/a>, organitzat per Mobile World Capital Barcelona.<\/p>\n<p><a href=\"https:\/\/agora.xtec.cat\/insdespuig\/actualitat\/participacio-al-concurs-code-week-de-lalumnat-de-2n-deso\/\">Code Week<\/a>, amb la participaci\u00f3 de la Fundaci\u00f3 URV.<\/p>\n<p><a href=\"https:\/\/agora.xtec.cat\/insdespuig\/actualitat\/votans-al-concurs-premi-xarxes-retotech\/\">Premi Xarxes RetoTech<\/a>, convocat per Fundaci\u00f3n Endesa.<\/p>\n<p>DEPT. DE MATEM\u00c0TIQUES<\/p>\n<p><a href=\"http:\/\/www.cangur.org\/\" target=\"_blank\" rel=\"noopener noreferrer\">Prova Cangur<\/a>, organitzada per la Societat Catalana de Matem\u00e0tiques.<\/p>\n<p>ESCOLA VERDA<\/p>\n<p>Concurs de creaci\u00f3 de clipmetratges \u201cSalvem el planeta! Actuem ara, dem\u00e0 pot ser tard!\u201d, del <a href=\"https:\/\/agora.xtec.cat\/insdespuig\/actualitat\/videos-del-concurs-de-creacio-de-clipmetratges-salvem-el-planeta\/\">XII Premi Federico Mayor Zaragoza<\/a>, que organitza UNESCO Tortosa.<\/p>\n<p><strong>PREMIS A L&#8217;ALUMNAT DE BATXILLERAT<\/strong><\/p>\n<p>L&#8217;alumnat de 2n de batxillerat tamb\u00e9 presenta cada any els millors treballs de recerca als concursos que convoquen les institucions del territori. El nostre alumnat ha estat premiat en aquestes convocat\u00f2ries:<\/p>\n<p>Maria Subirats, millor treball de recerca d\u2019Humanitats als <a href=\"https:\/\/agora.xtec.cat\/insdespuig\/actualitat\/maria-subirats-el-millor-treball-de-recerca-dhumanitats-als-premis-ramon-llull\/\">Premis Ramon Llull\u00a0<\/a> i <a href=\"https:\/\/agora.xtec.cat\/insdespuig\/actualitat\/maria-subirats-el-millor-treball-de-recerca-dhumanitats-als-premis-ramon-llull\/\">XIX Premis Ramon Calvo d\u2019investigaci\u00f3 i recerca <\/a>que organitza l\u2019Institut de Deltebre<\/p>\n<p>M\u00edriam Cardona, acc\u00e8ssit del <a href=\"https:\/\/agora.xtec.cat\/insdespuig\/actualitat\/treball-de-recerca-premiat-en-les-jornades-mediques-i-de-la-salut-de-les-terres-de-lebre\/\">Premi al millor treball de recerca de batxillerat i de cicles formatius de grau superior en l\u2019\u00e0mbit sanitari Terres de l\u2019Ebre<\/a>.<\/p>\n<p>Marina Colom\u00e9, premi human\u00edstic Federico Pastor, un dels <a href=\"https:\/\/agora.xtec.cat\/insdespuig\/actualitat\/lalumna-marina-colome-guardonada-amb-un-dels-premis-comarcals-de-recerca-del-baix-ebre-2018\/\">Premis Comarcals de Recerca del Baix Ebre<\/a> que atorga el Consell Comarcal del Baix Ebre.<\/p>\n<p>Xavier Llu\u00eds Chavarria, ex aequo el primer premi del <a href=\"https:\/\/agora.xtec.cat\/insdespuig\/cultura-classica\/primer-premi-del-iv-concurs-de-treballs-de-recerca-en-lambit-literari-i-de-lexili-2\/\">IV Concurs de Treballs de recerca en l\u2019\u00e0mbit literari i de l\u2019exili<\/a>.<\/p>\n<p><strong>PREMIS DE l&#8217;AMPA<\/strong><\/p>\n<p>A m\u00e9s a m\u00e9s, l&#8217;AMPA de l&#8217;institut cada any dona premis i reconeixements a l&#8217;alumnat del centre durant la festa de final de curs: a les millors traject\u00f2ries del curs, als millors treballs de recerca i als millors usuaris i dinamitzadors de la biblioteca.<\/p>\n<p>Per m\u00e9s informaci\u00f3, consulteu\u00a0les not\u00edcies dels <span style=\"text-decoration: underline;\"><a href=\"http:\/\/agora.xtec.cat\/insdespuig\/tag\/concursos\/\" target=\"_blank\" rel=\"noopener noreferrer\">concursos<\/a><\/span> i dels <span style=\"text-decoration: underline;\"><a href=\"http:\/\/agora.xtec.cat\/insdespuig\/tag\/premis\/\" target=\"_blank\" rel=\"noopener noreferrer\">treballs premiats<\/a><\/span>\u00a0publicades al web de l&#8217;institut.<\/p>\n<p>&nbsp;<\/p>\n","protected":false},"excerpt":{"rendered":"<p>CONCURSOS ORGANITZATS PEL CENTRE<br \/>\nL&#8217;Institut Crist\u00f2fol Despuig convoca anualment diferents concursos organitzats per iniciativa dels departaments o la biblioteca del centre:<br \/>\n<a href=\"http:\/\/calaixo-de-sastre.blogspot.com\/search\/label\/contes%20de%20terror\" target=\"_blank\" rel=\"noopener noreferrer\">Concurs de microrelats de terror<\/a><br \/>\nOrganitza: biblioteca de l&#8217;Institut Crist\u00f2fol Despuig.<br \/>\n<a href=\"http:\/\/calaixo-de-sastre.blogspot.com\/search\/label\/contes%20breus\" target=\"_blank\" rel=\"noopener noreferrer\">Concurs de contes breus<\/a><br \/>\nOrganitza: departaments de lleng\u00fces de l&#8217;Institut&hellip;  <a href=\"https:\/\/agora.xtec.cat\/insdespuig\/alumnat\/concursos\/\" title=\"Read Concursos\">Llegeix m\u00e9s\u00bb<\/a><\/p>\n","protected":false},"author":1,"featured_media":0,"parent":973,"menu_order":5,"comment_status":"closed","ping_status":"closed","template":"page-templates\/side-menu.php","meta":{"_bbp_topic_count":0,"_bbp_reply_count":0,"_bbp_total_topic_count":0,"_bbp_total_reply_count":0,"_bbp_voice_count":0,"_bbp_anonymous_reply_count":0,"_bbp_topic_count_hidden":0,"_bbp_reply_count_hidden":0,"_bbp_forum_subforum_count":0,"footnotes":""},"class_list":["post-835","page","type-page","status-publish","hentry"],"post_mailing_queue_ids":[],"_links":{"self":[{"href":"https:\/\/agora.xtec.cat\/insdespuig\/wp-json\/wp\/v2\/pages\/835","targetHints":{"allow":["GET"]}}],"collection":[{"href":"https:\/\/agora.xtec.cat\/insdespuig\/wp-json\/wp\/v2\/pages"}],"about":[{"href":"https:\/\/agora.xtec.cat\/insdespuig\/wp-json\/wp\/v2\/types\/page"}],"author":[{"embeddable":true,"href":"https:\/\/agora.xtec.cat\/insdespuig\/wp-json\/wp\/v2\/users\/1"}],"replies":[{"embeddable":true,"href":"https:\/\/agora.xtec.cat\/insdespuig\/wp-json\/wp\/v2\/comments?post=835"}],"version-history":[{"count":3,"href":"https:\/\/agora.xtec.cat\/insdespuig\/wp-json\/wp\/v2\/pages\/835\/revisions"}],"predecessor-version":[{"id":18057,"href":"https:\/\/agora.xtec.cat\/insdespuig\/wp-json\/wp\/v2\/pages\/835\/revisions\/18057"}],"up":[{"embeddable":true,"href":"https:\/\/agora.xtec.cat\/insdespuig\/wp-json\/wp\/v2\/pages\/973"}],"wp:attachment":[{"href":"https:\/\/agora.xtec.cat\/insdespuig\/wp-json\/wp\/v2\/media?parent=835"}],"curies":[{"name":"wp","href":"https:\/\/api.w.org\/{rel}","templated":true}]}}