{"id":831,"date":"2015-12-30T23:55:54","date_gmt":"2015-12-30T22:55:54","guid":{"rendered":"http:\/\/agora.xtec.cat\/insdespuig\/intraweb\/incidencies\/"},"modified":"2025-09-17T17:17:42","modified_gmt":"2025-09-17T15:17:42","slug":"incidencies","status":"publish","type":"page","link":"https:\/\/agora.xtec.cat\/insdespuig\/linstitut\/equipaments\/incidencies\/","title":{"rendered":"Incid\u00e8ncies i Peticions"},"content":{"rendered":"<h1><strong>ALUMNES<\/strong><\/h1>\n<p><strong><span style=\"color: #ff0000;\">DUPLICAT -P\u00c8RDUA DE CONTRASENYA- BLOQUEIG PORT\u00c0TIL<\/span><br \/>\n<\/strong><\/p>\n<p>Si heu oblidat el codi d&#8217;acc\u00e9s als serveis o blocat l&#8217;ordinador del centre podeu <a href=\"https:\/\/docs.google.com\/forms\/d\/e\/1FAIpQLSe5jaNqnVxCGP6h82ise6W2fv8T6_IGhIIBQIokZMLbUSUcGA\/viewform\">demanar aqu\u00ed un duplicat.<\/a><\/p>\n<p><span style=\"color: #ff0000;\"><strong>AVARIES PORT\u00c0TILS ALUMNES\u00a0<\/strong><\/span><\/p>\n<p><span style=\"color: #000000;\"><strong>AQUEST FORMULARI ES SOLS PER AVARIA DE L&#8217;ORDINADOR<\/strong><\/span><\/p>\n<p>Empleneu el seg\u00fcent<a href=\"https:\/\/docs.google.com\/forms\/d\/e\/1FAIpQLScL3rh8mTaEHXA_ry0It3GNIa5_D-FF9-z8fz8RQUpHEwpZKg\/viewform\"> formulari<\/a> en cas de algun problema amb el port\u00e0til del centre que teniu en pr\u00e8stec.<\/p>\n<h1><strong>PROFESSORS<\/strong><\/h1>\n<p><strong>PETICI\u00d3 C\u00d2PIES IMPRESSORA<\/strong><\/p>\n<p>Empleneu el <a href=\"https:\/\/docs.google.com\/forms\/d\/e\/1FAIpQLSf_aZ_YxjThBUa9PiNgpmio8WawHpBGq9y91y9O9iu4ItZMKg\/viewform\">formulari<\/a> per ampliar el saldo de les c\u00f2pies a la impressora KONICA.<\/p>\n<p><strong>MANTENIMENT INFORM\u00c0TIC<br \/>\n<\/strong><br \/>\nPer fer arribar un av\u00eds d&#8217;una incid\u00e8ncia de l&#8217;equipament inform\u00e0tic<br \/>\nompliu aquest <a href=\"https:\/\/docs.google.com\/a\/insdespuig.cat\/spreadsheet\/viewform?formkey=dG81WnJMNW5ROGRoMEppdU1hZnN2NkE6MQ\">formulari<\/a>.<\/p>\n<p>*Aquest av\u00eds ser\u00e0 at\u00e8s pel tutor t\u00e8cnic d&#8217;inform\u00e0tica.<\/p>\n<p><strong> MANTENIMENT DE LES INSTAL\u00b7LACIONS<br \/>\n<\/strong><br \/>\nPer fer arribar un av\u00eds d&#8217;una avaria o desperfecte de les instal\u00b7lacions o el mobliari<br \/>\nompliu aquest <a href=\"https:\/\/goo.gl\/forms\/r13I6IHzESXvI6Bv2\">formulari<\/a>.<\/p>\n<p>*Aquest av\u00eds ser\u00e0 at\u00e8s pel personal de consergeria.<\/p>\n<p><strong>PETICI\u00d3 CURS MOODLE i CLASSROOM<\/strong><\/p>\n<p>Ompliu aquest <a href=\"https:\/\/docs.google.com\/a\/insdespuig.cat\/forms\/d\/1__HBVtzV5JStouvnUg0pikb1pORf_M7H8c6g2rpny6A\/viewform\">formulari<\/a> per demanar un curs de Moodle.<\/p>\n<p>*Aquest av\u00eds ser\u00e0 at\u00e8s pel tutor t\u00e8cnic d&#8217;inform\u00e0tica.<\/p>\n<p><strong>PETICI\u00d3\u00a0AULES INFORM\u00c0TICA<\/strong><\/p>\n<p>Ompliu aquest <a href=\"https:\/\/docs.google.com\/a\/insdespuig.cat\/forms\/d\/e\/1FAIpQLSevsAc72TZpgFWnmtpabOeTOjYBpHvXkNTQJGU_8RpQxlyF5w\/viewform\">formulari<\/a> per demanar l&#8217;\u00fas de les aules d&#8217;inform\u00e0tica del centre.<\/p>\n<p>*Aquest av\u00eds ser\u00e0 at\u00e8s pel tutor t\u00e8cnic d&#8217;inform\u00e0tica.<\/p>\n<p><strong>PETICI\u00d3 MATERIAL AUDIOVISUAL<\/strong><\/p>\n<p>Ompliu aquest <a href=\"https:\/\/docs.google.com\/forms\/d\/e\/1FAIpQLSe9zs4a7CYccPBI0iqqRzUbzPx2-6LFDr5qFe3u3LgJfCZDhw\/viewform\">formulari<\/a> per demanar l&#8217;\u00fas de ldel centre.<\/p>\n<p>&nbsp;<\/p>\n","protected":false},"excerpt":{"rendered":"<p>ALUMNES<br \/>\nDUPLICAT -P\u00c8RDUA DE CONTRASENYA- BLOQUEIG PORT\u00c0TIL<\/p>\n<p>Si heu oblidat el codi d&#8217;acc\u00e9s als serveis o blocat l&#8217;ordinador del centre podeu <a href=\"https:\/\/docs.google.com\/forms\/d\/e\/1FAIpQLSe5jaNqnVxCGP6h82ise6W2fv8T6_IGhIIBQIokZMLbUSUcGA\/viewform\">demanar aqu\u00ed un duplicat.<\/a><br \/>\nAVARIES PORT\u00c0TILS ALUMNES\u00a0<br \/>\nAQUEST FORMULARI ES SOLS PER AVARIA DE L&#8217;ORDINADOR<br \/>\nEmpleneu el seg\u00fcent<a href=\"https:\/\/docs.google.com\/forms\/d\/e\/1FAIpQLScL3rh8mTaEHXA_ry0It3GNIa5_D-FF9-z8fz8RQUpHEwpZKg\/viewform\"> formulari<\/a> en cas de algun problema amb el port\u00e0til&hellip;  <a href=\"https:\/\/agora.xtec.cat\/insdespuig\/linstitut\/equipaments\/incidencies\/\" title=\"Read Incid\u00e8ncies i Peticions\">Llegeix m\u00e9s\u00bb<\/a><\/p>\n","protected":false},"author":1,"featured_media":0,"parent":756,"menu_order":0,"comment_status":"open","ping_status":"closed","template":"page-templates\/side-menu.php","meta":{"_bbp_topic_count":0,"_bbp_reply_count":0,"_bbp_total_topic_count":0,"_bbp_total_reply_count":0,"_bbp_voice_count":0,"_bbp_anonymous_reply_count":0,"_bbp_topic_count_hidden":0,"_bbp_reply_count_hidden":0,"_bbp_forum_subforum_count":0,"footnotes":""},"class_list":["post-831","page","type-page","status-publish","hentry"],"post_mailing_queue_ids":[],"_links":{"self":[{"href":"https:\/\/agora.xtec.cat\/insdespuig\/wp-json\/wp\/v2\/pages\/831","targetHints":{"allow":["GET"]}}],"collection":[{"href":"https:\/\/agora.xtec.cat\/insdespuig\/wp-json\/wp\/v2\/pages"}],"about":[{"href":"https:\/\/agora.xtec.cat\/insdespuig\/wp-json\/wp\/v2\/types\/page"}],"author":[{"embeddable":true,"href":"https:\/\/agora.xtec.cat\/insdespuig\/wp-json\/wp\/v2\/users\/1"}],"replies":[{"embeddable":true,"href":"https:\/\/agora.xtec.cat\/insdespuig\/wp-json\/wp\/v2\/comments?post=831"}],"version-history":[{"count":6,"href":"https:\/\/agora.xtec.cat\/insdespuig\/wp-json\/wp\/v2\/pages\/831\/revisions"}],"predecessor-version":[{"id":25056,"href":"https:\/\/agora.xtec.cat\/insdespuig\/wp-json\/wp\/v2\/pages\/831\/revisions\/25056"}],"up":[{"embeddable":true,"href":"https:\/\/agora.xtec.cat\/insdespuig\/wp-json\/wp\/v2\/pages\/756"}],"wp:attachment":[{"href":"https:\/\/agora.xtec.cat\/insdespuig\/wp-json\/wp\/v2\/media?parent=831"}],"curies":[{"name":"wp","href":"https:\/\/api.w.org\/{rel}","templated":true}]}}