{"id":830,"date":"2015-12-30T23:55:54","date_gmt":"2015-12-30T22:55:54","guid":{"rendered":"http:\/\/agora.xtec.cat\/insdespuig\/intraweb\/matricula-eso\/"},"modified":"2026-02-20T12:06:02","modified_gmt":"2026-02-20T11:06:02","slug":"matricula-eso","status":"publish","type":"page","link":"https:\/\/agora.xtec.cat\/insdespuig\/secretaria\/matricula-eso\/","title":{"rendered":"Matr\u00edcula ESO"},"content":{"rendered":"<p><strong>Matr\u00edcula ESO curs 2026-2027<\/strong><br \/>\n<strong>Del 22\u00a0 al 30 de juny\u00a0 de 2026<\/strong><\/p>\n<p>Consulteu el seg\u00fcent <strong>document<\/strong><span style=\"font-family: inherit; font-size: 1em;\"> on indica la documentaci\u00f3 que haureu de portar per a fer la matr\u00edcula.<\/span><\/p>\n<ul>\n<li>Llistat d&#8217;admesos ESO al centre.<\/li>\n<li>Llistat d&#8217;exclosos i en llista d&#8217;espera.<\/li>\n<\/ul>\n","protected":false},"excerpt":{"rendered":"<p>Matr\u00edcula ESO curs 2026-2027<br \/>\nDel 22\u00a0 al 30 de juny\u00a0 de 2026<br \/>\nConsulteu el seg\u00fcent document on indica la documentaci\u00f3 que haureu de portar per a fer la matr\u00edcula.<\/p>\n<ul>\n<li>Llistat d&#8217;admesos ESO al centre.<\/li>\n<li>Llistat d&#8217;exclosos i en llista d&#8217;espera.<\/li>\n<\/ul>\n","protected":false},"author":1,"featured_media":0,"parent":81,"menu_order":4,"comment_status":"closed","ping_status":"closed","template":"page-templates\/side-menu.php","meta":{"_bbp_topic_count":0,"_bbp_reply_count":0,"_bbp_total_topic_count":0,"_bbp_total_reply_count":0,"_bbp_voice_count":0,"_bbp_anonymous_reply_count":0,"_bbp_topic_count_hidden":0,"_bbp_reply_count_hidden":0,"_bbp_forum_subforum_count":0,"footnotes":""},"class_list":["post-830","page","type-page","status-publish","hentry"],"post_mailing_queue_ids":[],"_links":{"self":[{"href":"https:\/\/agora.xtec.cat\/insdespuig\/wp-json\/wp\/v2\/pages\/830","targetHints":{"allow":["GET"]}}],"collection":[{"href":"https:\/\/agora.xtec.cat\/insdespuig\/wp-json\/wp\/v2\/pages"}],"about":[{"href":"https:\/\/agora.xtec.cat\/insdespuig\/wp-json\/wp\/v2\/types\/page"}],"author":[{"embeddable":true,"href":"https:\/\/agora.xtec.cat\/insdespuig\/wp-json\/wp\/v2\/users\/1"}],"replies":[{"embeddable":true,"href":"https:\/\/agora.xtec.cat\/insdespuig\/wp-json\/wp\/v2\/comments?post=830"}],"version-history":[{"count":7,"href":"https:\/\/agora.xtec.cat\/insdespuig\/wp-json\/wp\/v2\/pages\/830\/revisions"}],"predecessor-version":[{"id":25555,"href":"https:\/\/agora.xtec.cat\/insdespuig\/wp-json\/wp\/v2\/pages\/830\/revisions\/25555"}],"up":[{"embeddable":true,"href":"https:\/\/agora.xtec.cat\/insdespuig\/wp-json\/wp\/v2\/pages\/81"}],"wp:attachment":[{"href":"https:\/\/agora.xtec.cat\/insdespuig\/wp-json\/wp\/v2\/media?parent=830"}],"curies":[{"name":"wp","href":"https:\/\/api.w.org\/{rel}","templated":true}]}}