{"id":814,"date":"2015-12-30T23:55:49","date_gmt":"2015-12-30T22:55:49","guid":{"rendered":"http:\/\/agora.xtec.cat\/insdespuig\/intraweb\/beques-i-ajuts\/"},"modified":"2026-03-27T09:58:27","modified_gmt":"2026-03-27T08:58:27","slug":"beques-i-ajuts","status":"publish","type":"page","link":"https:\/\/agora.xtec.cat\/insdespuig\/secretaria\/beques-i-ajuts\/","title":{"rendered":"Beques i ajuts"},"content":{"rendered":"<ul>\n<li><strong>Curs 2026-2027<\/strong><\/li>\n<\/ul>\n<p><strong>Ajuts <\/strong>de car\u00e0cter general per a l&#8217;<span style=\"color: #99cc00;\"><strong>alumnat que vol cursar ensenyaments post-obligatoris<\/strong>.<\/span> Ministeri d&#8217;Educaci\u00f3<strong> (<\/strong>curs 2026-2027). El termini de presentaci\u00f3 comen\u00e7a <b><u>el 7 d&#8217;abril de 2026 a les 08.00h i finalitzar\u00e0 el proper 18 de maig de 2026 a les 15.00h<\/u><\/b>., ambd\u00f3s inclosos. Si voleu m\u00e9s informaci\u00f3, <a href=\"https:\/\/educacio.gencat.cat\/ca\/serveis-tramits\/beques\/beques-postobligatoris\/\" target=\"_blank\" rel=\"noopener\">vegeu les instruccions<\/a>. Si voleu anar directament a l&#8217;enlla\u00e7 per demanar l&#8217;ajut, cliqueu en <a href=\"https:\/\/sede.educacion.gob.es\/sede\/login\/inicio.jjsp?idConvocatoria=2256\">aquest enlla\u00e7<\/a>.<\/p>\n<p><strong>Ajuts del consell comarcal per al despla\u00e7ament <\/strong>(curs 2025-2026). <a href=\"https:\/\/www.baixebre.cat\/arees-dactuacio\/ensenyament-cultura-joventut-i-esports\/ensenyament\/sollicituds-servei-de-transport-e\" target=\"_blank\" rel=\"noopener\">Vegeu les instruccions<\/a>.<br \/>\nFins al 31 de juliol de 2026<\/p>\n<p><strong>Ajuts\u00a0per a l&#8217;alumnat amb necessitat espec\u00edfica de suport educatiu<\/strong> (curs 2026-2027): <a href=\"https:\/\/educacio.gencat.cat\/ca\/tramits\/tramits-temes\/ajuts-nee\" target=\"_blank\" rel=\"noopener\">Vegeu les instruccions.<\/a>\u00a0 <span style=\"color: #ff0000;\"><strong>Properament s&#8217;actualitzar\u00e0.<\/strong><\/span><\/p>\n<ul>\n<li><em><strong>M\u00e9s informaci\u00f3:<\/strong><\/em><\/li>\n<\/ul>\n<p><a href=\"http:\/\/www.baixebre.cat\/arees-dactuacio\/foment-de-la-cohesio-social\/ensenyament-0\" target=\"_blank\" rel=\"noopener noreferrer\">Ajuts<\/a> (Consell Comarcal del Baix Ebre)<\/p>\n<p><a href=\"http:\/\/ensenyament.gencat.cat\/ca\/serveis-tramits\/beques\/\" target=\"_blank\" rel=\"noopener noreferrer\">Beques<\/a>\u00a0(Departament d&#8217;Ensenyament)<\/p>\n<p><a href=\"http:\/\/www.educacionyfp.gob.es\/servicios-al-ciudadano\/catalogo\/estudiantes\/becas-ayudas\/para-estudiar.html\" target=\"_blank\" rel=\"noopener noreferrer\">Becas, ayudas y subvenciones para estudiar<\/a> (Ministeri d&#8217;Educaci\u00f3)<\/p>\n<p>&nbsp;<\/p>\n<p>&nbsp;<\/p>\n","protected":false},"excerpt":{"rendered":"<ul>\n<li>Curs 2026-2027<\/li>\n<\/ul>\n<p>Ajuts de car\u00e0cter general per a l&#8217;alumnat que vol cursar ensenyaments post-obligatoris. Ministeri d&#8217;Educaci\u00f3 (curs 2026-2027). El termini de presentaci\u00f3 comen\u00e7a el 7 d&#8217;abril de 2026 a les 08.00h i finalitzar\u00e0 el proper 18 de maig de 2026 a les 15.00h., ambd\u00f3s inclosos. Si&hellip;  <a href=\"https:\/\/agora.xtec.cat\/insdespuig\/secretaria\/beques-i-ajuts\/\" title=\"Read Beques i ajuts\">Llegeix m\u00e9s\u00bb<\/a><\/p>\n","protected":false},"author":1,"featured_media":0,"parent":81,"menu_order":6,"comment_status":"closed","ping_status":"closed","template":"page-templates\/side-menu.php","meta":{"_bbp_topic_count":0,"_bbp_reply_count":0,"_bbp_total_topic_count":0,"_bbp_total_reply_count":0,"_bbp_voice_count":0,"_bbp_anonymous_reply_count":0,"_bbp_topic_count_hidden":0,"_bbp_reply_count_hidden":0,"_bbp_forum_subforum_count":0,"footnotes":""},"class_list":["post-814","page","type-page","status-publish","hentry"],"post_mailing_queue_ids":[],"_links":{"self":[{"href":"https:\/\/agora.xtec.cat\/insdespuig\/wp-json\/wp\/v2\/pages\/814","targetHints":{"allow":["GET"]}}],"collection":[{"href":"https:\/\/agora.xtec.cat\/insdespuig\/wp-json\/wp\/v2\/pages"}],"about":[{"href":"https:\/\/agora.xtec.cat\/insdespuig\/wp-json\/wp\/v2\/types\/page"}],"author":[{"embeddable":true,"href":"https:\/\/agora.xtec.cat\/insdespuig\/wp-json\/wp\/v2\/users\/1"}],"replies":[{"embeddable":true,"href":"https:\/\/agora.xtec.cat\/insdespuig\/wp-json\/wp\/v2\/comments?post=814"}],"version-history":[{"count":7,"href":"https:\/\/agora.xtec.cat\/insdespuig\/wp-json\/wp\/v2\/pages\/814\/revisions"}],"predecessor-version":[{"id":25771,"href":"https:\/\/agora.xtec.cat\/insdespuig\/wp-json\/wp\/v2\/pages\/814\/revisions\/25771"}],"up":[{"embeddable":true,"href":"https:\/\/agora.xtec.cat\/insdespuig\/wp-json\/wp\/v2\/pages\/81"}],"wp:attachment":[{"href":"https:\/\/agora.xtec.cat\/insdespuig\/wp-json\/wp\/v2\/media?parent=814"}],"curies":[{"name":"wp","href":"https:\/\/api.w.org\/{rel}","templated":true}]}}