{"id":758,"date":"2015-12-30T23:55:40","date_gmt":"2015-12-30T22:55:40","guid":{"rendered":"http:\/\/agora.xtec.cat\/insdespuig\/intraweb\/eso\/"},"modified":"2025-02-12T18:26:51","modified_gmt":"2025-02-12T17:26:51","slug":"eso","status":"publish","type":"page","link":"https:\/\/agora.xtec.cat\/insdespuig\/estudis\/eso\/","title":{"rendered":"ESO"},"content":{"rendered":"<p>Els estudis d&#8217;ESO s&#8217;inicien una cop superats els estudis primaris i tenen una durada de quatre cursos acad\u00e8mics.<\/p>\n<p>Consulta els <a href=\"https:\/\/agora.xtec.cat\/insdespuig\/wp-content\/uploads\/usu921\/2025\/02\/dossier-informatiu-ESO-2025-26.pdf\">estudis d&#8217;ESO del curs 2025-2026<\/a><\/p>\n<p><strong> Horari<\/strong><\/p>\n<p>de dilluns a divendres de\u00a08.00 a 14.30 h<\/p>\n<p>A \u00faltima hora del mat\u00ed, l&#8217;alumnat deixar\u00e0 la cadira a sobre de la seua taula per facilitar la neteja de les aules i es deixaran les cortines abaixades.<\/p>\n<p><strong>M\u00e9s informaci\u00f3<\/strong>: <a href=\"http:\/\/www.xtec.cat\/web\/curriculum\/eso\" target=\"_blank\" rel=\"noopener noreferrer\">XTEC Curr\u00edculum i orientaci\u00f3 ESO<\/a>.<\/p>\n<p>&nbsp;<\/p>\n","protected":false},"excerpt":{"rendered":"<p>Els estudis d&#8217;ESO s&#8217;inicien una cop superats els estudis primaris i tenen una durada de quatre cursos acad\u00e8mics.<br \/>\nConsulta els <a href=\"https:\/\/agora.xtec.cat\/insdespuig\/wp-content\/uploads\/usu921\/2025\/02\/dossier-informatiu-ESO-2025-26.pdf\">estudis d&#8217;ESO del curs 2025-2026<\/a><br \/>\n Horari<br \/>\nde dilluns a divendres de\u00a08.00 a 14.30 h<br \/>\nA \u00faltima hora del mat\u00ed, l&#8217;alumnat deixar\u00e0 la cadira a sobre de la&hellip;  <a href=\"https:\/\/agora.xtec.cat\/insdespuig\/estudis\/eso\/\" title=\"Read ESO\">Llegeix m\u00e9s\u00bb<\/a><\/p>\n","protected":false},"author":1,"featured_media":0,"parent":195,"menu_order":1,"comment_status":"open","ping_status":"closed","template":"page-templates\/side-menu.php","meta":{"_bbp_topic_count":0,"_bbp_reply_count":0,"_bbp_total_topic_count":0,"_bbp_total_reply_count":0,"_bbp_voice_count":0,"_bbp_anonymous_reply_count":0,"_bbp_topic_count_hidden":0,"_bbp_reply_count_hidden":0,"_bbp_forum_subforum_count":0,"footnotes":""},"class_list":["post-758","page","type-page","status-publish","hentry"],"post_mailing_queue_ids":[],"_links":{"self":[{"href":"https:\/\/agora.xtec.cat\/insdespuig\/wp-json\/wp\/v2\/pages\/758","targetHints":{"allow":["GET"]}}],"collection":[{"href":"https:\/\/agora.xtec.cat\/insdespuig\/wp-json\/wp\/v2\/pages"}],"about":[{"href":"https:\/\/agora.xtec.cat\/insdespuig\/wp-json\/wp\/v2\/types\/page"}],"author":[{"embeddable":true,"href":"https:\/\/agora.xtec.cat\/insdespuig\/wp-json\/wp\/v2\/users\/1"}],"replies":[{"embeddable":true,"href":"https:\/\/agora.xtec.cat\/insdespuig\/wp-json\/wp\/v2\/comments?post=758"}],"version-history":[{"count":6,"href":"https:\/\/agora.xtec.cat\/insdespuig\/wp-json\/wp\/v2\/pages\/758\/revisions"}],"predecessor-version":[{"id":24457,"href":"https:\/\/agora.xtec.cat\/insdespuig\/wp-json\/wp\/v2\/pages\/758\/revisions\/24457"}],"up":[{"embeddable":true,"href":"https:\/\/agora.xtec.cat\/insdespuig\/wp-json\/wp\/v2\/pages\/195"}],"wp:attachment":[{"href":"https:\/\/agora.xtec.cat\/insdespuig\/wp-json\/wp\/v2\/media?parent=758"}],"curies":[{"name":"wp","href":"https:\/\/api.w.org\/{rel}","templated":true}]}}